CRAN Package Check Results for Package R2SWF

Last updated on 2018-04-24 17:49:25 CEST.

Flavor Version Tinstall Tcheck Ttotal Status Flags
r-devel-linux-x86_64-debian-clang 0.9-2 23.59 23.60 47.19 OK
r-devel-linux-x86_64-debian-gcc 0.9-2 16.61 18.86 35.47 OK
r-devel-linux-x86_64-fedora-clang 0.9-2 57.30 OK
r-devel-linux-x86_64-fedora-gcc 0.9-2 49.49 OK
r-devel-windows-ix86+x86_64 0.9-2 115.00 52.00 167.00 OK
r-patched-linux-x86_64 0.9-2 19.55 22.99 42.54 OK
r-patched-solaris-x86 0.9-2 80.70 OK
r-release-linux-x86_64 0.9-2 20.19 22.99 43.18 OK
r-release-windows-ix86+x86_64 0.9-2 115.00 52.00 167.00 OK
r-release-osx-x86_64 0.9-2 NOTE
r-oldrel-windows-ix86+x86_64 0.9-2 95.00 62.00 157.00 OK
r-oldrel-osx-x86_64 0.9-2 OK

Check Details

Version: 0.9-2
Check: package dependencies
Result: NOTE
    Package suggested but not available for checking: ‘Cairo’
Flavor: r-release-osx-x86_64

Version: 0.9-2
Check: Rd cross-references
Result: NOTE
    Package unavailable to check Rd xrefs: ‘Cairo’
Flavor: r-release-osx-x86_64