CRAN Package Check Results for Package R2SWF

Last updated on 2015-04-26 19:47:27.

Flavor Version Tinstall Tcheck Ttotal Status Flags
r-devel-linux-x86_64-debian-clang 0.9 10.70 13.80 24.51 OK
r-devel-linux-x86_64-debian-gcc 0.9 12.84 12.96 25.79 OK
r-devel-linux-x86_64-fedora-clang 0.9 45.56 OK
r-devel-linux-x86_64-fedora-gcc 0.9 43.98 OK
r-devel-osx-x86_64-clang 0.9 39.25 OK
r-devel-windows-ix86+x86_64 0.9 62.00 39.00 101.00 OK
r-patched-linux-x86_64 0.9 13.08 12.82 25.90 OK
r-patched-solaris-sparc 0.9 289.50 OK
r-patched-solaris-x86 0.9 63.90 OK
r-release-linux-x86_64 0.9 12.77 12.85 25.62 OK
r-release-osx-x86_64-mavericks 0.9 NOTE
r-release-osx-x86_64-snowleopard 0.9 ERROR
r-release-windows-ix86+x86_64 0.9 73.00 34.00 107.00 OK
r-oldrel-windows-ix86+x86_64 0.9 44.00 47.00 91.00 OK

Check Details

Version: 0.9
Check: package dependencies
Result: NOTE
    Package suggested but not available for checking: ‘Cairo’
Flavor: r-release-osx-x86_64-mavericks

Version: 0.9
Check: Rd cross-references
Result: NOTE
    Package unavailable to check Rd xrefs: ‘Cairo’
Flavor: r-release-osx-x86_64-mavericks

Version: 0.9
Check: package dependencies
Result: NOTE
    Package suggested but not available for checking: ‘XML’
Flavor: r-release-osx-x86_64-snowleopard

Version: 0.9
Check: examples
Result: ERROR
    Running examples in ‘R2SWF-Ex.R’ failed
    The error most likely occurred in:
    
    > ### Name: dev2swf
    > ### Title: Convert R graphics to SWF using different graphics devices
    > ### Aliases: dev2swf
    >
    > ### ** Examples
    >
    > olddir = setwd(tempdir())
    > output1 = dev2swf({
    + for(i in 1:10) plot(runif(20), ylim = c(0, 1))
    + }, dev='png', file.ext='png', output='movie-png.swf')
    SWF file created at movie-png.swf
    > swf2html(output1)
    output at /private/tmp/RtmpXhcAMz/movie-png.html
    >
    > if(capabilities("cairo")) {
    + output2 = dev2swf({
    + for(i in 1:10) plot(runif(20), ylim = c(0, 1))
    + }, dev='svg', file.ext='svg', output='movie-svg.swf')
    + }
    Error in loadNamespace(name) : there is no package called ‘XML’
    Calls: dev2swf ... tryCatch -> tryCatchList -> tryCatchOne -> <Anonymous>
    Execution halted
Flavor: r-release-osx-x86_64-snowleopard