CRAN Package Check Results for Package R2SWF

Last updated on 2017-02-24 19:48:29.

Flavor Version Tinstall Tcheck Ttotal Status Flags
r-devel-linux-x86_64-debian-clang 0.9-1 15.56 16.04 31.60 NOTE
r-devel-linux-x86_64-debian-gcc 0.9-1 14.83 15.82 30.65 NOTE
r-devel-linux-x86_64-fedora-clang 0.9-1 50.70 NOTE --no-stop-on-test-error
r-devel-linux-x86_64-fedora-gcc 0.9-1 49.36 NOTE --no-stop-on-test-error
r-devel-macos-x86_64-clang 0.9-1 41.22 NOTE --no-stop-on-test-error
r-devel-windows-ix86+x86_64 0.9-1 163.00 63.00 226.00 OK
r-patched-linux-x86_64 0.9-1 13.10 13.39 26.49 OK
r-patched-solaris-sparc 0.9-1 266.70 OK
r-patched-solaris-x86 0.9-1 55.50 OK
r-release-linux-x86_64 0.9-1 13.32 13.24 26.56 OK
r-release-osx-x86_64-mavericks 0.9-1 OK
r-release-windows-ix86+x86_64 0.9-1 166.00 61.00 227.00 OK
r-oldrel-windows-ix86+x86_64 0.9-1 166.00 87.00 253.00 OK

Check Details

Version: 0.9-1
Check: compiled code
Result: NOTE
    File ‘R2SWF/libs/R2SWF.so’:
     Found no calls to: ‘R_registerRoutines’, ‘R_useDynamicSymbols’
    
    It is good practice to register native routines and to disable symbol
    search.
    
    See ‘Writing portable packages’ in the ‘Writing R Extensions’ manual.
Flavors: r-devel-linux-x86_64-debian-clang, r-devel-linux-x86_64-debian-gcc

Version: 0.9-1
Flags: --no-stop-on-test-error
Check: compiled code
Result: NOTE
    File ‘R2SWF/libs/R2SWF.so’:
     Found no calls to: ‘R_registerRoutines’, ‘R_useDynamicSymbols’
    
    It is good practice to register native routines and to disable symbol
    search.
    
    See ‘Writing portable packages’ in the ‘Writing R Extensions’ manual.
Flavors: r-devel-linux-x86_64-fedora-clang, r-devel-linux-x86_64-fedora-gcc, r-devel-macos-x86_64-clang