CRAN Package Check Results for Package R2SWF

Last updated on 2014-04-18 03:47:22.

Flavor Version Tinstall Tcheck Ttotal Status Flags
r-devel-linux-x86_64-debian-clang 0.8 9.70 17.12 26.82 OK
r-devel-linux-x86_64-debian-gcc OK
r-devel-linux-x86_64-fedora-clang 0.8 50.52 OK
r-devel-linux-x86_64-fedora-gcc 0.8 51.46 OK
r-devel-macosx-x86_64-clang 0.8 45.81 OK
r-devel-macosx-x86_64-gcc 0.8 ERROR
r-devel-windows-ix86+x86_64 0.8 59.00 44.00 103.00 OK
r-patched-linux-x86_64 0.8 12.62 17.14 29.76 OK
r-patched-solaris-sparc 0.8 292.30 OK
r-patched-solaris-x86 0.8 72.90 OK
r-release-linux-ix86 0.8 33.00 36.00 69.00 OK
r-release-linux-x86_64 0.8 12.88 17.11 29.98 OK
r-release-macosx-x86_64 0.8 OK
r-release-windows-ix86+x86_64 0.8 62.00 42.00 104.00 OK
r-oldrel-windows-ix86+x86_64 0.8 62.00 43.00 105.00 OK

Memtest notes: valgrind

Check Details

Version: 0.8
Check: package dependencies
Result: NOTE
    Package suggested but not available for checking: ‘XML’
Flavor: r-devel-macosx-x86_64-gcc

Version: 0.8
Check: R code for possible problems
Result: NOTE
    parseSVG: no visible global function definition for ‘xmlParse’
    parseSVG: no visible global function definition for ‘newXMLNamespace’
    parseSVG: no visible global function definition for ‘xmlRoot’
    parseSVG: no visible global function definition for ‘getNodeSet’
    parseSVG : updateStyleUpward: no visible global function definition for
     ‘xmlAttrs’
    parseSVG : updateStyleUpward: no visible global function definition for
     ‘xmlParent’
    parseSVG : parseNode: no visible global function definition for
     ‘xmlName’
    parseSVG : parseNode: no visible global function definition for
     ‘xmlAttrs’
    parseSVG : parseNode: no visible global function definition for
     ‘getNodeSet’
    parseSVG : expandNode: no visible global function definition for
     ‘xmlChildren’
    parseSVG: no visible global function definition for ‘xmlSApply’
    svg2swf: no visible global function definition for ‘xmlParse’
    svg2swf: no visible global function definition for ‘xmlAttrs’
    svg2swf: no visible global function definition for ‘xmlRoot’
Flavor: r-devel-macosx-x86_64-gcc

Version: 0.8
Check: examples
Result: ERROR
    Running examples in ‘R2SWF-Ex.R’ failed
    The error most likely occurred in:
    
    > ### Name: dev2swf
    > ### Title: Convert R graphics to SWF using different graphics devices
    > ### Aliases: dev2swf
    >
    > ### ** Examples
    >
    > olddir = setwd(tempdir())
    > output1 = dev2swf({
    + for(i in 1:10) plot(runif(20), ylim = c(0, 1))
    + }, dev='png', file.ext='png', output='movie-png.swf')
    SWF file created at movie-png.swf
    > swf2html(output1)
    output at /private/tmp/RtmpJUCrsn/movie-png.html
    >
    > if(capabilities("cairo")) {
    + output2 = dev2swf({
    + for(i in 1:10) plot(runif(20), ylim = c(0, 1))
    + }, dev='svg', file.ext='svg', output='movie-svg.swf')
    + }
    Loading required package: XML
    Warning in library(package, lib.loc = lib.loc, character.only = TRUE, logical.return = TRUE, :
     there is no package called ‘XML’
    Error in (if (all(grepl("\\.(png|jpeg|jpg)$", files, ignore.case = TRUE))) { :
     svg2swf() requires XML package
    Calls: dev2swf -> file2swf -> <Anonymous>
    Execution halted
Flavor: r-devel-macosx-x86_64-gcc