CRAN Package Check Results for Package R2SWF

Last updated on 2015-09-02 22:48:02.

Flavor Version Tinstall Tcheck Ttotal Status Flags
r-devel-linux-x86_64-debian-clang 0.9 10.61 13.16 23.76 NOTE
r-devel-linux-x86_64-debian-gcc 0.9 13.00 12.66 25.66 NOTE
r-devel-linux-x86_64-fedora-clang 0.9 44.69 NOTE
r-devel-linux-x86_64-fedora-gcc 0.9 43.09 NOTE
r-devel-osx-x86_64-clang 0.9 42.10 OK
r-devel-windows-ix86+x86_64 0.9 111.00 50.00 161.00 NOTE
r-patched-linux-x86_64 0.9 13.02 13.61 26.63 OK
r-patched-solaris-sparc 0.9 270.30 OK
r-patched-solaris-x86 0.9 63.10 OK
r-release-linux-x86_64 0.9 12.88 13.11 25.99 OK
r-release-osx-x86_64-mavericks 0.9 NOTE
r-release-windows-ix86+x86_64 0.9 88.00 39.00 127.00 OK
r-oldrel-windows-ix86+x86_64 0.9 93.00 52.00 145.00 OK

Check Details

Version: 0.9
Check: R code for possible problems
Result: NOTE
    dev2swf: no visible global function definition for ‘dev.off’
    image2swf: no visible global function definition for ‘col2rgb’
    svg2swf: no visible global function definition for ‘col2rgb’
    swf: no visible global function definition for ‘col2rgb’
    swf2html: no visible global function definition for ‘browseURL’
    Undefined global functions or variables:
     browseURL col2rgb dev.off
    Consider adding
     importFrom("grDevices", "col2rgb", "dev.off")
     importFrom("utils", "browseURL")
    to your NAMESPACE.
Flavors: r-devel-linux-x86_64-debian-clang, r-devel-linux-x86_64-debian-gcc, r-devel-linux-x86_64-fedora-clang, r-devel-linux-x86_64-fedora-gcc, r-devel-windows-ix86+x86_64

Version: 0.9
Check: package dependencies
Result: NOTE
    Package suggested but not available for checking: ‘Cairo’
Flavor: r-release-osx-x86_64-mavericks

Version: 0.9
Check: Rd cross-references
Result: NOTE
    Package unavailable to check Rd xrefs: ‘Cairo’
Flavor: r-release-osx-x86_64-mavericks