CRAN Package Check Results for Package R2SWF

Last updated on 2018-01-21 14:47:40 CET.

Flavor Version Tinstall Tcheck Ttotal Status Flags
r-devel-linux-x86_64-debian-clang 0.9-2 24.21 26.37 50.58 OK
r-devel-linux-x86_64-debian-gcc 0.9-2 16.36 20.70 37.06 OK
r-devel-linux-x86_64-fedora-clang 0.9-2 59.91 OK
r-devel-linux-x86_64-fedora-gcc 0.9-2 52.44 OK
r-devel-windows-ix86+x86_64 0.9-2 118.00 57.00 175.00 OK
r-patched-linux-x86_64 0.9-2 19.85 24.22 44.07 OK
r-patched-solaris-x86 0.9-2 93.60 OK
r-release-linux-x86_64 0.9-2 19.74 24.34 44.08 OK
r-release-windows-ix86+x86_64 0.9-2 5.00 6.00 11.00 ERROR
r-release-osx-x86_64 0.9-2 OK
r-oldrel-windows-ix86+x86_64 0.9-2 99.00 68.00 167.00 OK
r-oldrel-osx-x86_64 0.9-2 OK

Check Details

Version: 0.9-2
Check: whether package can be installed
Result: ERROR
    Installation failed.
Flavor: r-release-windows-ix86+x86_64