CRAN Package Check Results for Package R2SWF

Last updated on 2022-10-04 05:50:39 CEST.

Flavor Version Tinstall Tcheck Ttotal Status Flags
r-devel-linux-x86_64-debian-clang 0.9-7 23.18 32.12 55.30 OK
r-devel-linux-x86_64-debian-gcc 0.9-7 18.67 24.67 43.34 OK
r-devel-linux-x86_64-fedora-clang 0.9-7 84.65 OK
r-devel-linux-x86_64-fedora-gcc 0.9-7 80.03 OK
r-devel-windows-x86_64 0.9-7 87.00 74.00 161.00 OK
r-patched-linux-x86_64 0.9-7 18.83 30.84 49.67 OK
r-release-linux-x86_64 0.9-7 18.82 30.85 49.67 OK
r-release-macos-arm64 0.9-7 32.00 NOTE
r-release-macos-x86_64 0.9-7 42.00 NOTE
r-release-windows-x86_64 0.9-7 70.00 69.00 139.00 OK
r-oldrel-macos-arm64 0.9-7 29.00 NOTE
r-oldrel-macos-x86_64 0.9-7 42.00 NOTE
r-oldrel-windows-ix86+x86_64 0.9-7 74.00 73.00 147.00 OK

Check Details

Version: 0.9-7
Check: installed package size
Result: NOTE
     installed size is 17.0Mb
     sub-directories of 1Mb or more:
     libs 16.8Mb
Flavors: r-release-macos-arm64, r-release-macos-x86_64, r-oldrel-macos-arm64, r-oldrel-macos-x86_64