CRAN Package Check Results for Package R2SWF

Last updated on 2017-03-30 10:48:32.

Flavor Version Tinstall Tcheck Ttotal Status Flags
r-devel-linux-x86_64-debian-clang 0.9-1 18.37 16.33 34.70 NOTE
r-devel-linux-x86_64-debian-gcc 0.9-1 14.59 16.17 30.77 NOTE
r-devel-linux-x86_64-fedora-clang 0.9-1 55.68 NOTE --no-stop-on-test-error
r-devel-linux-x86_64-fedora-gcc 0.9-1 49.36 NOTE --no-stop-on-test-error
r-devel-macos-x86_64-clang 0.9-1 40.65 NOTE --no-stop-on-test-error
r-devel-windows-ix86+x86_64 0.9-1 68.00 50.00 118.00 OK
r-patched-linux-x86_64 0.9-1 13.29 15.95 29.24 NOTE
r-patched-solaris-sparc 0.9-1 352.60 OK
r-patched-solaris-x86 0.9-1 87.60 OK
r-release-linux-x86_64 0.9-1 12.67 13.36 26.02 OK
r-release-osx-x86_64-mavericks 0.9-1 OK
r-release-windows-ix86+x86_64 0.9-1 179.00 64.00 243.00 OK
r-oldrel-windows-ix86+x86_64 0.9-1 158.00 48.00 206.00 OK

Check Details

Version: 0.9-1
Check: compiled code
Result: NOTE
    File ‘R2SWF/libs/R2SWF.so’:
     Found no calls to: ‘R_registerRoutines’, ‘R_useDynamicSymbols’
    
    It is good practice to register native routines and to disable symbol
    search.
    
    See ‘Writing portable packages’ in the ‘Writing R Extensions’ manual.
Flavors: r-devel-linux-x86_64-debian-clang, r-devel-linux-x86_64-debian-gcc, r-patched-linux-x86_64

Version: 0.9-1
Flags: --no-stop-on-test-error
Check: compiled code
Result: NOTE
    File ‘R2SWF/libs/R2SWF.so’:
     Found no calls to: ‘R_registerRoutines’, ‘R_useDynamicSymbols’
    
    It is good practice to register native routines and to disable symbol
    search.
    
    See ‘Writing portable packages’ in the ‘Writing R Extensions’ manual.
Flavors: r-devel-linux-x86_64-fedora-clang, r-devel-linux-x86_64-fedora-gcc, r-devel-macos-x86_64-clang