CRAN Package Check Results for Package R2SWF

Last updated on 2015-02-01 20:48:43.

Flavor Version Tinstall Tcheck Ttotal Status Flags
r-devel-linux-x86_64-debian-clang 0.8-2 10.00 13.20 23.20 NOTE
r-devel-linux-x86_64-debian-gcc 0.8-2 13.06 12.93 25.99 NOTE
r-devel-linux-x86_64-fedora-clang 0.8-2 44.33 NOTE
r-devel-linux-x86_64-fedora-gcc 0.8-2 43.29 NOTE
r-devel-osx-x86_64-clang 0.8-2 50.19 NOTE
r-devel-windows-ix86+x86_64 0.8-2 113.00 35.00 148.00 NOTE
r-patched-linux-x86_64 0.8-2 13.42 15.82 29.24 OK
r-patched-solaris-sparc 0.8-2 308.40 OK
r-patched-solaris-x86 0.8-2 72.60 OK
r-release-linux-ix86 0.8-2 17.73 23.75 41.48 OK
r-release-linux-x86_64 0.8-2 13.36 18.14 31.50 OK
r-release-osx-x86_64-mavericks 0.8-2 OK
r-release-osx-x86_64-snowleopard 0.8-2 OK
r-release-windows-ix86+x86_64 0.8-2 64.00 44.00 108.00 OK
r-oldrel-windows-ix86+x86_64 0.8-2 68.00 48.00 116.00 OK

Check Details

Version: 0.8-2
Check: dependencies in R code
Result: NOTE
    'library' or 'require' call to ‘XML’ in package code.
     Please use :: or requireNamespace() instead.
     See section 'Suggested packages' in the 'Writing R Extensions' manual.
Flavors: r-devel-linux-x86_64-debian-clang, r-devel-linux-x86_64-debian-gcc, r-devel-linux-x86_64-fedora-clang, r-devel-linux-x86_64-fedora-gcc, r-devel-osx-x86_64-clang, r-devel-windows-ix86+x86_64