CRAN Package Check Results for Package R2SWF

Last updated on 2015-06-30 15:47:19.

Flavor Version Tinstall Tcheck Ttotal Status Flags
r-devel-linux-x86_64-debian-clang 0.9 10.92 13.19 24.12 NOTE
r-devel-linux-x86_64-debian-gcc 0.9 12.89 12.58 25.48 NOTE
r-devel-linux-x86_64-fedora-clang 0.9 43.90 NOTE
r-devel-linux-x86_64-fedora-gcc 0.9 42.90 OK
r-devel-osx-x86_64-clang 0.9 34.28 OK
r-devel-windows-ix86+x86_64 0.9 98.00 37.00 135.00 NOTE
r-patched-linux-x86_64 0.9 13.16 13.20 26.36 OK
r-patched-solaris-sparc 0.9 279.20 OK
r-patched-solaris-x86 0.9 64.10 OK
r-release-linux-x86_64 0.9 12.79 13.14 25.94 OK
r-release-osx-x86_64-mavericks 0.9 NOTE
r-release-windows-ix86+x86_64 0.9 90.00 38.00 128.00 OK
r-oldrel-windows-ix86+x86_64 0.9 97.00 50.00 147.00 OK

Check Details

Version: 0.9
Check: R code for possible problems
Result: NOTE
    dev2swf: no visible global function definition for ‘dev.off’
    image2swf: no visible global function definition for ‘col2rgb’
    svg2swf: no visible global function definition for ‘col2rgb’
    swf: no visible global function definition for ‘col2rgb’
    swf2html: no visible global function definition for ‘browseURL’
Flavors: r-devel-linux-x86_64-debian-clang, r-devel-linux-x86_64-debian-gcc, r-devel-linux-x86_64-fedora-clang, r-devel-windows-ix86+x86_64

Version: 0.9
Check: package dependencies
Result: NOTE
    Package suggested but not available for checking: ‘Cairo’
Flavor: r-release-osx-x86_64-mavericks

Version: 0.9
Check: Rd cross-references
Result: NOTE
    Package unavailable to check Rd xrefs: ‘Cairo’
Flavor: r-release-osx-x86_64-mavericks