CRAN Package Check Results for Package R2SWF

Last updated on 2017-05-27 22:46:28.

Flavor Version Tinstall Tcheck Ttotal Status Flags
r-devel-linux-x86_64-debian-clang 0.9-1 19.73 17.16 36.89 NOTE
r-devel-linux-x86_64-debian-gcc 0.9-1 15.58 16.69 32.27 NOTE
r-devel-linux-x86_64-fedora-clang 0.9-1 56.49 NOTE
r-devel-linux-x86_64-fedora-gcc 0.9-1 49.25 NOTE
r-devel-windows-ix86+x86_64 0.9-1 99.00 52.00 151.00 OK
r-patched-linux-x86_64 0.9-1 15.14 17.55 32.69 NOTE
r-patched-solaris-sparc 0.9-1 352.60 OK
r-patched-solaris-x86 0.9-1 81.40 OK
r-release-linux-x86_64 0.9-1 14.42 16.96 31.38 NOTE
r-release-windows-ix86+x86_64 0.9-1 72.00 52.00 124.00 OK
r-release-osx-x86_64 0.9-1 NOTE
r-oldrel-windows-ix86+x86_64 0.9-1 118.00 47.00 165.00 OK
r-oldrel-osx-x86_64 0.9-1 OK

Additional issues

rchk

Check Details

Version: 0.9-1
Check: compiled code
Result: NOTE
    File ‘R2SWF/libs/R2SWF.so’:
     Found no calls to: ‘R_registerRoutines’, ‘R_useDynamicSymbols’
    
    It is good practice to register native routines and to disable symbol
    search.
    
    See ‘Writing portable packages’ in the ‘Writing R Extensions’ manual.
Flavors: r-devel-linux-x86_64-debian-clang, r-devel-linux-x86_64-debian-gcc, r-devel-linux-x86_64-fedora-clang, r-devel-linux-x86_64-fedora-gcc, r-patched-linux-x86_64, r-release-linux-x86_64

Version: 0.9-1
Check: package dependencies
Result: NOTE
    Package suggested but not available for checking: ‘Cairo’
Flavor: r-release-osx-x86_64

Version: 0.9-1
Check: Rd cross-references
Result: NOTE
    Package unavailable to check Rd xrefs: ‘Cairo’
Flavor: r-release-osx-x86_64