CRAN Package Check Results for Package R2WinBUGS

Last updated on 2020-07-06 04:47:51 CEST.

Flavor Version Tinstall Tcheck Ttotal Status Flags
r-devel-linux-x86_64-debian-clang 2.1-21 4.88 42.46 47.34 NOTE
r-devel-linux-x86_64-debian-gcc 2.1-21 3.78 33.31 37.09 NOTE
r-devel-linux-x86_64-fedora-clang 2.1-21 65.53 OK
r-devel-linux-x86_64-fedora-gcc 2.1-21 55.48 OK
r-devel-windows-ix86+x86_64 2.1-21 11.00 75.00 86.00 OK
r-patched-linux-x86_64 2.1-21 3.60 42.37 45.97 NOTE
r-patched-solaris-x86 2.1-21 82.20 NOTE
r-release-linux-x86_64 2.1-21 4.51 42.20 46.71 NOTE
r-release-osx-x86_64 2.1-21 NOTE
r-release-windows-ix86+x86_64 2.1-21 10.00 55.00 65.00 OK
r-oldrel-osx-x86_64 2.1-21 NOTE
r-oldrel-windows-ix86+x86_64 2.1-21 8.00 87.00 95.00 OK

Check Details

Version: 2.1-21
Check: R code for possible problems
Result: NOTE
    Found the following calls to attach():
    File 'R2WinBUGS/R/attach.all.R':
     attach(x, name = name)
    See section 'Good practice' in '?attach'.
Flavors: r-devel-linux-x86_64-debian-clang, r-devel-linux-x86_64-debian-gcc, r-patched-linux-x86_64, r-release-linux-x86_64

Version: 2.1-21
Check: package dependencies
Result: NOTE
    Package suggested but not available for checking: ‘BRugs’
Flavors: r-patched-solaris-x86, r-release-osx-x86_64, r-oldrel-osx-x86_64

Version: 2.1-21
Check: Rd cross-references
Result: NOTE
    Package unavailable to check Rd xrefs: ‘BRugs’
Flavors: r-release-osx-x86_64, r-oldrel-osx-x86_64