CRAN Package Check Results for Package R2WinBUGS

Last updated on 2016-02-09 12:47:50.

Flavor Version Tinstall Tcheck Ttotal Status Flags
r-devel-linux-x86_64-debian-gcc 2.1-21 0.88 20.19 21.07 NOTE
r-devel-linux-x86_64-fedora-clang 2.1-21 40.53 OK
r-devel-linux-x86_64-fedora-gcc 2.1-21 38.35 OK
r-devel-osx-x86_64-clang 2.1-21 48.90 NOTE
r-devel-windows-ix86+x86_64 2.1-21 5.00 33.00 38.00 OK
r-patched-linux-x86_64 2.1-21 0.96 21.82 22.78 NOTE
r-patched-solaris-sparc 2.1-21 267.10 NOTE
r-patched-solaris-x86 2.1-21 51.90 NOTE
r-release-linux-x86_64 2.1-21 1.00 21.82 22.83 NOTE
r-release-osx-x86_64-mavericks 2.1-21 NOTE
r-release-windows-ix86+x86_64 2.1-21 6.00 32.00 38.00 OK
r-oldrel-windows-ix86+x86_64 2.1-21 7.00 43.00 50.00 OK

Check Details

Version: 2.1-21
Check: R code for possible problems
Result: NOTE
    Found the following calls to attach():
    File ‘R2WinBUGS/R/attach.all.R’:
     attach(x, name = name)
    See section ‘Good practice’ in ‘?attach’.
Flavors: r-devel-linux-x86_64-debian-gcc, r-patched-linux-x86_64, r-release-linux-x86_64

Version: 2.1-21
Check: package dependencies
Result: NOTE
    Package suggested but not available for checking: ‘BRugs’
Flavors: r-devel-osx-x86_64-clang, r-patched-solaris-sparc, r-patched-solaris-x86, r-release-osx-x86_64-mavericks

Version: 2.1-21
Check: Rd cross-references
Result: NOTE
    Package unavailable to check Rd xrefs: ‘BRugs’
Flavors: r-devel-osx-x86_64-clang, r-patched-solaris-sparc, r-patched-solaris-x86, r-release-osx-x86_64-mavericks