CRAN Package Check Results for Package R2WinBUGS

Last updated on 2016-05-28 11:49:23.

Flavor Version Tinstall Tcheck Ttotal Status Flags
r-devel-linux-x86_64-debian-gcc 2.1-21 1.02 22.04 23.06 NOTE
r-devel-linux-x86_64-fedora-clang 2.1-21 40.56 OK
r-devel-linux-x86_64-fedora-gcc 2.1-21 39.03 OK
r-devel-osx-x86_64-clang 2.1-21 50.66 NOTE
r-devel-windows-ix86+x86_64 2.1-21 4.00 47.00 51.00 OK
r-patched-linux-x86_64 2.1-21 0.90 22.49 23.39 NOTE
r-patched-solaris-sparc 2.1-21 243.60 NOTE
r-patched-solaris-x86 2.1-21 48.30 NOTE
r-release-linux-x86_64 2.1-21 0.92 21.51 22.43 NOTE
r-release-osx-x86_64-mavericks 2.1-21 WARN
r-release-windows-ix86+x86_64 2.1-21 5.00 49.00 54.00 OK
r-oldrel-windows-ix86+x86_64 2.1-21 4.00 66.00 70.00 OK

Check Details

Version: 2.1-21
Check: R code for possible problems
Result: NOTE
    Found the following calls to attach():
    File ‘R2WinBUGS/R/attach.all.R’:
     attach(x, name = name)
    See section ‘Good practice’ in ‘?attach’.
Flavors: r-devel-linux-x86_64-debian-gcc, r-patched-linux-x86_64, r-release-linux-x86_64

Version: 2.1-21
Check: package dependencies
Result: NOTE
    Package suggested but not available for checking: ‘BRugs’
Flavors: r-devel-osx-x86_64-clang, r-patched-solaris-sparc, r-patched-solaris-x86, r-release-osx-x86_64-mavericks

Version: 2.1-21
Check: Rd cross-references
Result: NOTE
    Package unavailable to check Rd xrefs: ‘BRugs’
Flavors: r-devel-osx-x86_64-clang, r-patched-solaris-sparc, r-patched-solaris-x86, r-release-osx-x86_64-mavericks

Version: 2.1-21
Check: re-building of vignette outputs
Result: WARN
    Error in re-building vignettes:
     ...
     input string 231 is invalid in this locale
    Warning in grepl("(Rerun to get|biblatex.*\\(re\\)run)", readLines(log, :
     input string 232 is invalid in this locale
    Warning in grepl("(Rerun to get|biblatex.*\\(re\\)run)", readLines(log, :
     input string 240 is invalid in this locale
    Error in texi2dvi(file = file, pdf = TRUE, clean = clean, quiet = quiet, :
     Running 'texi2dvi' on 'R2WinBUGS.tex' failed.
    LaTeX errors:
    ! Undefined control sequence.
    l.17 ...^L^^L<e8><ba>N^^Hq8^^\8<ad><c7><e3>Y\\,^^V<8b><9d><9d><9d>o<bf><fd><b6>In^^O\<cb>
     <b3>^^H<e3>o<^^^<a7><ba>gf^^H<f6>G,f<fe>]^^S...
    The control sequence at the end of the top line
    of your error message was never \def'ed. If you have
    ! Undefined control sequence.
    l.17 ...<da>ڪiZOO<8f><a6>i<cb><cb><cb>^^V<8b>^^E^^@*<95>Jgg<a7><a2>(<8f>^^^=r:<9d><b9>\<ae>
     V<ab><f5><f5><f5><cd><ce><ce><f6><f7><f7><ff><f6><db>o<ad><ad><ad>^^W/^^^D...
    The control sequence at the end of the top line
    of your error message was never \def'ed. If you have
    ! Undefined control sequence.
    l.19 <9d>?^^?^^^<eb>\N
     <a7>szz^^Z7^^A<ed>jqq<91><e7>yUU<91><b3>|><8f>\<86><c3>a<97>˅@^^\[^^X<86>!<84><9c>9s&<95>J<c5>b1Q^^T^^A<e0>...
    The control sequence at the end of the top line
    of your error message was neve
    Calls: buildVignettes -> texi2pdf -> texi2dvi
    Execution halted
Flavor: r-release-osx-x86_64-mavericks