CRAN Package Check Results for Package R2WinBUGS

Last updated on 2015-09-04 23:56:23.

Flavor Version Tinstall Tcheck Ttotal Status Flags
r-devel-linux-x86_64-debian-clang 2.1-21 0.88 20.94 21.82 NOTE
r-devel-linux-x86_64-debian-gcc 2.1-21 0.86 21.32 22.18 NOTE
r-devel-linux-x86_64-fedora-clang 2.1-21 42.56 OK
r-devel-linux-x86_64-fedora-gcc 2.1-21 41.53 OK
r-devel-osx-x86_64-clang 2.1-21 44.44 NOTE
r-devel-windows-ix86+x86_64 2.1-21 4.00 59.00 63.00 OK
r-patched-linux-x86_64 2.1-21 0.92 21.91 22.83 NOTE
r-patched-solaris-sparc 2.1-21 254.00 NOTE
r-patched-solaris-x86 2.1-21 58.90 NOTE
r-release-linux-x86_64 2.1-21 0.98 21.98 22.96 NOTE
r-release-osx-x86_64-mavericks 2.1-21 NOTE
r-release-windows-ix86+x86_64 2.1-21 6.00 34.00 40.00 OK
r-oldrel-windows-ix86+x86_64 2.1-21 7.00 39.00 46.00 OK

Check Details

Version: 2.1-21
Check: R code for possible problems
Result: NOTE
    Found the following calls to attach():
    File ‘R2WinBUGS/R/attach.all.R’:
     attach(x, name = name)
    See section ‘Good practice’ in ‘?attach’.
Flavors: r-devel-linux-x86_64-debian-clang, r-devel-linux-x86_64-debian-gcc, r-patched-linux-x86_64, r-release-linux-x86_64

Version: 2.1-21
Check: package dependencies
Result: NOTE
    Package suggested but not available for checking: ‘BRugs’
Flavors: r-devel-osx-x86_64-clang, r-patched-solaris-sparc, r-patched-solaris-x86, r-release-osx-x86_64-mavericks

Version: 2.1-21
Check: Rd cross-references
Result: NOTE
    Package unavailable to check Rd xrefs: ‘BRugs’
Flavors: r-devel-osx-x86_64-clang, r-patched-solaris-sparc, r-patched-solaris-x86, r-release-osx-x86_64-mavericks