CRAN Package Check Results for Package R2WinBUGS

Last updated on 2018-07-23 01:51:54 CEST.

Flavor Version Tinstall Tcheck Ttotal Status Flags
r-devel-linux-x86_64-debian-clang 2.1-21 3.52 34.20 37.72 NOTE
r-devel-linux-x86_64-debian-gcc 2.1-21 2.06 29.69 31.75 NOTE
r-devel-linux-x86_64-fedora-clang 2.1-21 44.94 OK
r-devel-linux-x86_64-fedora-gcc 2.1-21 43.31 OK
r-devel-windows-ix86+x86_64 2.1-21 8.00 67.00 75.00 OK
r-patched-linux-x86_64 2.1-21 NOTE
r-patched-solaris-x86 2.1-21 68.10 NOTE
r-release-linux-x86_64 2.1-21 2.59 36.88 39.47 NOTE
r-release-windows-ix86+x86_64 2.1-21 5.00 65.00 70.00 OK
r-release-osx-x86_64 2.1-21 NOTE
r-oldrel-windows-ix86+x86_64 2.1-21 4.00 65.00 69.00 OK
r-oldrel-osx-x86_64 2.1-21 WARN

Check Details

Version: 2.1-21
Check: R code for possible problems
Result: NOTE
    Found the following calls to attach():
    File ‘R2WinBUGS/R/attach.all.R’:
     attach(x, name = name)
    See section ‘Good practice’ in ‘?attach’.
Flavors: r-devel-linux-x86_64-debian-clang, r-devel-linux-x86_64-debian-gcc, r-patched-linux-x86_64, r-release-linux-x86_64

Version: 2.1-21
Check: package dependencies
Result: NOTE
    Package suggested but not available for checking: ‘BRugs’
Flavors: r-patched-solaris-x86, r-release-osx-x86_64, r-oldrel-osx-x86_64

Version: 2.1-21
Check: Rd cross-references
Result: NOTE
    Package unavailable to check Rd xrefs: ‘BRugs’
Flavors: r-patched-solaris-x86, r-release-osx-x86_64, r-oldrel-osx-x86_64

Version: 2.1-21
Check: re-building of vignette outputs
Result: WARN
    Error in re-building vignettes:
     ...
    Error in texi2dvi(file = file, pdf = TRUE, clean = clean, quiet = quiet, :
     Running 'texi2dvi' on 'R2WinBUGS.tex' failed.
    LaTeX errors:
    ! LaTeX Error: File `a4wide.sty' not found.
    
    Type X to quit or <RETURN> to proceed,
    or enter new name. (Default extension: sty)
    
    ! Emergency stop.
    <read *>
    
    l.20 \RequirePackage
     [T1]{fontenc}^^M
    ! ==> Fatal error occurred, no output PDF file produced!
    Calls: buildVignettes -> texi2pdf -> texi2dvi
    Execution halted
Flavor: r-oldrel-osx-x86_64