CRAN Package Check Results for Package R2WinBUGS

Last updated on 2015-01-31 11:51:54.

Flavor Version Tinstall Tcheck Ttotal Status Flags
r-devel-linux-x86_64-debian-clang 2.1-19 1.04 21.28 22.32 NOTE
r-devel-linux-x86_64-debian-gcc 2.1-19 0.99 21.54 22.53 NOTE
r-devel-linux-x86_64-fedora-clang 2.1-19 46.82 NOTE
r-devel-linux-x86_64-fedora-gcc 2.1-19 44.26 NOTE
r-devel-osx-x86_64-clang 2.1-19 56.70 NOTE
r-devel-windows-ix86+x86_64 2.1-19 7.00 27.00 34.00 NOTE
r-patched-linux-x86_64 2.1-19 1.20 23.56 24.76 NOTE
r-patched-solaris-sparc 2.1-19 316.10 NOTE
r-patched-solaris-x86 2.1-19 65.60 NOTE
r-release-linux-ix86 2.1-19 1.49 34.14 35.62 NOTE
r-release-linux-x86_64 2.1-19 1.12 23.82 24.94 NOTE
r-release-osx-x86_64-mavericks 2.1-19 NOTE
r-release-windows-ix86+x86_64 2.1-19 6.00 33.00 39.00 NOTE
r-oldrel-windows-ix86+x86_64 2.1-19 6.00 35.00 41.00 NOTE

Check Details

Version: 2.1-19
Check: dependencies in R code
Result: NOTE
    'library' or 'require' call to ‘coda’ which was already attached by Depends.
     Please remove these calls from your code.
    'library' or 'require' call to ‘BRugs’ in package code.
     Please use :: or requireNamespace() instead.
     See section 'Suggested packages' in the 'Writing R Extensions' manual.
Flavors: r-devel-linux-x86_64-debian-clang, r-devel-linux-x86_64-debian-gcc, r-devel-linux-x86_64-fedora-clang, r-devel-linux-x86_64-fedora-gcc, r-devel-osx-x86_64-clang, r-devel-windows-ix86+x86_64

Version: 2.1-19
Check: R code for possible problems
Result: NOTE
    Found the following calls to attach():
    File ‘R2WinBUGS/R/attach.all.R’:
     attach(x, name = name)
    See section ‘Good practice’ in ‘?attach’.
Flavors: r-devel-linux-x86_64-debian-clang, r-devel-linux-x86_64-debian-gcc, r-patched-linux-x86_64, r-release-linux-ix86, r-release-linux-x86_64

Version: 2.1-19
Check: package dependencies
Result: NOTE
    Package suggested but not available for checking: ‘BRugs’
Flavors: r-devel-osx-x86_64-clang, r-patched-solaris-sparc, r-patched-solaris-x86, r-release-osx-x86_64-mavericks

Version: 2.1-19
Check: Rd cross-references
Result: NOTE
    Package unavailable to check Rd xrefs: ‘BRugs’
Flavors: r-devel-osx-x86_64-clang, r-patched-solaris-sparc, r-patched-solaris-x86, r-release-osx-x86_64-mavericks

Version: 2.1-19
Check: dependencies in R code
Result: NOTE
    'library' or 'require' call to ‘coda’ which was already attached by Depends.
     Please remove these calls from your code.
    See the information on DESCRIPTION files in the chapter ‘Creating R
    packages’ of the ‘Writing R Extensions’ manual.
Flavors: r-patched-linux-x86_64, r-patched-solaris-sparc, r-patched-solaris-x86, r-release-linux-ix86, r-release-linux-x86_64, r-release-osx-x86_64-mavericks, r-release-windows-ix86+x86_64, r-oldrel-windows-ix86+x86_64

Version: 2.1-19
Check: re-building of vignette outputs
Result: NOTE
    Error in re-building vignettes:
     ...
    Error in texi2dvi(file = file, pdf = TRUE, clean = clean, quiet = quiet, :
     Running 'texi2dvi' on 'R2WinBUGS.tex' failed.
    LaTeX errors:
    ! Undefined control sequence.
    l.17 ...^L^^L<e8><ba>N^^Hq8^^\8<ad><c7><e3>Y\\,^^V<8b><9d><9d><9d>o<bf><fd><b6>In^^O\<cb>
     <b3>^^H<e3>o<^^^<a7><ba>gf^^H<f6>G,f<fe>]^^S...
    The control sequence at the end of the top line
    of your error message was never \def'ed. If you have
    ! Undefined control sequence.
    l.17 ...<da>ڪiZOO<8f><a6>i<cb><cb><cb>^^V<8b>^^E^^@*<95>Jgg<a7><a2>(<8f>^^^=r:<9d><b9>\<ae>
     V<ab><f5><f5><f5><cd><ce><ce><f6><f7><f7><ff><f6><db>o<ad><ad><ad>^^W/^^^D...
    The control sequence at the end of the top line
    of your error message was never \def'ed. If you have
    ! Undefined control sequence.
    l.19 <9d>?^^?^^^<eb>\N
     <a7>szz^^Z7^^A<ed>jqq<91><e7>yUU<91><b3>|><8f>\<86><c3>a<97>˅@^^\[^^X<86>!<84><9c>9s&<95>J<c5>b1Q^^T^^A<e0>...
    The control sequence at the end of the top line
    of your error message was neve
    Calls: buildVignettes -> texi2pdf -> texi2dvi
    Execution halted
Flavor: r-release-osx-x86_64-mavericks