CRAN Package Check Results for Package R2WinBUGS

Last updated on 2014-07-24 11:53:28.

Flavor Version Tinstall Tcheck Ttotal Status Flags
r-devel-linux-x86_64-debian-clang 2.1-19 1.42 21.15 22.58 NOTE
r-devel-linux-x86_64-debian-gcc 2.1-19 1.18 21.22 22.40 NOTE
r-devel-linux-x86_64-fedora-clang 2.1-19 51.04 NOTE
r-devel-linux-x86_64-fedora-gcc 2.1-19 49.91 NOTE
r-devel-osx-x86_64-clang 2.1-19 53.18 NOTE
r-devel-windows-ix86+x86_64 2.1-19 5.00 31.00 36.00 NOTE
r-patched-linux-x86_64 2.1-19 1.04 20.82 21.87 NOTE
r-patched-solaris-sparc 2.1-19 265.50 NOTE
r-patched-solaris-x86 2.1-19 69.90 NOTE
r-release-linux-ix86 2.1-19 1.56 31.12 32.68 NOTE
r-release-linux-x86_64 2.1-19 1.10 21.44 22.54 NOTE
r-release-osx-x86_64-mavericks 2.1-19 NOTE
r-release-windows-ix86+x86_64 2.1-19 4.00 35.00 39.00 NOTE
r-oldrel-windows-ix86+x86_64 2.1-19 4.00 36.00 40.00 NOTE

Check Details

Version: 2.1-19
Check: dependencies in R code
Result: NOTE
    'library' or 'require' call to ‘coda’ which was already attached by Depends.
     Please remove these calls from your code.
    See the information on DESCRIPTION files in the chapter ‘Creating R
    packages’ of the ‘Writing R Extensions’ manual.
Flavors: r-devel-linux-x86_64-debian-clang, r-devel-linux-x86_64-debian-gcc, r-devel-linux-x86_64-fedora-clang, r-devel-linux-x86_64-fedora-gcc, r-devel-osx-x86_64-clang, r-devel-windows-ix86+x86_64, r-patched-linux-x86_64, r-patched-solaris-sparc, r-patched-solaris-x86, r-release-linux-ix86, r-release-linux-x86_64, r-release-osx-x86_64-mavericks, r-release-windows-ix86+x86_64, r-oldrel-windows-ix86+x86_64

Version: 2.1-19
Check: package dependencies
Result: NOTE
    Package suggested but not available for checking: ‘BRugs’
Flavors: r-devel-osx-x86_64-clang, r-patched-solaris-sparc, r-patched-solaris-x86, r-release-osx-x86_64-mavericks

Version: 2.1-19
Check: Rd cross-references
Result: NOTE
    Package unavailable to check Rd xrefs: ‘BRugs’
Flavors: r-devel-osx-x86_64-clang, r-patched-solaris-sparc, r-patched-solaris-x86, r-release-osx-x86_64-mavericks

Version: 2.1-19
Check: re-building of vignette outputs
Result: NOTE
    Error in re-building vignettes:
     ...
    Error in texi2dvi(file = file, pdf = TRUE, clean = clean, quiet = quiet, :
     Running 'texi2dvi' on 'R2WinBUGS.tex' failed.
    LaTeX errors:
    ! LaTeX Error: File `a4wide.sty' not found.
    
    Type X to quit or <RETURN> to proceed,
    or enter new name. (Default extension: sty)
    
    ./Z.cls:20: ==> Fatal error occurred, no output PDF file produced!
    Calls: buildVignettes -> texi2pdf -> texi2dvi
    Execution halted
Flavor: r-release-osx-x86_64-mavericks