CRAN Package Check Results for Package R2WinBUGS

Last updated on 2015-07-03 23:47:47.

Flavor Version Tinstall Tcheck Ttotal Status Flags
r-devel-linux-x86_64-debian-clang 2.1-20 1.37 21.26 22.63 NOTE
r-devel-linux-x86_64-debian-gcc 2.1-20 0.90 21.38 22.28 NOTE
r-devel-linux-x86_64-fedora-clang 2.1-20 42.37 NOTE
r-devel-linux-x86_64-fedora-gcc 2.1-20 40.77 NOTE
r-devel-osx-x86_64-clang 2.1-20 44.89 NOTE
r-devel-windows-ix86+x86_64 2.1-20 6.00 31.00 37.00 NOTE
r-patched-linux-x86_64 2.1-20 0.90 21.33 22.23 NOTE
r-patched-solaris-sparc 2.1-20 242.70 NOTE
r-patched-solaris-x86 2.1-20 58.10 NOTE
r-release-linux-x86_64 2.1-20 0.92 21.43 22.35 NOTE
r-release-osx-x86_64-mavericks 2.1-20 NOTE
r-release-windows-ix86+x86_64 2.1-20 5.00 30.00 35.00 OK
r-oldrel-windows-ix86+x86_64 2.1-20 4.00 34.00 38.00 OK

Check Details

Version: 2.1-20
Check: R code for possible problems
Result: NOTE
    as.bugs.array: no visible global function definition for ‘var’
    attach.all: no visible global function definition for ‘menu’
    bugs.plot.inferences: no visible global function definition for ‘par’
    bugs.plot.inferences: no visible global function definition for ‘plot’
    bugs.plot.inferences: no visible global function definition for
     ‘strwidth’
    bugs.plot.inferences: no visible global function definition for ‘text’
    bugs.plot.inferences: no visible global function definition for
     ‘strheight’
    bugs.plot.inferences: no visible global function definition for
     ‘median’
    bugs.plot.inferences: no visible global function definition for
     ‘quantile’
    bugs.plot.inferences: no visible global function definition for ‘lines’
    bugs.plot.inferences: no visible global function definition for
     ‘points’
    bugs.plot.summary: no visible global function definition for ‘median’
    bugs.plot.summary: no visible global function definition for ‘quantile’
    bugs.plot.summary: no visible global function definition for ‘par’
    bugs.plot.summary: no visible global function definition for ‘plot’
    bugs.plot.summary: no visible global function definition for ‘strwidth’
    bugs.plot.summary: no visible global function definition for ‘text’
    bugs.plot.summary: no visible global function definition for ‘lines’
    bugs.plot.summary: no visible global function definition for ‘points’
    bugs.sims: no visible global function definition for ‘read.table’
    bugs.sims: no visible global function definition for ‘var’
    conv.par: no visible binding for global variable ‘var’
    conv.par: no visible global function definition for ‘quantile’
    conv.par: no visible global function definition for ‘var’
    conv.par: no visible global function definition for ‘qf’
    monitor: no visible global function definition for ‘sd’
    openbugs: no visible global function definition for ‘flush.console’
    plot.bugs: no visible global function definition for ‘par’
    plot.bugs: no visible global function definition for ‘layout’
    plot.bugs: no visible global function definition for ‘mtext’
    Undefined global functions or variables:
     flush.console layout lines median menu mtext par plot points qf
     quantile read.table sd strheight strwidth text var
    
    Found the following calls to attach():
    File ‘R2WinBUGS/R/attach.all.R’:
     attach(x, name = name)
    See section ‘Good practice’ in ‘?attach’.
Flavors: r-devel-linux-x86_64-debian-clang, r-devel-linux-x86_64-debian-gcc

Version: 2.1-20
Check: R code for possible problems
Result: NOTE
    as.bugs.array: no visible global function definition for ‘var’
    attach.all: no visible global function definition for ‘menu’
    bugs.plot.inferences: no visible global function definition for ‘par’
    bugs.plot.inferences: no visible global function definition for ‘plot’
    bugs.plot.inferences: no visible global function definition for
     ‘strwidth’
    bugs.plot.inferences: no visible global function definition for ‘text’
    bugs.plot.inferences: no visible global function definition for
     ‘strheight’
    bugs.plot.inferences: no visible global function definition for
     ‘median’
    bugs.plot.inferences: no visible global function definition for
     ‘quantile’
    bugs.plot.inferences: no visible global function definition for ‘lines’
    bugs.plot.inferences: no visible global function definition for
     ‘points’
    bugs.plot.summary: no visible global function definition for ‘median’
    bugs.plot.summary: no visible global function definition for ‘quantile’
    bugs.plot.summary: no visible global function definition for ‘par’
    bugs.plot.summary: no visible global function definition for ‘plot’
    bugs.plot.summary: no visible global function definition for ‘strwidth’
    bugs.plot.summary: no visible global function definition for ‘text’
    bugs.plot.summary: no visible global function definition for ‘lines’
    bugs.plot.summary: no visible global function definition for ‘points’
    bugs.sims: no visible global function definition for ‘read.table’
    bugs.sims: no visible global function definition for ‘var’
    conv.par: no visible binding for global variable ‘var’
    conv.par: no visible global function definition for ‘quantile’
    conv.par: no visible global function definition for ‘var’
    conv.par: no visible global function definition for ‘qf’
    monitor: no visible global function definition for ‘sd’
    openbugs: no visible global function definition for ‘flush.console’
    plot.bugs: no visible global function definition for ‘par’
    plot.bugs: no visible global function definition for ‘layout’
    plot.bugs: no visible global function definition for ‘mtext’
    Undefined global functions or variables:
     flush.console layout lines median menu mtext par plot points qf
     quantile read.table sd strheight strwidth text var
Flavors: r-devel-linux-x86_64-fedora-clang, r-devel-linux-x86_64-fedora-gcc

Version: 2.1-20
Check: package dependencies
Result: NOTE
    Package suggested but not available for checking: ‘BRugs’
Flavors: r-devel-osx-x86_64-clang, r-patched-solaris-sparc, r-patched-solaris-x86, r-release-osx-x86_64-mavericks

Version: 2.1-20
Check: Rd cross-references
Result: NOTE
    Package unavailable to check Rd xrefs: ‘BRugs’
Flavors: r-devel-osx-x86_64-clang, r-patched-solaris-sparc, r-patched-solaris-x86, r-release-osx-x86_64-mavericks

Version: 2.1-20
Check: R code for possible problems
Result: NOTE
    as.bugs.array: no visible global function definition for 'var'
    attach.all: no visible global function definition for 'winDialog'
    attach.all: no visible global function definition for 'menu'
    bugs.plot.inferences: no visible global function definition for 'par'
    bugs.plot.inferences: no visible global function definition for 'plot'
    bugs.plot.inferences: no visible global function definition for
     'strwidth'
    bugs.plot.inferences: no visible global function definition for 'text'
    bugs.plot.inferences: no visible global function definition for
     'strheight'
    bugs.plot.inferences: no visible global function definition for
     'median'
    bugs.plot.inferences: no visible global function definition for
     'quantile'
    bugs.plot.inferences: no visible global function definition for 'lines'
    bugs.plot.inferences: no visible global function definition for
     'points'
    bugs.plot.summary: no visible global function definition for 'median'
    bugs.plot.summary: no visible global function definition for 'quantile'
    bugs.plot.summary: no visible global function definition for 'par'
    bugs.plot.summary: no visible global function definition for 'plot'
    bugs.plot.summary: no visible global function definition for 'strwidth'
    bugs.plot.summary: no visible global function definition for 'text'
    bugs.plot.summary: no visible global function definition for 'lines'
    bugs.plot.summary: no visible global function definition for 'points'
    bugs.sims: no visible global function definition for 'read.table'
    bugs.sims: no visible global function definition for 'var'
    conv.par: no visible binding for global variable 'var'
    conv.par: no visible global function definition for 'quantile'
    conv.par: no visible global function definition for 'var'
    conv.par: no visible global function definition for 'qf'
    monitor: no visible global function definition for 'sd'
    openbugs: no visible global function definition for 'flush.console'
    plot.bugs: no visible global function definition for 'par'
    plot.bugs: no visible global function definition for 'layout'
    plot.bugs: no visible global function definition for 'mtext'
    Undefined global functions or variables:
     flush.console layout lines median menu mtext par plot points qf
     quantile read.table sd strheight strwidth text var winDialog
Flavor: r-devel-windows-ix86+x86_64

Version: 2.1-20
Check: R code for possible problems
Result: NOTE
    Found the following calls to attach():
    File ‘R2WinBUGS/R/attach.all.R’:
     attach(x, name = name)
    See section ‘Good practice’ in ‘?attach’.
Flavors: r-patched-linux-x86_64, r-release-linux-x86_64