CRAN Package Check Results for Package R2admb

Last updated on 2017-10-21 00:51:56.

Flavor Version Tinstall Tcheck Ttotal Status Flags
r-devel-linux-x86_64-debian-clang 0.7.15 1.14 43.19 44.33 NOTE
r-devel-linux-x86_64-debian-gcc 0.7.15 1.02 40.72 41.75 NOTE
r-devel-linux-x86_64-fedora-clang 0.7.15 68.40 OK
r-devel-linux-x86_64-fedora-gcc 0.7.15 67.95 OK
r-devel-windows-ix86+x86_64 0.7.15 3.00 68.00 71.00 OK
r-patched-linux-x86_64 0.7.15 1.02 43.48 44.51 NOTE
r-patched-solaris-x86 0.7.15 75.10 OK
r-release-linux-x86_64 0.7.15 1.02 42.32 43.34 NOTE
r-release-windows-ix86+x86_64 0.7.15 7.00 93.00 100.00 OK
r-release-osx-x86_64 0.7.15 OK
r-oldrel-windows-ix86+x86_64 0.7.15 3.00 70.00 73.00 OK
r-oldrel-osx-x86_64 0.7.15 OK

Check Details

Version: 0.7.15
Check: R code for possible problems
Result: NOTE
    Found the following calls to attach():
    File ‘R2admb/R/check_section.R’:
     attach(R_list, name = "R_list", warn.conflicts = FALSE)
    See section ‘Good practice’ in ‘?attach’.
Flavors: r-devel-linux-x86_64-debian-clang, r-devel-linux-x86_64-debian-gcc, r-patched-linux-x86_64, r-release-linux-x86_64