CRAN Package Check Results for Package R2admb

Last updated on 2015-04-26 19:47:27.

Flavor Version Tinstall Tcheck Ttotal Status Flags
r-devel-linux-x86_64-debian-clang 0.7.13 0.83 26.78 27.62 NOTE
r-devel-linux-x86_64-debian-gcc 0.7.13 0.78 27.08 27.86 NOTE
r-devel-linux-x86_64-fedora-clang 0.7.13 53.53 OK
r-devel-linux-x86_64-fedora-gcc 0.7.13 50.11 OK
r-devel-osx-x86_64-clang 0.7.13 43.32 OK
r-devel-windows-ix86+x86_64 0.7.13 4.00 33.00 37.00 OK
r-patched-linux-x86_64 0.7.13 0.83 25.82 26.65 NOTE
r-patched-solaris-sparc 0.7.13 263.50 OK
r-patched-solaris-x86 0.7.13 55.70 OK
r-release-linux-x86_64 0.7.13 0.83 25.72 26.55 NOTE
r-release-osx-x86_64-mavericks 0.7.13 OK
r-release-osx-x86_64-snowleopard 0.7.13 ERROR
r-release-windows-ix86+x86_64 0.7.13 3.00 35.00 38.00 OK
r-oldrel-windows-ix86+x86_64 0.7.13 3.00 43.00 46.00 OK

Memtest notes: ASAN

Check Details

Version: 0.7.13
Check: R code for possible problems
Result: NOTE
    Found the following calls to attach():
    File ‘R2admb/R/check_section.R’:
     attach(R_list, name = "R_list", warn.conflicts = FALSE)
    See section ‘Good practice’ in ‘?attach’.
Flavor: r-devel-linux-x86_64-debian-clang

Version: 0.7.13
Check: package dependencies
Result: ERROR
    Packages suggested but not available for checking: ‘ggplot2’ ‘knitr’
    
    VignetteBuilder package required for checking but not installed: ‘knitr’
    
    See section ‘The DESCRIPTION file’ in the ‘Writing R Extensions’
    manual.
Flavor: r-release-osx-x86_64-snowleopard