CRAN Package Check Results for Package R2admb

Last updated on 2017-05-24 22:47:28.

Flavor Version Tinstall Tcheck Ttotal Status Flags
r-devel-linux-x86_64-debian-clang 0.7.15 1.09 42.02 43.12 NOTE
r-devel-linux-x86_64-debian-gcc 0.7.15 1.14 42.29 43.43 NOTE
r-devel-linux-x86_64-fedora-clang 0.7.15 69.96 OK --no-stop-on-test-error
r-devel-linux-x86_64-fedora-gcc 0.7.15 67.88 OK --no-stop-on-test-error
r-devel-windows-ix86+x86_64 0.7.15 4.00 69.00 73.00 OK
r-patched-linux-x86_64 0.7.15 1.02 43.11 44.13 NOTE
r-patched-solaris-sparc 0.7.15 343.80 OK
r-patched-solaris-x86 0.7.15 73.70 OK
r-release-linux-x86_64 0.7.15 1.10 42.55 43.65 NOTE
r-release-windows-ix86+x86_64 0.7.15 4.00 100.00 104.00 OK
r-release-osx-x86_64 0.7.15 OK
r-oldrel-windows-ix86+x86_64 0.7.15 4.00 77.00 81.00 OK
r-oldrel-osx-x86_64 0.7.15 OK

Check Details

Version: 0.7.15
Check: R code for possible problems
Result: NOTE
    Found the following calls to attach():
    File ‘R2admb/R/check_section.R’:
     attach(R_list, name = "R_list", warn.conflicts = FALSE)
    See section ‘Good practice’ in ‘?attach’.
Flavors: r-devel-linux-x86_64-debian-clang, r-devel-linux-x86_64-debian-gcc, r-patched-linux-x86_64, r-release-linux-x86_64