CRAN Package Check Results for Package R2admb

Last updated on 2017-01-21 23:51:56.

Flavor Version Tinstall Tcheck Ttotal Status Flags
r-devel-linux-x86_64-debian-clang 0.7.15 1.08 40.92 42.01 NOTE
r-devel-linux-x86_64-debian-gcc 0.7.15 1.02 39.23 40.25 NOTE
r-devel-linux-x86_64-fedora-clang 0.7.15 68.03 OK --no-stop-on-test-error
r-devel-linux-x86_64-fedora-gcc 0.7.15 64.29 OK --no-stop-on-test-error
r-devel-macos-x86_64-clang 0.7.15 48.82 OK --no-stop-on-test-error
r-devel-windows-ix86+x86_64 0.7.15 7.00 65.00 72.00 OK
r-patched-linux-x86_64 0.7.15 0.86 30.26 31.11 NOTE
r-patched-solaris-sparc 0.7.15 257.50 OK
r-patched-solaris-x86 0.7.15 56.40 OK
r-release-linux-x86_64 0.7.15 1.00 30.21 31.21 NOTE
r-release-osx-x86_64-mavericks 0.7.15 OK
r-release-windows-ix86+x86_64 0.7.15 8.00 75.00 83.00 OK
r-oldrel-windows-ix86+x86_64 0.7.15 12.00 74.00 86.00 OK

Check Details

Version: 0.7.15
Check: R code for possible problems
Result: NOTE
    Found the following calls to attach():
    File ‘R2admb/R/check_section.R’:
     attach(R_list, name = "R_list", warn.conflicts = FALSE)
    See section ‘Good practice’ in ‘?attach’.
Flavors: r-devel-linux-x86_64-debian-clang, r-devel-linux-x86_64-debian-gcc, r-patched-linux-x86_64, r-release-linux-x86_64