CRAN Package Check Results for Package R2admb

Last updated on 2014-10-26 03:47:40.

Flavor Version Tinstall Tcheck Ttotal Status Flags
r-devel-linux-x86_64-debian-clang 0.7.10 0.84 31.48 32.32 NOTE
r-devel-linux-x86_64-debian-gcc 0.7.10 0.82 30.95 31.77 NOTE
r-devel-linux-x86_64-fedora-clang 0.7.10 69.16 NOTE
r-devel-linux-x86_64-fedora-gcc 0.7.10 65.10 NOTE
r-devel-osx-x86_64-clang 0.7.10 55.30 NOTE
r-devel-windows-ix86+x86_64 0.7.10 3.00 43.00 46.00 NOTE
r-patched-linux-x86_64 0.7.10 0.94 32.05 32.99 NOTE
r-patched-solaris-sparc 0.7.10 331.50 NOTE
r-patched-solaris-x86 0.7.10 75.40 NOTE
r-release-linux-ix86 0.7.10 1.24 41.56 42.80 OK
r-release-linux-x86_64 0.7.10 0.85 35.13 35.98 NOTE
r-release-osx-x86_64-mavericks 0.7.10 OK
r-release-windows-ix86+x86_64 0.7.10 3.00 48.00 51.00 OK
r-oldrel-windows-ix86+x86_64 0.7.10 3.00 46.00 49.00 OK

Check Details

Version: 0.7.10
Check: R code for possible problems
Result: NOTE
    confint.admb: no visible global function definition for ‘HPDinterval’
    confint.admb: no visible global function definition for ‘as.mcmc’
    plot.admb_hist: no visible global function definition for ‘xyplot’
    
    Found the following calls to attach():
    File ‘R2admb/R/check_section.R’:
     attach(R_list, name = "R_list", warn.conflicts = FALSE)
    See section ‘Good practice’ in ‘?attach’.
Flavors: r-devel-linux-x86_64-debian-clang, r-devel-linux-x86_64-debian-gcc, r-patched-linux-x86_64

Version: 0.7.10
Check: R code for possible problems
Result: NOTE
    confint.admb: no visible global function definition for ‘HPDinterval’
    confint.admb: no visible global function definition for ‘as.mcmc’
    plot.admb_hist: no visible global function definition for ‘xyplot’
Flavors: r-devel-linux-x86_64-fedora-clang, r-devel-linux-x86_64-fedora-gcc, r-devel-osx-x86_64-clang, r-devel-windows-ix86+x86_64, r-patched-solaris-sparc, r-patched-solaris-x86

Version: 0.7.10
Check: R code for possible problems
Result: NOTE
    Found the following calls to attach():
    File ‘R2admb/R/check_section.R’:
     attach(R_list, name = "R_list", warn.conflicts = FALSE)
    See section ‘Good practice’ in ‘?attach’.
Flavor: r-release-linux-x86_64