CRAN Package Check Results for Package R2admb

Last updated on 2017-02-26 19:54:04.

Flavor Version Tinstall Tcheck Ttotal Status Flags
r-devel-linux-x86_64-debian-clang 0.7.15 1.07 41.79 42.87 NOTE
r-devel-linux-x86_64-debian-gcc 0.7.15 0.99 41.70 42.69 NOTE
r-devel-linux-x86_64-fedora-clang 0.7.15 67.91 OK --no-stop-on-test-error
r-devel-linux-x86_64-fedora-gcc 0.7.15 66.31 OK --no-stop-on-test-error
r-devel-macos-x86_64-clang 0.7.15 50.04 OK --no-stop-on-test-error
r-devel-windows-ix86+x86_64 0.7.15 4.00 89.00 93.00 OK
r-patched-linux-x86_64 0.7.15 0.79 31.07 31.86 NOTE
r-patched-solaris-sparc 0.7.15 257.50 OK
r-patched-solaris-x86 0.7.15 56.20 OK
r-release-linux-x86_64 0.7.15 0.87 30.84 31.71 NOTE
r-release-osx-x86_64-mavericks 0.7.15 OK
r-release-windows-ix86+x86_64 0.7.15 5.00 56.00 61.00 OK
r-oldrel-windows-ix86+x86_64 0.7.15 9.00 75.00 84.00 OK

Check Details

Version: 0.7.15
Check: R code for possible problems
Result: NOTE
    Found the following calls to attach():
    File ‘R2admb/R/check_section.R’:
     attach(R_list, name = "R_list", warn.conflicts = FALSE)
    See section ‘Good practice’ in ‘?attach’.
Flavors: r-devel-linux-x86_64-debian-clang, r-devel-linux-x86_64-debian-gcc, r-patched-linux-x86_64, r-release-linux-x86_64