CRAN Package Check Results for Package R2admb

Last updated on 2017-06-23 01:47:30.

Flavor Version Tinstall Tcheck Ttotal Status Flags
r-devel-linux-x86_64-debian-clang 0.7.15 1.07 42.71 43.78 NOTE
r-devel-linux-x86_64-debian-gcc 0.7.15 1.03 43.83 44.86 NOTE
r-devel-linux-x86_64-fedora-clang 0.7.15 71.80 OK
r-devel-linux-x86_64-fedora-gcc 0.7.15 68.02 OK
r-devel-windows-ix86+x86_64 0.7.15 5.00 92.00 97.00 OK
r-patched-linux-x86_64 0.7.15 1.17 44.01 45.18 NOTE
r-patched-solaris-sparc 0.7.15 343.80 OK
r-patched-solaris-x86 0.7.15 74.50 OK
r-release-linux-x86_64 0.7.15 1.07 44.85 45.92 NOTE
r-release-windows-ix86+x86_64 0.7.15 7.00 73.00 80.00 OK
r-release-osx-x86_64 0.7.15 OK
r-oldrel-windows-ix86+x86_64 0.7.15 6.00 60.00 66.00 OK
r-oldrel-osx-x86_64 0.7.15 OK

Check Details

Version: 0.7.15
Check: R code for possible problems
Result: NOTE
    Found the following calls to attach():
    File ‘R2admb/R/check_section.R’:
     attach(R_list, name = "R_list", warn.conflicts = FALSE)
    See section ‘Good practice’ in ‘?attach’.
Flavors: r-devel-linux-x86_64-debian-clang, r-devel-linux-x86_64-debian-gcc, r-patched-linux-x86_64, r-release-linux-x86_64