CRAN Package Check Results for Package R2admb

Last updated on 2015-05-23 11:51:30.

Flavor Version Tinstall Tcheck Ttotal Status Flags
r-devel-linux-x86_64-debian-clang 0.7.13 0.86 26.53 27.39 NOTE
r-devel-linux-x86_64-debian-gcc 0.7.13 0.83 26.09 26.92 NOTE
r-devel-linux-x86_64-fedora-clang 0.7.13 53.17 OK
r-devel-linux-x86_64-fedora-gcc 0.7.13 51.19 OK
r-devel-osx-x86_64-clang 0.7.13 41.74 OK
r-devel-windows-ix86+x86_64 0.7.13 3.00 35.00 38.00 OK
r-patched-linux-x86_64 0.7.13 0.91 25.78 26.69 NOTE
r-patched-solaris-sparc 0.7.13 259.30 OK
r-patched-solaris-x86 0.7.13 55.70 OK
r-release-linux-x86_64 0.7.13 0.82 26.44 27.25 NOTE
r-release-osx-x86_64-mavericks 0.7.13 OK
r-release-osx-x86_64-snowleopard 0.7.13 ERROR
r-release-windows-ix86+x86_64 0.7.13 3.00 37.00 40.00 OK
r-oldrel-windows-ix86+x86_64 0.7.13 5.00 43.00 48.00 OK

Check Details

Version: 0.7.13
Check: R code for possible problems
Result: NOTE
    Found the following calls to attach():
    File ‘R2admb/R/check_section.R’:
     attach(R_list, name = "R_list", warn.conflicts = FALSE)
    See section ‘Good practice’ in ‘?attach’.
Flavors: r-devel-linux-x86_64-debian-clang, r-devel-linux-x86_64-debian-gcc, r-patched-linux-x86_64, r-release-linux-x86_64

Version: 0.7.13
Check: package dependencies
Result: ERROR
    Packages suggested but not available for checking: ‘ggplot2’ ‘knitr’
    
    VignetteBuilder package required for checking but not installed: ‘knitr’
    
    See section ‘The DESCRIPTION file’ in the ‘Writing R Extensions’
    manual.
Flavor: r-release-osx-x86_64-snowleopard