CRAN Package Check Results for Package R2admb

Last updated on 2015-02-28 12:51:21.

Flavor Version Tinstall Tcheck Ttotal Status Flags
r-devel-linux-x86_64-debian-clang 0.7.10 0.79 29.47 30.26 NOTE
r-devel-linux-x86_64-debian-gcc 0.7.10 0.78 28.58 29.36 NOTE
r-devel-linux-x86_64-fedora-clang 0.7.10 60.48 NOTE
r-devel-linux-x86_64-fedora-gcc 0.7.10 58.20 NOTE
r-devel-osx-x86_64-clang 0.7.10 50.35 NOTE
r-devel-windows-ix86+x86_64 0.7.10 4.00 38.00 42.00 NOTE
r-patched-linux-x86_64 0.7.10 0.85 33.13 33.98 NOTE
r-patched-solaris-sparc 0.7.10 375.70 NOTE
r-patched-solaris-x86 0.7.10 76.10 NOTE
r-release-linux-ix86 0.7.10 1.25 40.80 42.04 NOTE
r-release-linux-x86_64 0.7.10 0.98 35.34 36.31 NOTE
r-release-osx-x86_64-mavericks 0.7.10 NOTE
r-release-windows-ix86+x86_64 0.7.10 4.00 44.00 48.00 NOTE
r-oldrel-windows-ix86+x86_64 0.7.10 4.00 52.00 56.00 OK

Check Details

Version: 0.7.10
Check: dependencies in R code
Result: NOTE
    'library' or 'require' calls in package code:
     ‘coda’ ‘lattice’
     Please use :: or requireNamespace() instead.
     See section 'Suggested packages' in the 'Writing R Extensions' manual.
Flavors: r-devel-linux-x86_64-debian-clang, r-devel-linux-x86_64-debian-gcc, r-devel-linux-x86_64-fedora-clang, r-devel-linux-x86_64-fedora-gcc, r-devel-osx-x86_64-clang, r-devel-windows-ix86+x86_64, r-patched-linux-x86_64, r-patched-solaris-sparc, r-patched-solaris-x86

Version: 0.7.10
Check: R code for possible problems
Result: NOTE
    confint.admb: no visible global function definition for ‘HPDinterval’
    confint.admb: no visible global function definition for ‘as.mcmc’
    plot.admb_hist: no visible global function definition for ‘xyplot’
    
    Found the following calls to attach():
    File ‘R2admb/R/check_section.R’:
     attach(R_list, name = "R_list", warn.conflicts = FALSE)
    See section ‘Good practice’ in ‘?attach’.
Flavors: r-devel-linux-x86_64-debian-clang, r-devel-linux-x86_64-debian-gcc, r-patched-linux-x86_64, r-release-linux-ix86, r-release-linux-x86_64

Version: 0.7.10
Check: R code for possible problems
Result: NOTE
    confint.admb: no visible global function definition for ‘HPDinterval’
    confint.admb: no visible global function definition for ‘as.mcmc’
    plot.admb_hist: no visible global function definition for ‘xyplot’
Flavors: r-devel-linux-x86_64-fedora-clang, r-devel-linux-x86_64-fedora-gcc, r-devel-osx-x86_64-clang, r-devel-windows-ix86+x86_64, r-patched-solaris-sparc, r-patched-solaris-x86, r-release-osx-x86_64-mavericks, r-release-windows-ix86+x86_64