CRAN Package Check Results for Package R2admb

Last updated on 2015-07-31 14:48:57.

Flavor Version Tinstall Tcheck Ttotal Status Flags
r-devel-linux-x86_64-debian-clang 0.7.13 0.83 25.75 26.58 NOTE
r-devel-linux-x86_64-debian-gcc 0.7.13 1.06 25.70 26.77 NOTE
r-devel-linux-x86_64-fedora-clang 0.7.13 53.18 NOTE
r-devel-linux-x86_64-fedora-gcc 0.7.13 52.23 NOTE
r-devel-osx-x86_64-clang 0.7.13 37.97 OK
r-devel-windows-ix86+x86_64 0.7.13 8.00 37.00 45.00 NOTE
r-patched-linux-x86_64 0.7.13 0.82 27.23 28.05 NOTE
r-patched-solaris-sparc 0.7.13 260.40 OK
r-patched-solaris-x86 0.7.13 56.10 OK
r-release-linux-x86_64 0.7.13 0.82 25.77 26.60 NOTE
r-release-osx-x86_64-mavericks 0.7.13 OK
r-release-windows-ix86+x86_64 0.7.13 5.00 34.00 39.00 OK
r-oldrel-windows-ix86+x86_64 0.7.13 4.00 47.00 51.00 OK

Check Details

Version: 0.7.13
Check: R code for possible problems
Result: NOTE
    AIC.admb: no visible global function definition for ‘deviance’
    AIC.admb: no visible global function definition for ‘coef’
    check_section : make_names: no visible global function definition for
     ‘na.omit’
    compile_admb: no visible global function definition for ‘head’
    confint.admb: no visible global function definition for ‘coef’
    confint.admb: no visible global function definition for ‘qnorm’
    confint.admb: no visible binding for global variable ‘quantile’
    dat_write: no visible global function definition for ‘write.table’
    logLik.admb: no visible global function definition for ‘coef’
    pin_write: no visible global function definition for ‘write.table’
    print.admb: no visible global function definition for ‘coef’
    print.summary.admb: no visible global function definition for
     ‘printCoefmat’
    read_admb: no visible global function definition for ‘read.table’
    read_pars0: no visible global function definition for ‘count.fields’
    reptoRlist: no visible global function definition for ‘read.table’
    rt: no visible global function definition for ‘read.table’
    summary.admb: no visible global function definition for ‘coef’
    summary.admb: no visible global function definition for ‘vcov’
    summary.admb: no visible global function definition for ‘pnorm’
    write_dat: no visible global function definition for ‘write.table’
    write_pin: no visible global function definition for ‘write.table’
    Undefined global functions or variables:
     coef count.fields deviance head na.omit pnorm printCoefmat qnorm
     quantile read.table vcov write.table
    Consider adding
     importFrom("stats", "coef", "deviance", "na.omit", "pnorm",
     "printCoefmat", "qnorm", "quantile", "vcov")
     importFrom("utils", "count.fields", "head", "read.table",
     "write.table")
    to your NAMESPACE.
    
    Found the following calls to attach():
    File ‘R2admb/R/check_section.R’:
     attach(R_list, name = "R_list", warn.conflicts = FALSE)
    See section ‘Good practice’ in ‘?attach’.
Flavors: r-devel-linux-x86_64-debian-clang, r-devel-linux-x86_64-debian-gcc

Version: 0.7.13
Check: R code for possible problems
Result: NOTE
    AIC.admb: no visible global function definition for ‘deviance’
    AIC.admb: no visible global function definition for ‘coef’
    check_section : make_names: no visible global function definition for
     ‘na.omit’
    compile_admb: no visible global function definition for ‘head’
    confint.admb: no visible global function definition for ‘coef’
    confint.admb: no visible global function definition for ‘qnorm’
    confint.admb: no visible binding for global variable ‘quantile’
    dat_write: no visible global function definition for ‘write.table’
    logLik.admb: no visible global function definition for ‘coef’
    pin_write: no visible global function definition for ‘write.table’
    print.admb: no visible global function definition for ‘coef’
    print.summary.admb: no visible global function definition for
     ‘printCoefmat’
    read_admb: no visible global function definition for ‘read.table’
    read_pars0: no visible global function definition for ‘count.fields’
    reptoRlist: no visible global function definition for ‘read.table’
    rt: no visible global function definition for ‘read.table’
    summary.admb: no visible global function definition for ‘coef’
    summary.admb: no visible global function definition for ‘vcov’
    summary.admb: no visible global function definition for ‘pnorm’
    write_dat: no visible global function definition for ‘write.table’
    write_pin: no visible global function definition for ‘write.table’
    Undefined global functions or variables:
     coef count.fields deviance head na.omit pnorm printCoefmat qnorm
     quantile read.table vcov write.table
    Consider adding
     importFrom("stats", "coef", "deviance", "na.omit", "pnorm",
     "printCoefmat", "qnorm", "quantile", "vcov")
     importFrom("utils", "count.fields", "head", "read.table",
     "write.table")
    to your NAMESPACE.
Flavors: r-devel-linux-x86_64-fedora-clang, r-devel-linux-x86_64-fedora-gcc, r-devel-windows-ix86+x86_64

Version: 0.7.13
Check: R code for possible problems
Result: NOTE
    Found the following calls to attach():
    File ‘R2admb/R/check_section.R’:
     attach(R_list, name = "R_list", warn.conflicts = FALSE)
    See section ‘Good practice’ in ‘?attach’.
Flavors: r-patched-linux-x86_64, r-release-linux-x86_64