CRAN Package Check Results for Package R2admb

Last updated on 2014-09-20 20:46:43.

Flavor Version Tinstall Tcheck Ttotal Status Flags
r-devel-linux-x86_64-debian-clang 0.7.10 0.93 30.70 31.63 NOTE
r-devel-linux-x86_64-debian-gcc 0.7.10 0.78 29.98 30.76 NOTE
r-devel-linux-x86_64-fedora-clang 0.7.10 67.60 NOTE
r-devel-linux-x86_64-fedora-gcc 0.7.10 66.10 NOTE
r-devel-osx-x86_64-clang 0.7.10 56.44 NOTE
r-devel-windows-ix86+x86_64 0.7.10 3.00 41.00 44.00 NOTE
r-patched-linux-x86_64 0.7.10 1.14 35.13 36.26 NOTE
r-patched-solaris-sparc 0.7.10 357.10 OK
r-patched-solaris-x86 0.7.10 80.00 OK
r-release-linux-ix86 0.7.10 1.23 42.44 43.66 OK
r-release-linux-x86_64 0.7.10 0.85 35.57 36.42 NOTE
r-release-osx-x86_64-mavericks 0.7.10 OK
r-release-windows-ix86+x86_64 0.7.10 3.00 46.00 49.00 OK
r-oldrel-windows-ix86+x86_64 0.7.10 3.00 45.00 48.00 OK

Check Details

Version: 0.7.10
Check: R code for possible problems
Result: NOTE
    confint.admb: no visible global function definition for ‘HPDinterval’
    confint.admb: no visible global function definition for ‘as.mcmc’
    plot.admb_hist: no visible global function definition for ‘xyplot’
    
    Found the following calls to attach():
    File ‘R2admb/R/check_section.R’:
     attach(R_list, name = "R_list", warn.conflicts = FALSE)
    See section ‘Good practice’ in ‘?attach’.
Flavors: r-devel-linux-x86_64-debian-clang, r-devel-linux-x86_64-debian-gcc

Version: 0.7.10
Check: R code for possible problems
Result: NOTE
    confint.admb: no visible global function definition for ‘HPDinterval’
    confint.admb: no visible global function definition for ‘as.mcmc’
    plot.admb_hist: no visible global function definition for ‘xyplot’
Flavors: r-devel-linux-x86_64-fedora-clang, r-devel-linux-x86_64-fedora-gcc, r-devel-osx-x86_64-clang, r-devel-windows-ix86+x86_64

Version: 0.7.10
Check: R code for possible problems
Result: NOTE
    Found the following calls to attach():
    File ‘R2admb/R/check_section.R’:
     attach(R_list, name = "R_list", warn.conflicts = FALSE)
    See section ‘Good practice’ in ‘?attach’.
Flavors: r-patched-linux-x86_64, r-release-linux-x86_64