CRAN Package Check Results for Package R2admb

Last updated on 2015-01-27 01:48:11.

Flavor Version Tinstall Tcheck Ttotal Status Flags
r-devel-linux-x86_64-debian-clang 0.7.10 0.95 30.57 31.52 NOTE
r-devel-linux-x86_64-debian-gcc 0.7.10 0.78 29.25 30.03 NOTE
r-devel-linux-x86_64-fedora-clang 0.7.10 69.02 NOTE
r-devel-linux-x86_64-fedora-gcc 0.7.10 65.02 NOTE
r-devel-osx-x86_64-clang 0.7.10 56.26 NOTE
r-devel-windows-ix86+x86_64 0.7.10 3.00 41.00 44.00 NOTE
r-patched-linux-x86_64 0.7.10 0.87 31.92 32.80 NOTE
r-patched-solaris-sparc 0.7.10 366.40 NOTE
r-patched-solaris-x86 0.7.10 73.90 NOTE
r-release-linux-ix86 0.7.10 1.24 37.95 39.18 NOTE
r-release-linux-x86_64 0.7.10 0.88 32.52 33.40 NOTE
r-release-osx-x86_64-mavericks 0.7.10 NOTE
r-release-windows-ix86+x86_64 0.7.10 7.00 49.00 56.00 NOTE
r-oldrel-windows-ix86+x86_64 0.7.10 6.00 63.00 69.00 OK

Check Details

Version: 0.7.10
Check: dependencies in R code
Result: NOTE
    'library' or 'require' calls in package code:
     ‘coda’ ‘lattice’
     Please use :: or requireNamespace() instead.
     See section 'Suggested packages' in the 'Writing R Extensions' manual.
Flavors: r-devel-linux-x86_64-debian-clang, r-devel-linux-x86_64-debian-gcc, r-devel-linux-x86_64-fedora-clang, r-devel-linux-x86_64-fedora-gcc, r-devel-osx-x86_64-clang, r-devel-windows-ix86+x86_64

Version: 0.7.10
Check: R code for possible problems
Result: NOTE
    confint.admb: no visible global function definition for ‘HPDinterval’
    confint.admb: no visible global function definition for ‘as.mcmc’
    plot.admb_hist: no visible global function definition for ‘xyplot’
    
    Found the following calls to attach():
    File ‘R2admb/R/check_section.R’:
     attach(R_list, name = "R_list", warn.conflicts = FALSE)
    See section ‘Good practice’ in ‘?attach’.
Flavors: r-devel-linux-x86_64-debian-clang, r-devel-linux-x86_64-debian-gcc, r-patched-linux-x86_64, r-release-linux-x86_64

Version: 0.7.10
Check: R code for possible problems
Result: NOTE
    confint.admb: no visible global function definition for ‘HPDinterval’
    confint.admb: no visible global function definition for ‘as.mcmc’
    plot.admb_hist: no visible global function definition for ‘xyplot’
Flavors: r-devel-linux-x86_64-fedora-clang, r-devel-linux-x86_64-fedora-gcc, r-devel-osx-x86_64-clang, r-devel-windows-ix86+x86_64, r-patched-solaris-sparc, r-patched-solaris-x86, r-release-linux-ix86, r-release-osx-x86_64-mavericks, r-release-windows-ix86+x86_64