CRAN Package Check Results for Package R2admb

Last updated on 2017-03-29 22:47:21.

Flavor Version Tinstall Tcheck Ttotal Status Flags
r-devel-linux-x86_64-debian-clang 0.7.15 1.02 40.82 41.84 NOTE
r-devel-linux-x86_64-debian-gcc 0.7.15 1.06 42.16 43.21 NOTE
r-devel-linux-x86_64-fedora-clang 0.7.15 68.30 OK --no-stop-on-test-error
r-devel-linux-x86_64-fedora-gcc 0.7.15 65.77 OK --no-stop-on-test-error
r-devel-macos-x86_64-clang 0.7.15 48.73 OK --no-stop-on-test-error
r-devel-windows-ix86+x86_64 0.7.15 4.00 61.00 65.00 OK
r-patched-linux-x86_64 0.7.15 1.13 39.71 40.84 NOTE
r-patched-solaris-sparc 0.7.15 343.80 OK
r-patched-solaris-x86 0.7.15 72.00 OK
r-release-linux-x86_64 0.7.15 0.93 30.46 31.39 NOTE
r-release-osx-x86_64-mavericks 0.7.15 OK
r-release-windows-ix86+x86_64 0.7.15 5.00 66.00 71.00 OK
r-oldrel-windows-ix86+x86_64 0.7.15 12.00 67.00 79.00 OK

Check Details

Version: 0.7.15
Check: R code for possible problems
Result: NOTE
    Found the following calls to attach():
    File ‘R2admb/R/check_section.R’:
     attach(R_list, name = "R_list", warn.conflicts = FALSE)
    See section ‘Good practice’ in ‘?attach’.
Flavors: r-devel-linux-x86_64-debian-clang, r-devel-linux-x86_64-debian-gcc, r-patched-linux-x86_64, r-release-linux-x86_64