CRAN Package Check Results for Package R2admb

Last updated on 2014-12-22 05:48:38.

Flavor Version Tinstall Tcheck Ttotal Status Flags
r-devel-linux-x86_64-debian-clang 0.7.10 0.83 31.44 32.26 NOTE
r-devel-linux-x86_64-debian-gcc 0.7.10 0.84 30.61 31.45 NOTE
r-devel-linux-x86_64-fedora-clang 0.7.10 70.80 NOTE
r-devel-linux-x86_64-fedora-gcc 0.7.10 62.86 NOTE
r-devel-osx-x86_64-clang 0.7.10 55.90 NOTE
r-devel-windows-ix86+x86_64 0.7.10 4.00 38.00 42.00 NOTE
r-patched-linux-x86_64 0.7.10 0.87 33.05 33.92 NOTE
r-patched-solaris-sparc 0.7.10 331.50 NOTE
r-patched-solaris-x86 0.7.10 75.30 NOTE
r-release-linux-ix86 0.7.10 1.24 37.89 39.13 NOTE
r-release-linux-x86_64 0.7.10 0.86 32.91 33.76 NOTE
r-release-osx-x86_64-mavericks 0.7.10 OK
r-release-windows-ix86+x86_64 0.7.10 4.00 47.00 51.00 NOTE
r-oldrel-windows-ix86+x86_64 0.7.10 4.00 49.00 53.00 OK

Check Details

Version: 0.7.10
Check: R code for possible problems
Result: NOTE
    confint.admb: no visible global function definition for ‘HPDinterval’
    confint.admb: no visible global function definition for ‘as.mcmc’
    plot.admb_hist: no visible global function definition for ‘xyplot’
    
    Found the following calls to attach():
    File ‘R2admb/R/check_section.R’:
     attach(R_list, name = "R_list", warn.conflicts = FALSE)
    See section ‘Good practice’ in ‘?attach’.
Flavors: r-devel-linux-x86_64-debian-clang, r-devel-linux-x86_64-debian-gcc, r-patched-linux-x86_64, r-release-linux-x86_64

Version: 0.7.10
Check: R code for possible problems
Result: NOTE
    confint.admb: no visible global function definition for ‘HPDinterval’
    confint.admb: no visible global function definition for ‘as.mcmc’
    plot.admb_hist: no visible global function definition for ‘xyplot’
Flavors: r-devel-linux-x86_64-fedora-clang, r-devel-linux-x86_64-fedora-gcc, r-devel-osx-x86_64-clang, r-devel-windows-ix86+x86_64, r-patched-solaris-sparc, r-patched-solaris-x86, r-release-linux-ix86, r-release-windows-ix86+x86_64