CRAN Package Check Results for Package R2admb

Last updated on 2017-08-20 15:49:01.

Flavor Version Tinstall Tcheck Ttotal Status Flags
r-devel-linux-x86_64-debian-clang 0.7.15 1.06 43.22 44.28 NOTE
r-devel-linux-x86_64-debian-gcc 0.7.15 1.04 41.74 42.78 NOTE
r-devel-linux-x86_64-fedora-clang 0.7.15 69.18 OK
r-devel-linux-x86_64-fedora-gcc 0.7.15 69.22 OK
r-devel-windows-ix86+x86_64 0.7.15 4.00 68.00 72.00 OK
r-patched-linux-x86_64 0.7.15 1.11 42.43 43.55 NOTE
r-patched-solaris-x86 0.7.15 74.20 OK
r-release-linux-x86_64 0.7.15 1.03 44.49 45.53 NOTE
r-release-windows-ix86+x86_64 0.7.15 5.00 67.00 72.00 OK
r-release-osx-x86_64 0.7.15 OK
r-oldrel-windows-ix86+x86_64 0.7.15 3.00 53.00 56.00 OK
r-oldrel-osx-x86_64 0.7.15 OK

Check Details

Version: 0.7.15
Check: R code for possible problems
Result: NOTE
    Found the following calls to attach():
    File ‘R2admb/R/check_section.R’:
     attach(R_list, name = "R_list", warn.conflicts = FALSE)
    See section ‘Good practice’ in ‘?attach’.
Flavors: r-devel-linux-x86_64-debian-clang, r-devel-linux-x86_64-debian-gcc, r-patched-linux-x86_64, r-release-linux-x86_64