CRAN Package Check Results for Package R2jags

Last updated on 2017-01-21 23:51:57.

Flavor Version Tinstall Tcheck Ttotal Status Flags
r-devel-linux-x86_64-debian-clang 0.5-7 1.06 22.37 23.43 OK
r-devel-linux-x86_64-debian-gcc 0.5-7 1.22 22.11 23.33 OK
r-devel-linux-x86_64-fedora-clang 0.5-7 38.71 OK --no-stop-on-test-error
r-devel-linux-x86_64-fedora-gcc 0.5-7 37.07 OK --no-stop-on-test-error
r-devel-macos-x86_64-clang 0.5-7 32.11 OK --no-stop-on-test-error
r-devel-windows-ix86+x86_64 0.5-7 5.00 96.00 101.00 OK
r-patched-linux-x86_64 0.5-7 0.85 17.14 17.99 OK
r-patched-solaris-sparc 0.5-7 214.10 OK
r-patched-solaris-x86 0.5-7 47.40 OK
r-release-linux-x86_64 0.5-7 0.84 16.83 17.67 OK
r-release-osx-x86_64-mavericks 0.5-7 OK
r-release-windows-ix86+x86_64 0.5-7 10.00 38.00 48.00 OK
r-oldrel-windows-ix86+x86_64 0.5-7 3.00 3.00 6.00 ERROR

Check Details

Version: 0.5-7
Check: whether package can be installed
Result: ERROR
    Installation failed.
Flavor: r-oldrel-windows-ix86+x86_64