CRAN Package Check Results for Package R2jags

Last updated on 2014-09-02 03:49:46.

Flavor Version Tinstall Tcheck Ttotal Status Flags
r-devel-linux-x86_64-debian-clang 0.04-03 1.00 19.50 20.49 OK
r-devel-linux-x86_64-debian-gcc 0.04-03 1.07 19.16 20.23 OK
r-devel-linux-x86_64-fedora-clang 0.04-03 41.33 OK
r-devel-linux-x86_64-fedora-gcc 0.04-03 37.96 OK
r-devel-osx-x86_64-clang 0.04-03 38.17 OK
r-devel-windows-ix86+x86_64 0.04-03 4.00 34.00 38.00 OK
r-patched-linux-x86_64 0.04-03 1.07 20.60 21.67 OK
r-patched-solaris-sparc 0.04-03 258.00 OK
r-patched-solaris-x86 0.04-03 63.30 OK
r-release-linux-ix86 0.04-03 1.50 28.80 30.30 OK
r-release-linux-x86_64 0.04-03 1.15 20.37 21.52 OK
r-release-osx-x86_64-mavericks 0.04-03 ERROR
r-release-osx-x86_64-snowleopard 0.04-03 OK
r-release-windows-ix86+x86_64 0.04-03 4.00 53.00 57.00 OK
r-oldrel-windows-ix86+x86_64 0.04-03 7.00 38.00 45.00 OK

Check Details

Version: 0.04-03
Check: package dependencies
Result: ERROR
    Package required but not available: ‘rjags’
    
    See the information on DESCRIPTION files in the chapter ‘Creating R
    packages’ of the ‘Writing R Extensions’ manual.
Flavor: r-release-osx-x86_64-mavericks