CRAN Package Check Results for Package R2jags

Last updated on 2017-02-26 19:54:04.

Flavor Version Tinstall Tcheck Ttotal Status Flags
r-devel-linux-x86_64-debian-clang 0.5-7 1.18 22.39 23.57 OK
r-devel-linux-x86_64-debian-gcc 0.5-7 1.11 22.16 23.26 OK
r-devel-linux-x86_64-fedora-clang 0.5-7 37.94 OK --no-stop-on-test-error
r-devel-linux-x86_64-fedora-gcc 0.5-7 37.47 OK --no-stop-on-test-error
r-devel-macos-x86_64-clang 0.5-7 32.83 OK --no-stop-on-test-error
r-devel-windows-ix86+x86_64 0.5-7 4.00 58.00 62.00 OK
r-patched-linux-x86_64 0.5-7 0.86 17.10 17.96 OK
r-patched-solaris-sparc 0.5-7 214.10 OK
r-patched-solaris-x86 0.5-7 47.30 OK
r-release-linux-x86_64 0.5-7 0.78 16.95 17.73 OK
r-release-osx-x86_64-mavericks 0.5-7 OK
r-release-windows-ix86+x86_64 0.5-7 5.00 56.00 61.00 OK
r-oldrel-windows-ix86+x86_64 0.5-7 3.00 4.00 7.00 ERROR

Check Details

Version: 0.5-7
Check: whether package can be installed
Result: ERROR
    Installation failed.
Flavor: r-oldrel-windows-ix86+x86_64