CRAN Package Check Results for Package R2jags

Last updated on 2014-07-22 08:47:15.

Flavor Version Tinstall Tcheck Ttotal Status Flags
r-devel-linux-x86_64-debian-clang 0.04-03 1.32 20.81 22.12 OK
r-devel-linux-x86_64-debian-gcc 0.04-03 1.00 20.00 21.00 OK
r-devel-linux-x86_64-fedora-clang 0.04-03 43.76 OK
r-devel-linux-x86_64-fedora-gcc 0.04-03 41.19 OK
r-devel-osx-x86_64-clang 0.04-03 40.57 OK
r-devel-windows-ix86+x86_64 0.04-03 4.00 34.00 38.00 OK
r-patched-linux-x86_64 0.04-03 1.06 20.08 21.14 OK
r-patched-solaris-sparc 0.04-03 238.30 OK
r-patched-solaris-x86 0.04-03 63.10 OK
r-release-linux-ix86 0.04-03 1.50 28.55 30.04 OK
r-release-linux-x86_64 0.04-03 1.08 20.64 21.72 OK
r-release-osx-x86_64-mavericks 0.04-03 ERROR
r-release-osx-x86_64-snowleopard 0.04-03 OK
r-release-windows-ix86+x86_64 0.04-03 4.00 36.00 40.00 OK
r-oldrel-windows-ix86+x86_64 0.04-03 5.00 38.00 43.00 OK

Check Details

Version: 0.04-03
Check: package dependencies
Result: ERROR
    Package required but not available: ‘rjags’
    
    See the information on DESCRIPTION files in the chapter ‘Creating R
    packages’ of the ‘Writing R Extensions’ manual.
Flavor: r-release-osx-x86_64-mavericks