CRAN Package Check Results for Package R2jags

Last updated on 2015-07-07 21:46:47.

Flavor Version Tinstall Tcheck Ttotal Status Flags
r-devel-linux-x86_64-debian-clang 0.5-6 0.99 16.02 17.01 NOTE
r-devel-linux-x86_64-debian-gcc 0.5-6 0.78 15.87 16.65 NOTE
r-devel-linux-x86_64-fedora-clang 0.5-6 30.93 NOTE
r-devel-linux-x86_64-fedora-gcc 0.5-6 30.46 NOTE
r-devel-osx-x86_64-clang 0.5-6 32.80 NOTE
r-devel-windows-ix86+x86_64 0.5-6 6.00 42.00 48.00 NOTE
r-patched-linux-x86_64 0.5-6 0.78 16.50 17.28 OK
r-patched-solaris-sparc 0.5-6 220.20 OK
r-patched-solaris-x86 0.5-6 57.50 OK
r-release-linux-x86_64 0.5-6 0.80 15.98 16.77 OK
r-release-osx-x86_64-mavericks 0.5-6 OK
r-release-windows-ix86+x86_64 0.5-6 4.00 43.00 47.00 OK
r-oldrel-windows-ix86+x86_64 0.5-6 5.00 53.00 58.00 OK

Check Details

Version: 0.5-6
Check: R code for possible problems
Result: NOTE
    as.bugs.array2: no visible global function definition for ‘var’
    autojags: no visible global function definition for ‘update’
    jags: no visible global function definition for ‘runif’
    jags.sims: no visible global function definition for ‘read.table’
    jags.sims: no visible global function definition for ‘var’
    plot.rjags: no visible global function definition for ‘plot’
    print.rjags: no visible binding for global variable ‘sd’
    print.rjags: no visible binding for global variable ‘quantile’
    traceplot,bugs: no visible global function definition for ‘rainbow’
    traceplot,bugs: no visible global function definition for ‘par’
    traceplot,bugs: no visible global function definition for ‘plot’
    traceplot,bugs: no visible global function definition for ‘lines’
    traceplot,bugs: no visible global function definition for ‘axis’
    traceplot,mcmc.list: no visible global function definition for ‘nvar’
    traceplot,mcmc.list: no visible global function definition for ‘time’
    traceplot,mcmc.list: no visible global function definition for
     ‘matplot’
    traceplot,mcmc.list: no visible global function definition for
     ‘varnames’
    traceplot,mcmc.list: no visible global function definition for ‘title’
    traceplot,mcmc.list: no visible global function definition for ‘nchain’
    traceplot,mcmc.list: no visible global function definition for ‘lines’
    traceplot,mcmc.list: no visible global function definition for ‘lowess’
    traceplot,rjags: no visible global function definition for ‘rainbow’
    traceplot,rjags: no visible global function definition for ‘par’
    traceplot,rjags: no visible global function definition for ‘plot’
    traceplot,rjags: no visible global function definition for ‘lines’
    traceplot,rjags: no visible global function definition for ‘axis’
    Undefined global functions or variables:
     axis lines lowess matplot nchain nvar par plot quantile rainbow
     read.table runif sd time title update var varnames
Flavors: r-devel-linux-x86_64-debian-clang, r-devel-linux-x86_64-debian-gcc, r-devel-linux-x86_64-fedora-clang, r-devel-linux-x86_64-fedora-gcc, r-devel-windows-ix86+x86_64

Version: 0.5-6
Check: R code for possible problems
Result: NOTE
    traceplot,mcmc.list: no visible global function definition for ‘nvar’
    traceplot,mcmc.list: no visible global function definition for
     ‘varnames’
    traceplot,mcmc.list: no visible global function definition for ‘nchain’
    Undefined global functions or variables:
     nchain nvar varnames
Flavor: r-devel-osx-x86_64-clang