CRAN Package Check Results for Package R2jags

Last updated on 2015-08-03 11:49:24.

Flavor Version Tinstall Tcheck Ttotal Status Flags
r-devel-linux-x86_64-debian-clang 0.5-6 0.80 16.41 17.20 NOTE
r-devel-linux-x86_64-debian-gcc 0.5-6 0.78 16.33 17.11 NOTE
r-devel-linux-x86_64-fedora-clang 0.5-6 31.56 NOTE
r-devel-linux-x86_64-fedora-gcc 0.5-6 31.31 NOTE
r-devel-osx-x86_64-clang 0.5-6 31.09 NOTE
r-devel-windows-ix86+x86_64 0.5-6 3.00 49.00 52.00 NOTE
r-patched-linux-x86_64 0.5-6 0.86 16.50 17.36 NOTE
r-patched-solaris-sparc 0.5-6 221.10 NOTE
r-patched-solaris-x86 0.5-6 60.30 NOTE
r-release-linux-x86_64 0.5-6 0.80 16.16 16.96 NOTE
r-release-osx-x86_64-mavericks 0.5-6 OK
r-release-windows-ix86+x86_64 0.5-6 5.00 31.00 36.00 NOTE
r-oldrel-windows-ix86+x86_64 0.5-6 5.00 40.00 45.00 NOTE

Check Details

Version: 0.5-6
Check: R code for possible problems
Result: NOTE
    as.bugs.array2: no visible global function definition for ‘var’
    autojags: no visible global function definition for ‘update’
    jags: no visible global function definition for ‘runif’
    jags.sims: no visible global function definition for ‘read.table’
    jags.sims: no visible global function definition for ‘var’
    plot.rjags: no visible global function definition for ‘plot’
    print.rjags: no visible binding for global variable ‘sd’
    print.rjags: no visible binding for global variable ‘quantile’
    traceplot,bugs: no visible global function definition for ‘rainbow’
    traceplot,bugs: no visible global function definition for ‘par’
    traceplot,bugs: no visible global function definition for ‘plot’
    traceplot,bugs: no visible global function definition for ‘lines’
    traceplot,bugs: no visible global function definition for ‘axis’
    traceplot,mcmc.list: no visible global function definition for ‘nvar’
    traceplot,mcmc.list: no visible global function definition for ‘time’
    traceplot,mcmc.list: no visible global function definition for
     ‘matplot’
    traceplot,mcmc.list: no visible global function definition for
     ‘varnames’
    traceplot,mcmc.list: no visible global function definition for ‘title’
    traceplot,mcmc.list: no visible global function definition for ‘nchain’
    traceplot,mcmc.list: no visible global function definition for ‘lines’
    traceplot,mcmc.list: no visible global function definition for ‘lowess’
    traceplot,rjags: no visible global function definition for ‘rainbow’
    traceplot,rjags: no visible global function definition for ‘par’
    traceplot,rjags: no visible global function definition for ‘plot’
    traceplot,rjags: no visible global function definition for ‘lines’
    traceplot,rjags: no visible global function definition for ‘axis’
    Undefined global functions or variables:
     axis lines lowess matplot nchain nvar par plot quantile rainbow
     read.table runif sd time title update var varnames
    Consider adding
     importFrom("grDevices", "rainbow")
     importFrom("graphics", "axis", "lines", "matplot", "par", "plot",
     "title")
     importFrom("stats", "lowess", "quantile", "runif", "sd", "time",
     "update", "var")
     importFrom("utils", "read.table")
    to your NAMESPACE.
Flavors: r-devel-linux-x86_64-debian-clang, r-devel-linux-x86_64-debian-gcc, r-devel-linux-x86_64-fedora-clang, r-devel-linux-x86_64-fedora-gcc, r-devel-windows-ix86+x86_64

Version: 0.5-6
Check: R code for possible problems
Result: NOTE
    traceplot,mcmc.list: no visible global function definition for ‘nvar’
    traceplot,mcmc.list: no visible global function definition for
     ‘varnames’
    traceplot,mcmc.list: no visible global function definition for ‘nchain’
    Undefined global functions or variables:
     nchain nvar varnames
Flavor: r-devel-osx-x86_64-clang

Version: 0.5-6
Check: R code for possible problems
Result: NOTE
    traceplot,mcmc.list : .local: no visible global function definition for
     ‘nvar’
    traceplot,mcmc.list : .local: no visible global function definition for
     ‘varnames’
    traceplot,mcmc.list : .local: no visible global function definition for
     ‘nchain’
Flavors: r-patched-linux-x86_64, r-patched-solaris-sparc, r-patched-solaris-x86, r-release-linux-x86_64, r-release-windows-ix86+x86_64, r-oldrel-windows-ix86+x86_64