CRAN Package Check Results for Package R2jags

Last updated on 2014-04-23 12:48:25.

Flavor Version Tinstall Tcheck Ttotal Status Flags
r-devel-linux-x86_64-debian-clang 0.04-01 1.12 21.60 22.72 OK
r-devel-linux-x86_64-debian-gcc 0.04-01 1.10 21.18 22.28 OK
r-devel-linux-x86_64-fedora-clang 0.04-01 42.53 OK
r-devel-linux-x86_64-fedora-gcc 0.04-01 40.35 OK
r-devel-osx-x86_64-clang 0.04-01 43.57 OK
r-devel-osx-x86_64-gcc 0.04-01 OK
r-devel-windows-ix86+x86_64 0.04-01 4.00 32.00 36.00 OK
r-patched-linux-x86_64 0.04-01 1.09 21.09 22.18 OK
r-patched-solaris-sparc 0.04-01 257.00 OK
r-patched-solaris-x86 0.04-01 64.10 OK
r-release-linux-ix86 0.04-01 2.00 40.00 42.00 OK
r-release-linux-x86_64 0.04-01 1.22 21.18 22.40 OK
r-release-osx-x86_64-mavericks 0.04-01 ERROR
r-release-osx-x86_64-snowleopard 0.04-01 OK
r-release-windows-ix86+x86_64 0.04-01 5.00 35.00 40.00 OK
r-oldrel-windows-ix86+x86_64 0.04-01 5.00 37.00 42.00 OK

Check Details

Version: 0.04-01
Check: package dependencies
Result: ERROR
    Package required but not available: ‘rjags’
    
    See the information on DESCRIPTION files in the chapter ‘Creating R
    packages’ of the ‘Writing R Extensions’ manual.
Flavor: r-release-osx-x86_64-mavericks