CRAN Package Check Results for Package R2jags

Last updated on 2014-08-02 07:50:25.

Flavor Version Tinstall Tcheck Ttotal Status Flags
r-devel-linux-x86_64-debian-clang 0.04-03 1.03 20.02 21.05 OK
r-devel-linux-x86_64-debian-gcc 0.04-03 1.22 20.25 21.47 OK
r-devel-linux-x86_64-fedora-clang 0.04-03 42.16 OK
r-devel-linux-x86_64-fedora-gcc 0.04-03 40.35 OK
r-devel-osx-x86_64-clang 0.04-03 40.34 OK
r-devel-windows-ix86+x86_64 0.04-03 4.00 34.00 38.00 OK
r-patched-linux-x86_64 0.04-03 1.03 20.30 21.33 OK
r-patched-solaris-sparc 0.04-03 258.00 OK
r-patched-solaris-x86 0.04-03 66.60 OK
r-release-linux-ix86 0.04-03 1.47 30.04 31.50 OK
r-release-linux-x86_64 0.04-03 1.08 20.62 21.70 OK
r-release-osx-x86_64-mavericks 0.04-03 ERROR
r-release-osx-x86_64-snowleopard 0.04-03 OK
r-release-windows-ix86+x86_64 0.04-03 4.00 36.00 40.00 OK
r-oldrel-windows-ix86+x86_64 0.04-03 6.00 50.00 56.00 OK

Check Details

Version: 0.04-03
Check: package dependencies
Result: ERROR
    Package required but not available: rjags
    
    See the information on DESCRIPTION files in the chapter Creating R
    packages of the Writing R Extensions manual.
Flavor: r-release-osx-x86_64-mavericks