CRAN Package Check Results for Package R2wd

Last updated on 2014-10-24 16:46:52.

Flavor Version Tinstall Tcheck Ttotal Status Flags
r-devel-windows-ix86+x86_64 1.5 3.00 21.00 24.00 NOTE
r-release-osx-x86_64-mavericks 1.5 OK
r-release-osx-x86_64-snowleopard 1.5 OK
r-release-windows-ix86+x86_64 1.5 4.00 19.00 23.00 NOTE
r-oldrel-windows-ix86+x86_64 1.5 3.00 21.00 24.00 NOTE

Check Details

Version: 1.5
Check: package dependencies
Result: NOTE
    Package suggested but not available for checking: 'rcom'
Flavor: r-devel-windows-ix86+x86_64

Version: 1.5
Check: R code for possible problems
Result: NOTE
    wdApplyTemplate: no visible binding for global variable '.R2wd'
    wdApplyTheme: no visible binding for global variable '.R2wd'
    wdBody: no visible binding for global variable '.R2wd'
    wdEnumerate: no visible binding for global variable '.R2wd'
    wdEqn: no visible binding for global variable '.R2wd'
    wdEqn: no visible global function definition for 'COMCreate'
    wdEqn: no visible global function definition for 'comGetObject'
    wdEqn: no visible global function definition for 'comCreateObject'
    wdGet: no visible global function definition for 'comGetObject'
    wdGet: no visible global function definition for 'comCreateObject'
    wdGet: no visible global function definition for 'COMCreate'
    wdGet: no visible binding for '<<-' assignment to '.R2wd'
    wdGetProperty: no visible binding for global variable '.R2wd'
    wdGoToBookmark: no visible binding for global variable '.R2wd'
    wdHeading: no visible binding for global variable '.R2wd'
    wdInsertBookmark: no visible binding for global variable '.R2wd'
    wdInsertFootnote: no visible binding for global variable '.R2wd'
    wdItemize: no visible binding for global variable '.R2wd'
    wdNewDoc: no visible binding for global variable '.R2wd'
    wdNormal: no visible binding for global variable '.R2wd'
    wdPageBreak: no visible binding for global variable '.R2wd'
    wdPageSetup: no visible binding for global variable '.R2wd'
    wdParagraph: no visible binding for global variable '.R2wd'
    wdPlot: no visible binding for global variable '.R2wd'
    wdQuit: no visible binding for global variable '.R2wd'
    wdSave: no visible binding for global variable '.R2wd'
    wdSection: no visible binding for global variable '.R2wd'
    wdSectionBreak: no visible binding for global variable '.R2wd'
    wdSelection: no visible binding for global variable '.R2wd'
    wdSetFont: no visible binding for global variable '.R2wd'
    wdSetProperty: no visible binding for global variable '.R2wd'
    wdStyleSetup: no visible binding for global variable '.R2wd'
    wdSubsection: no visible binding for global variable '.R2wd'
    wdSubsubsection: no visible binding for global variable '.R2wd'
    wdTable: no visible binding for global variable '.R2wd'
    wdTitle: no visible binding for global variable '.R2wd'
    wdType: no visible binding for global variable '.R2wd'
    wdUndo: no visible binding for global variable '.R2wd'
    wdVerbatim: no visible binding for global variable '.R2wd'
    wdWrite: no visible binding for global variable '.R2wd'
Flavor: r-devel-windows-ix86+x86_64

Version: 1.5
Check: R code for possible problems
Result: NOTE
    wdApplyTemplate: no visible binding for global variable '.R2wd'
    wdApplyTheme: no visible binding for global variable '.R2wd'
    wdBody: no visible binding for global variable '.R2wd'
    wdEnumerate: no visible binding for global variable '.R2wd'
    wdEqn: no visible binding for global variable '.R2wd'
    wdGet: no visible binding for '<<-' assignment to '.R2wd'
    wdGetProperty: no visible binding for global variable '.R2wd'
    wdGoToBookmark: no visible binding for global variable '.R2wd'
    wdHeading: no visible binding for global variable '.R2wd'
    wdInsertBookmark: no visible binding for global variable '.R2wd'
    wdInsertFootnote: no visible binding for global variable '.R2wd'
    wdItemize: no visible binding for global variable '.R2wd'
    wdNewDoc: no visible binding for global variable '.R2wd'
    wdNormal: no visible binding for global variable '.R2wd'
    wdPageBreak: no visible binding for global variable '.R2wd'
    wdPageSetup: no visible binding for global variable '.R2wd'
    wdParagraph: no visible binding for global variable '.R2wd'
    wdPlot: no visible binding for global variable '.R2wd'
    wdQuit: no visible binding for global variable '.R2wd'
    wdSave: no visible binding for global variable '.R2wd'
    wdSection: no visible binding for global variable '.R2wd'
    wdSectionBreak: no visible binding for global variable '.R2wd'
    wdSelection: no visible binding for global variable '.R2wd'
    wdSetFont: no visible binding for global variable '.R2wd'
    wdSetProperty: no visible binding for global variable '.R2wd'
    wdStyleSetup: no visible binding for global variable '.R2wd'
    wdSubsection: no visible binding for global variable '.R2wd'
    wdSubsubsection: no visible binding for global variable '.R2wd'
    wdTable: no visible binding for global variable '.R2wd'
    wdTitle: no visible binding for global variable '.R2wd'
    wdType: no visible binding for global variable '.R2wd'
    wdUndo: no visible binding for global variable '.R2wd'
    wdVerbatim: no visible binding for global variable '.R2wd'
    wdWrite: no visible binding for global variable '.R2wd'
Flavors: r-release-windows-ix86+x86_64, r-oldrel-windows-ix86+x86_64