CRAN Package Check Results for Package R330

Last updated on 2015-07-08 06:48:09.

Flavor Version Tinstall Tcheck Ttotal Status Flags
r-devel-linux-x86_64-debian-clang 1.0 1.26 23.04 24.30 NOTE
r-devel-linux-x86_64-debian-gcc 1.0 1.14 22.62 23.76 NOTE
r-devel-linux-x86_64-fedora-clang 1.0 46.74 NOTE
r-devel-linux-x86_64-fedora-gcc 1.0 44.68 NOTE
r-devel-osx-x86_64-clang 1.0 44.76 NOTE
r-devel-windows-ix86+x86_64 1.0 7.00 41.00 48.00 NOTE
r-patched-linux-x86_64 1.0 1.15 22.71 23.86 NOTE
r-patched-solaris-sparc 1.0 290.10 NOTE
r-patched-solaris-x86 1.0 66.00 NOTE
r-release-linux-x86_64 1.0 1.23 24.53 25.76 NOTE
r-release-osx-x86_64-mavericks 1.0 NOTE
r-release-windows-ix86+x86_64 1.0 8.00 43.00 51.00 NOTE
r-oldrel-windows-ix86+x86_64 1.0 7.00 53.00 60.00 NOTE

Check Details

Version: 1.0
Check: DESCRIPTION meta-information
Result: NOTE
    Malformed Description field: should contain one or more complete sentences.
Flavors: r-devel-linux-x86_64-debian-clang, r-devel-linux-x86_64-debian-gcc, r-devel-linux-x86_64-fedora-clang, r-devel-linux-x86_64-fedora-gcc, r-devel-osx-x86_64-clang, r-devel-windows-ix86+x86_64, r-patched-linux-x86_64, r-patched-solaris-sparc, r-patched-solaris-x86, r-release-linux-x86_64, r-release-osx-x86_64-mavericks, r-release-windows-ix86+x86_64

Version: 1.0
Check: dependencies in R code
Result: NOTE
    'library' or 'require' call to ‘rgl’ which was already attached by Depends.
     Please remove these calls from your code.
    Packages in Depends field not imported from:
     ‘lattice’ ‘leaps’ ‘rgl’ ‘s20x’
     These packages need to be imported from (in the NAMESPACE file)
     for when this namespace is loaded but not attached.
Flavors: r-devel-linux-x86_64-debian-clang, r-devel-linux-x86_64-debian-gcc, r-devel-linux-x86_64-fedora-clang, r-devel-linux-x86_64-fedora-gcc, r-devel-osx-x86_64-clang, r-devel-windows-ix86+x86_64, r-patched-linux-x86_64, r-patched-solaris-sparc, r-patched-solaris-x86, r-release-linux-x86_64, r-release-osx-x86_64-mavericks, r-release-windows-ix86+x86_64, r-oldrel-windows-ix86+x86_64

Version: 1.0
Check: R code for possible problems
Result: NOTE
    HLstat.formula: no visible binding for global variable ‘binomial’
    HLstat.formula: no visible global function definition for
     ‘model.response’
    HLstat.formula: no visible global function definition for
     ‘is.empty.model’
    HLstat.formula: no visible global function definition for
     ‘model.matrix’
    HLstat.formula: no visible global function definition for
     ‘model.weights’
    HLstat.formula: no visible global function definition for
     ‘model.offset’
    HLstat.formula: no visible global function definition for
     ‘model.extract’
    HLstat.formula: no visible global function definition for ‘glm.fit’
    HLstat.formula: Error while checking: invalid ‘envir’ argument
    HLstat.glm: no visible global function definition for ‘predict’
    HLstat.glm: no visible global function definition for ‘pchisq’
    ROC.curve.formula: no visible binding for global variable ‘gaussian’
    ROC.curve.formula: no visible global function definition for
     ‘model.response’
    ROC.curve.formula: no visible global function definition for
     ‘is.empty.model’
    ROC.curve.formula: no visible global function definition for
     ‘model.matrix’
    ROC.curve.formula: no visible global function definition for
     ‘model.weights’
    ROC.curve.formula: no visible global function definition for
     ‘model.offset’
    ROC.curve.formula: no visible global function definition for
     ‘model.extract’
    ROC.curve.formula: no visible global function definition for ‘glm.fit’
    ROC.curve.formula: Error while checking: invalid ‘envir’ argument
    ROC.curve.glm: no visible global function definition for ‘predict’
    ROC.curve.glm: no visible global function definition for ‘plot’
    ROC.curve.glm: no visible global function definition for ‘points’
    ROC.curve.glm: no visible global function definition for ‘lines’
    ROC.curve.glm: no visible global function definition for ‘text’
    WB.test.formula: no visible global function definition for
     ‘model.response’
    WB.test.formula: no visible global function definition for
     ‘model.weights’
    WB.test.formula: no visible global function definition for
     ‘model.offset’
    WB.test.formula: no visible global function definition for
     ‘is.empty.model’
    WB.test.formula: no visible global function definition for
     ‘model.matrix’
    WB.test.formula: no visible global function definition for ‘lm.fit’
    WB.test.formula: no visible global function definition for ‘lm.wfit’
    WB.test.formula: no visible global function definition for ‘qnorm’
    WB.test.formula: no visible global function definition for ‘cor’
    WB.test.formula: no visible global function definition for ‘rnorm’
    WB.test.lm: no visible global function definition for ‘residuals’
    WB.test.lm: no visible global function definition for ‘qnorm’
    WB.test.lm: no visible global function definition for ‘cor’
    WB.test.lm: no visible global function definition for ‘rnorm’
    added.variable.plots.formula: no visible global function definition for
     ‘model.response’
    added.variable.plots.formula: no visible global function definition for
     ‘model.weights’
    added.variable.plots.formula: no visible global function definition for
     ‘model.offset’
    added.variable.plots.formula: no visible global function definition for
     ‘is.empty.model’
    added.variable.plots.formula: no visible global function definition for
     ‘model.matrix’
    added.variable.plots.formula: no visible global function definition for
     ‘lsfit’
    added.variable.plots.formula: no visible global function definition for
     ‘plot’
    added.variable.plots.formula: no visible global function definition for
     ‘abline’
    added.variable.plots.formula: no visible global function definition for
     ‘coef’
    added.variable.plots.formula: no visible global function definition for
     ‘lm’
    added.variable.plots.lm: no visible global function definition for
     ‘model.matrix’
    added.variable.plots.lm: no visible global function definition for
     ‘model.frame’
    added.variable.plots.lm: no visible global function definition for
     ‘fitted.values’
    added.variable.plots.lm: no visible global function definition for
     ‘residuals’
    added.variable.plots.lm: no visible global function definition for
     ‘lsfit’
    added.variable.plots.lm: no visible global function definition for
     ‘plot’
    added.variable.plots.lm: no visible global function definition for
     ‘abline’
    added.variable.plots.lm: no visible global function definition for
     ‘coef’
    added.variable.plots.lm: no visible global function definition for ‘lm’
    allpossregs.formula: no visible global function definition for
     ‘model.response’
    allpossregs.formula: no visible global function definition for
     ‘model.weights’
    allpossregs.formula: no visible global function definition for
     ‘model.offset’
    allpossregs.formula: no visible global function definition for
     ‘is.empty.model’
    allpossregs.formula: no visible global function definition for
     ‘model.matrix’
    allpossregs.formula: no visible global function definition for
     ‘model.frame’
    allpossregs.formula: no visible global function definition for
     ‘regsubsets’
    allpossregs.formula: no visible global function definition for ‘runif’
    allpossregs.formula: no visible global function definition for ‘lm’
    allpossregs.formula: no visible global function definition for
     ‘predict’
    allpossregs.formula: no visible global function definition for ‘plot’
    allpossregs.formula: no visible global function definition for ‘text’
    allpossregs.formula: no visible global function definition for ‘lines’
    allpossregs.lm: no visible global function definition for
     ‘model.matrix’
    allpossregs.lm: no visible global function definition for ‘model.frame’
    allpossregs.lm: no visible global function definition for
     ‘fitted.values’
    allpossregs.lm: no visible global function definition for ‘residuals’
    allpossregs.lm: no visible global function definition for ‘regsubsets’
    allpossregs.lm: no visible global function definition for ‘runif’
    allpossregs.lm: no visible global function definition for ‘lm’
    allpossregs.lm: no visible global function definition for ‘predict’
    allpossregs.lm: no visible global function definition for ‘plot’
    allpossregs.lm: no visible global function definition for ‘text’
    allpossregs.lm: no visible global function definition for ‘lines’
    boxcoxplot.formula: no visible global function definition for
     ‘model.response’
    boxcoxplot.formula: no visible global function definition for
     ‘model.weights’
    boxcoxplot.formula: no visible global function definition for
     ‘model.offset’
    boxcoxplot.formula: no visible global function definition for
     ‘is.empty.model’
    boxcoxplot.formula: no visible global function definition for
     ‘model.matrix’
    boxcoxplot.formula: no visible global function definition for ‘lm.fit’
    boxcoxplot.formula: no visible global function definition for ‘lm.wfit’
    boxcoxplot.formula: no visible global function definition for
     ‘residuals’
    boxcoxplot.formula: no visible global function definition for ‘plot’
    boxcoxplot.lm: no visible global function definition for
     ‘fitted.values’
    boxcoxplot.lm: no visible global function definition for ‘residuals’
    boxcoxplot.lm: no visible global function definition for ‘model.matrix’
    boxcoxplot.lm: no visible global function definition for ‘model.frame’
    boxcoxplot.lm: no visible global function definition for ‘lm’
    boxcoxplot.lm: no visible global function definition for ‘plot’
    cross.val.formula: no visible binding for global variable ‘gaussian’
    cross.val.formula: no visible global function definition for
     ‘model.response’
    cross.val.formula: no visible global function definition for
     ‘is.empty.model’
    cross.val.formula: no visible global function definition for
     ‘model.matrix’
    cross.val.formula: no visible global function definition for
     ‘model.weights’
    cross.val.formula: no visible global function definition for
     ‘model.offset’
    cross.val.formula: no visible global function definition for
     ‘model.extract’
    cross.val.formula: no visible global function definition for ‘runif’
    cross.val.formula: no visible global function definition for ‘glm.fit’
    cross.val.formula: Error while checking: invalid ‘envir’ argument
    cross.val.glm: no visible global function definition for ‘residuals’
    cross.val.glm: no visible global function definition for ‘runif’
    cross.val.glm: no visible global function definition for ‘glm’
    cross.val.glm: no visible binding for global variable ‘binomial’
    cross.val.glm: no visible global function definition for ‘predict’
    cross.val.lm: no visible global function definition for ‘model.matrix’
    cross.val.lm: no visible global function definition for ‘model.frame’
    cross.val.lm: no visible global function definition for ‘fitted.values’
    cross.val.lm: no visible global function definition for ‘residuals’
    cross.val.lm: no visible global function definition for ‘runif’
    cross.val.lm: no visible global function definition for ‘lm’
    cross.val.lm: no visible global function definition for ‘coefficients’
    err.boot.formula: no visible binding for global variable ‘gaussian’
    err.boot.formula: no visible global function definition for
     ‘model.response’
    err.boot.formula: no visible global function definition for
     ‘is.empty.model’
    err.boot.formula: no visible global function definition for
     ‘model.matrix’
    err.boot.formula: no visible global function definition for
     ‘model.weights’
    err.boot.formula: no visible global function definition for
     ‘model.offset’
    err.boot.formula: no visible global function definition for
     ‘model.extract’
    err.boot.formula: no visible global function definition for ‘glm.fit’
    err.boot.formula: no visible global function definition for
     ‘.getXlevels’
    err.boot.formula: no visible global function definition for ‘predict’
    err.boot.formula: no visible global function definition for ‘rmultinom’
    err.boot.formula: no visible global function definition for ‘lm’
    err.boot.formula: no visible global function definition for
     ‘coefficients’
    err.boot.formula: no visible global function definition for ‘residuals’
    err.boot.glm: no visible global function definition for ‘predict’
    err.boot.glm: no visible global function definition for ‘rmultinom’
    err.boot.lm: no visible global function definition for ‘model.matrix’
    err.boot.lm: no visible global function definition for ‘model.frame’
    err.boot.lm: no visible global function definition for ‘fitted.values’
    err.boot.lm: no visible global function definition for ‘residuals’
    err.boot.lm: no visible global function definition for ‘lm’
    err.boot.lm: no visible global function definition for ‘coefficients’
    funnel.formula: no visible global function definition for
     ‘model.response’
    funnel.formula: no visible global function definition for
     ‘model.weights’
    funnel.formula: no visible global function definition for
     ‘model.offset’
    funnel.formula: no visible global function definition for
     ‘is.empty.model’
    funnel.formula: no visible global function definition for
     ‘model.matrix’
    funnel.formula: no visible global function definition for ‘lm.fit’
    funnel.formula: no visible global function definition for ‘lm.wfit’
    funnel.formula: no visible global function definition for ‘par’
    funnel.formula: no visible global function definition for ‘quantile’
    funnel.formula: no visible binding for global variable ‘var’
    funnel.formula: no visible global function definition for ‘plot’
    funnel.formula: no visible global function definition for ‘loess’
    funnel.formula: no visible global function definition for ‘lines’
    funnel.formula: no visible global function definition for ‘fitted’
    funnel.formula: no visible global function definition for ‘lm’
    funnel.lm: no visible global function definition for ‘par’
    funnel.lm: no visible global function definition for ‘fitted’
    funnel.lm: no visible global function definition for ‘residuals’
    funnel.lm: no visible global function definition for ‘quantile’
    funnel.lm: no visible binding for global variable ‘var’
    funnel.lm: no visible global function definition for ‘plot’
    funnel.lm: no visible global function definition for ‘loess’
    funnel.lm: no visible global function definition for ‘lines’
    funnel.lm: no visible global function definition for ‘lm’
    influenceplots.formula: no visible binding for global variable
     ‘gaussian’
    influenceplots.formula: no visible global function definition for
     ‘model.response’
    influenceplots.formula: no visible global function definition for
     ‘is.empty.model’
    influenceplots.formula: no visible global function definition for
     ‘model.matrix’
    influenceplots.formula: no visible global function definition for
     ‘model.weights’
    influenceplots.formula: no visible global function definition for
     ‘model.offset’
    influenceplots.formula: no visible global function definition for
     ‘model.extract’
    influenceplots.formula: no visible global function definition for
     ‘.getXlevels’
    influenceplots.glm: no visible global function definition for ‘par’
    influenceplots.glm: no visible global function definition for
     ‘residuals’
    influenceplots.glm: no visible global function definition for ‘plot’
    influenceplots.glm: no visible global function definition for ‘text’
    influenceplots.glm: no visible global function definition for ‘abline’
    influenceplots.glm: no visible global function definition for
     ‘hatvalues’
    influenceplots.glm: no visible global function definition for ‘qchisq’
    influenceplots.lm: no visible global function definition for ‘par’
    influenceplots.lm: no visible global function definition for
     ‘lm.influence’
    influenceplots.lm: no visible global function definition for
     ‘weighted.residuals’
    influenceplots.lm: no visible global function definition for
     ‘df.residual’
    influenceplots.lm: no visible global function definition for
     ‘variable.names’
    influenceplots.lm: no visible global function definition for ‘qf’
    influenceplots.lm: no visible global function definition for ‘plot’
    influenceplots.lm: no visible global function definition for ‘points’
    influenceplots.lm: no visible global function definition for ‘abline’
    influenceplots.lm: no visible global function definition for ‘text’
    reg3d: no visible global function definition for ‘sd’
    reg3d: no visible global function definition for ‘rgl.open’
    reg3d: no visible global function definition for ‘rgl.bg’
    reg3d: no visible global function definition for ‘rgl.material’
    reg3d: no visible global function definition for ‘rgl.lines’
    reg3d: no visible global function definition for ‘rgl.spheres’
    reg3d: no visible global function definition for ‘predict’
    reg3d: no visible global function definition for ‘lm’
    reg3d: no visible global function definition for ‘rgl.surface’
    reg3d: no visible global function definition for ‘rgl.texts’
    test.lc.formula: no visible binding for global variable ‘gaussian’
    test.lc.formula: no visible binding for global variable ‘formula’
    test.lc.formula: no visible global function definition for
     ‘model.response’
    test.lc.formula: no visible global function definition for
     ‘is.empty.model’
    test.lc.formula: no visible global function definition for
     ‘model.matrix’
    test.lc.formula: no visible global function definition for
     ‘model.weights’
    test.lc.formula: no visible global function definition for
     ‘model.offset’
    test.lc.formula: no visible global function definition for
     ‘model.extract’
    test.lc.formula: no visible global function definition for
     ‘.getXlevels’
    test.lc.formula: no visible global function definition for
     ‘summary.glm’
    test.lc.formula: no visible global function definition for ‘pt’
    test.lc.glm: no visible global function definition for ‘coef’
    test.lc.glm: no visible global function definition for ‘pnorm’
    test.lc.lm: no visible global function definition for ‘coef’
    test.lc.lm: no visible global function definition for ‘pt’
    Undefined global functions or variables:
     .getXlevels abline binomial coef coefficients cor df.residual fitted
     fitted.values formula gaussian glm glm.fit hatvalues is.empty.model
     lines lm lm.fit lm.influence lm.wfit loess lsfit model.extract
     model.frame model.matrix model.offset model.response model.weights
     par pchisq plot pnorm points predict pt qchisq qf qnorm quantile
     regsubsets residuals rgl.bg rgl.lines rgl.material rgl.open
     rgl.spheres rgl.surface rgl.texts rmultinom rnorm runif sd
     summary.glm text var variable.names weighted.residuals
Flavors: r-devel-linux-x86_64-debian-clang, r-devel-linux-x86_64-debian-gcc, r-devel-linux-x86_64-fedora-clang, r-devel-linux-x86_64-fedora-gcc

Version: 1.0
Check: R code for possible problems
Result: NOTE
    allpossregs.formula: no visible global function definition for
     ‘regsubsets’
    allpossregs.lm: no visible global function definition for ‘regsubsets’
    reg3d: no visible global function definition for ‘rgl.open’
    reg3d: no visible global function definition for ‘rgl.bg’
    reg3d: no visible global function definition for ‘rgl.material’
    reg3d: no visible global function definition for ‘rgl.lines’
    reg3d: no visible global function definition for ‘rgl.spheres’
    reg3d: no visible global function definition for ‘rgl.surface’
    reg3d: no visible global function definition for ‘rgl.texts’
    Undefined global functions or variables:
     regsubsets rgl.bg rgl.lines rgl.material rgl.open rgl.spheres
     rgl.surface rgl.texts
Flavor: r-devel-osx-x86_64-clang

Version: 1.0
Check: R code for possible problems
Result: NOTE
    HLstat.formula: no visible binding for global variable 'binomial'
    HLstat.formula: no visible global function definition for
     'model.response'
    HLstat.formula: no visible global function definition for
     'is.empty.model'
    HLstat.formula: no visible global function definition for
     'model.matrix'
    HLstat.formula: no visible global function definition for
     'model.weights'
    HLstat.formula: no visible global function definition for
     'model.offset'
    HLstat.formula: no visible global function definition for
     'model.extract'
    HLstat.formula: no visible global function definition for 'glm.fit'
    HLstat.formula: no visible global function definition for 'binomial'
    HLstat.formula: no visible global function definition for '.getXlevels'
    HLstat.formula: no visible global function definition for 'predict'
    HLstat.formula: no visible global function definition for 'pchisq'
    HLstat.glm: no visible global function definition for 'predict'
    HLstat.glm: no visible global function definition for 'pchisq'
    ROC.curve.formula: no visible binding for global variable 'gaussian'
    ROC.curve.formula: no visible global function definition for
     'model.response'
    ROC.curve.formula: no visible global function definition for
     'is.empty.model'
    ROC.curve.formula: no visible global function definition for
     'model.matrix'
    ROC.curve.formula: no visible global function definition for
     'model.weights'
    ROC.curve.formula: no visible global function definition for
     'model.offset'
    ROC.curve.formula: no visible global function definition for
     'model.extract'
    ROC.curve.formula: no visible global function definition for 'glm.fit'
    ROC.curve.formula: no visible global function definition for 'binomial'
    ROC.curve.formula: no visible global function definition for
     '.getXlevels'
    ROC.curve.formula: no visible global function definition for 'predict'
    ROC.curve.formula: no visible global function definition for 'plot'
    ROC.curve.formula: no visible global function definition for 'points'
    ROC.curve.formula: no visible global function definition for 'lines'
    ROC.curve.formula: no visible global function definition for 'text'
    ROC.curve.glm: no visible global function definition for 'predict'
    ROC.curve.glm: no visible global function definition for 'plot'
    ROC.curve.glm: no visible global function definition for 'points'
    ROC.curve.glm: no visible global function definition for 'lines'
    ROC.curve.glm: no visible global function definition for 'text'
    WB.test.formula: no visible global function definition for
     'model.response'
    WB.test.formula: no visible global function definition for
     'model.weights'
    WB.test.formula: no visible global function definition for
     'model.offset'
    WB.test.formula: no visible global function definition for
     'is.empty.model'
    WB.test.formula: no visible global function definition for
     'model.matrix'
    WB.test.formula: no visible global function definition for 'lm.fit'
    WB.test.formula: no visible global function definition for 'lm.wfit'
    WB.test.formula: no visible global function definition for 'qnorm'
    WB.test.formula: no visible global function definition for 'cor'
    WB.test.formula: no visible global function definition for 'rnorm'
    WB.test.lm: no visible global function definition for 'residuals'
    WB.test.lm: no visible global function definition for 'qnorm'
    WB.test.lm: no visible global function definition for 'cor'
    WB.test.lm: no visible global function definition for 'rnorm'
    added.variable.plots.formula: no visible global function definition for
     'model.response'
    added.variable.plots.formula: no visible global function definition for
     'model.weights'
    added.variable.plots.formula: no visible global function definition for
     'model.offset'
    added.variable.plots.formula: no visible global function definition for
     'is.empty.model'
    added.variable.plots.formula: no visible global function definition for
     'model.matrix'
    added.variable.plots.formula: no visible global function definition for
     'lsfit'
    added.variable.plots.formula: no visible global function definition for
     'plot'
    added.variable.plots.formula: no visible global function definition for
     'abline'
    added.variable.plots.formula: no visible global function definition for
     'coef'
    added.variable.plots.formula: no visible global function definition for
     'lm'
    added.variable.plots.lm: no visible global function definition for
     'model.matrix'
    added.variable.plots.lm: no visible global function definition for
     'model.frame'
    added.variable.plots.lm: no visible global function definition for
     'fitted.values'
    added.variable.plots.lm: no visible global function definition for
     'residuals'
    added.variable.plots.lm: no visible global function definition for
     'lsfit'
    added.variable.plots.lm: no visible global function definition for
     'plot'
    added.variable.plots.lm: no visible global function definition for
     'abline'
    added.variable.plots.lm: no visible global function definition for
     'coef'
    added.variable.plots.lm: no visible global function definition for 'lm'
    allpossregs.formula: no visible global function definition for
     'model.response'
    allpossregs.formula: no visible global function definition for
     'model.weights'
    allpossregs.formula: no visible global function definition for
     'model.offset'
    allpossregs.formula: no visible global function definition for
     'is.empty.model'
    allpossregs.formula: no visible global function definition for
     'model.matrix'
    allpossregs.formula: no visible global function definition for
     'model.frame'
    allpossregs.formula: no visible global function definition for
     'regsubsets'
    allpossregs.formula: no visible global function definition for 'runif'
    allpossregs.formula: no visible global function definition for 'lm'
    allpossregs.formula: no visible global function definition for
     'predict'
    allpossregs.formula: no visible global function definition for 'plot'
    allpossregs.formula: no visible global function definition for 'text'
    allpossregs.formula: no visible global function definition for 'lines'
    allpossregs.lm: no visible global function definition for
     'model.matrix'
    allpossregs.lm: no visible global function definition for 'model.frame'
    allpossregs.lm: no visible global function definition for
     'fitted.values'
    allpossregs.lm: no visible global function definition for 'residuals'
    allpossregs.lm: no visible global function definition for 'regsubsets'
    allpossregs.lm: no visible global function definition for 'runif'
    allpossregs.lm: no visible global function definition for 'lm'
    allpossregs.lm: no visible global function definition for 'predict'
    allpossregs.lm: no visible global function definition for 'plot'
    allpossregs.lm: no visible global function definition for 'text'
    allpossregs.lm: no visible global function definition for 'lines'
    boxcoxplot.formula: no visible global function definition for
     'model.response'
    boxcoxplot.formula: no visible global function definition for
     'model.weights'
    boxcoxplot.formula: no visible global function definition for
     'model.offset'
    boxcoxplot.formula: no visible global function definition for
     'is.empty.model'
    boxcoxplot.formula: no visible global function definition for
     'model.matrix'
    boxcoxplot.formula: no visible global function definition for 'lm.fit'
    boxcoxplot.formula: no visible global function definition for 'lm.wfit'
    boxcoxplot.formula: no visible global function definition for
     'residuals'
    boxcoxplot.formula: no visible global function definition for 'plot'
    boxcoxplot.lm: no visible global function definition for
     'fitted.values'
    boxcoxplot.lm: no visible global function definition for 'residuals'
    boxcoxplot.lm: no visible global function definition for 'model.matrix'
    boxcoxplot.lm: no visible global function definition for 'model.frame'
    boxcoxplot.lm: no visible global function definition for 'lm'
    boxcoxplot.lm: no visible global function definition for 'plot'
    cross.val.formula: no visible binding for global variable 'gaussian'
    cross.val.formula: no visible global function definition for
     'model.response'
    cross.val.formula: no visible global function definition for
     'is.empty.model'
    cross.val.formula: no visible global function definition for
     'model.matrix'
    cross.val.formula: no visible global function definition for
     'model.weights'
    cross.val.formula: no visible global function definition for
     'model.offset'
    cross.val.formula: no visible global function definition for
     'model.extract'
    cross.val.formula: no visible global function definition for 'runif'
    cross.val.formula: no visible global function definition for 'glm.fit'
    cross.val.formula: no visible global function definition for 'binomial'
    cross.val.formula: no visible global function definition for 'lm'
    cross.val.formula: no visible global function definition for
     'coefficients'
    cross.val.glm: no visible global function definition for 'residuals'
    cross.val.glm: no visible global function definition for 'runif'
    cross.val.glm: no visible global function definition for 'glm'
    cross.val.glm: no visible binding for global variable 'binomial'
    cross.val.glm: no visible global function definition for 'predict'
    cross.val.lm: no visible global function definition for 'model.matrix'
    cross.val.lm: no visible global function definition for 'model.frame'
    cross.val.lm: no visible global function definition for 'fitted.values'
    cross.val.lm: no visible global function definition for 'residuals'
    cross.val.lm: no visible global function definition for 'runif'
    cross.val.lm: no visible global function definition for 'lm'
    cross.val.lm: no visible global function definition for 'coefficients'
    err.boot.formula: no visible binding for global variable 'gaussian'
    err.boot.formula: no visible global function definition for
     'model.response'
    err.boot.formula: no visible global function definition for
     'is.empty.model'
    err.boot.formula: no visible global function definition for
     'model.matrix'
    err.boot.formula: no visible global function definition for
     'model.weights'
    err.boot.formula: no visible global function definition for
     'model.offset'
    err.boot.formula: no visible global function definition for
     'model.extract'
    err.boot.formula: no visible global function definition for 'glm.fit'
    err.boot.formula: no visible global function definition for
     '.getXlevels'
    err.boot.formula: no visible global function definition for 'predict'
    err.boot.formula: no visible global function definition for 'rmultinom'
    err.boot.formula: no visible global function definition for 'lm'
    err.boot.formula: no visible global function definition for
     'coefficients'
    err.boot.formula: no visible global function definition for 'residuals'
    err.boot.glm: no visible global function definition for 'predict'
    err.boot.glm: no visible global function definition for 'rmultinom'
    err.boot.lm: no visible global function definition for 'model.matrix'
    err.boot.lm: no visible global function definition for 'model.frame'
    err.boot.lm: no visible global function definition for 'fitted.values'
    err.boot.lm: no visible global function definition for 'residuals'
    err.boot.lm: no visible global function definition for 'lm'
    err.boot.lm: no visible global function definition for 'coefficients'
    funnel.formula: no visible global function definition for
     'model.response'
    funnel.formula: no visible global function definition for
     'model.weights'
    funnel.formula: no visible global function definition for
     'model.offset'
    funnel.formula: no visible global function definition for
     'is.empty.model'
    funnel.formula: no visible global function definition for
     'model.matrix'
    funnel.formula: no visible global function definition for 'lm.fit'
    funnel.formula: no visible global function definition for 'lm.wfit'
    funnel.formula: no visible global function definition for 'par'
    funnel.formula: no visible global function definition for 'quantile'
    funnel.formula: no visible binding for global variable 'var'
    funnel.formula: no visible global function definition for 'plot'
    funnel.formula: no visible global function definition for 'loess'
    funnel.formula: no visible global function definition for 'lines'
    funnel.formula: no visible global function definition for 'fitted'
    funnel.formula: no visible global function definition for 'lm'
    funnel.lm: no visible global function definition for 'par'
    funnel.lm: no visible global function definition for 'fitted'
    funnel.lm: no visible global function definition for 'residuals'
    funnel.lm: no visible global function definition for 'quantile'
    funnel.lm: no visible binding for global variable 'var'
    funnel.lm: no visible global function definition for 'plot'
    funnel.lm: no visible global function definition for 'loess'
    funnel.lm: no visible global function definition for 'lines'
    funnel.lm: no visible global function definition for 'lm'
    influenceplots.formula: no visible binding for global variable
     'gaussian'
    influenceplots.formula: no visible global function definition for
     'model.response'
    influenceplots.formula: no visible global function definition for
     'is.empty.model'
    influenceplots.formula: no visible global function definition for
     'model.matrix'
    influenceplots.formula: no visible global function definition for
     'model.weights'
    influenceplots.formula: no visible global function definition for
     'model.offset'
    influenceplots.formula: no visible global function definition for
     'model.extract'
    influenceplots.formula: no visible global function definition for
     '.getXlevels'
    influenceplots.glm: no visible global function definition for 'par'
    influenceplots.glm: no visible global function definition for
     'residuals'
    influenceplots.glm: no visible global function definition for 'plot'
    influenceplots.glm: no visible global function definition for 'text'
    influenceplots.glm: no visible global function definition for 'abline'
    influenceplots.glm: no visible global function definition for
     'hatvalues'
    influenceplots.glm: no visible global function definition for 'qchisq'
    influenceplots.lm: no visible global function definition for 'par'
    influenceplots.lm: no visible global function definition for
     'lm.influence'
    influenceplots.lm: no visible global function definition for
     'weighted.residuals'
    influenceplots.lm: no visible global function definition for
     'df.residual'
    influenceplots.lm: no visible global function definition for
     'variable.names'
    influenceplots.lm: no visible global function definition for 'qf'
    influenceplots.lm: no visible global function definition for 'plot'
    influenceplots.lm: no visible global function definition for 'points'
    influenceplots.lm: no visible global function definition for 'abline'
    influenceplots.lm: no visible global function definition for 'text'
    reg3d: no visible global function definition for 'sd'
    reg3d: no visible global function definition for 'rgl.open'
    reg3d: no visible global function definition for 'rgl.bg'
    reg3d: no visible global function definition for 'rgl.material'
    reg3d: no visible global function definition for 'rgl.lines'
    reg3d: no visible global function definition for 'rgl.spheres'
    reg3d: no visible global function definition for 'predict'
    reg3d: no visible global function definition for 'lm'
    reg3d: no visible global function definition for 'rgl.surface'
    reg3d: no visible global function definition for 'rgl.texts'
    test.lc.formula: no visible binding for global variable 'gaussian'
    test.lc.formula: no visible binding for global variable 'formula'
    test.lc.formula: no visible global function definition for
     'model.response'
    test.lc.formula: no visible global function definition for
     'is.empty.model'
    test.lc.formula: no visible global function definition for
     'model.matrix'
    test.lc.formula: no visible global function definition for
     'model.weights'
    test.lc.formula: no visible global function definition for
     'model.offset'
    test.lc.formula: no visible global function definition for
     'model.extract'
    test.lc.formula: no visible global function definition for
     '.getXlevels'
    test.lc.formula: no visible global function definition for
     'summary.glm'
    test.lc.formula: no visible global function definition for 'pt'
    test.lc.glm: no visible global function definition for 'coef'
    test.lc.glm: no visible global function definition for 'pnorm'
    test.lc.lm: no visible global function definition for 'coef'
    test.lc.lm: no visible global function definition for 'pt'
    Undefined global functions or variables:
     .getXlevels abline binomial coef coefficients cor df.residual fitted
     fitted.values formula gaussian glm glm.fit hatvalues is.empty.model
     lines lm lm.fit lm.influence lm.wfit loess lsfit model.extract
     model.frame model.matrix model.offset model.response model.weights
     par pchisq plot pnorm points predict pt qchisq qf qnorm quantile
     regsubsets residuals rgl.bg rgl.lines rgl.material rgl.open
     rgl.spheres rgl.surface rgl.texts rmultinom rnorm runif sd
     summary.glm text var variable.names weighted.residuals
Flavor: r-devel-windows-ix86+x86_64

Version: 1.0
Check: R code for possible problems
Result: NOTE
    allpossregs.formula: no visible global function definition for
     ‘regsubsets’
    allpossregs.lm: no visible global function definition for ‘regsubsets’
    reg3d: no visible global function definition for ‘rgl.open’
    reg3d: no visible global function definition for ‘rgl.bg’
    reg3d: no visible global function definition for ‘rgl.material’
    reg3d: no visible global function definition for ‘rgl.lines’
    reg3d: no visible global function definition for ‘rgl.spheres’
    reg3d: no visible global function definition for ‘rgl.surface’
    reg3d: no visible global function definition for ‘rgl.texts’
Flavors: r-patched-linux-x86_64, r-patched-solaris-sparc, r-patched-solaris-x86, r-release-linux-x86_64, r-release-osx-x86_64-mavericks, r-release-windows-ix86+x86_64, r-oldrel-windows-ix86+x86_64