CRAN Package Check Results for Package R330

Last updated on 2015-04-26 23:46:57.

Flavor Version Tinstall Tcheck Ttotal Status Flags
r-devel-linux-x86_64-debian-clang 1.0 1.27 24.04 25.30 NOTE
r-devel-linux-x86_64-debian-gcc 1.0 1.17 23.92 25.09 NOTE
r-devel-linux-x86_64-fedora-clang 1.0 49.74 NOTE
r-devel-linux-x86_64-fedora-gcc 1.0 46.23 NOTE
r-devel-osx-x86_64-clang 1.0 51.16 NOTE
r-devel-windows-ix86+x86_64 1.0 5.00 40.00 45.00 NOTE
r-patched-linux-x86_64 1.0 1.21 23.32 24.53 NOTE
r-patched-solaris-sparc 1.0 325.30 NOTE
r-patched-solaris-x86 1.0 64.30 NOTE
r-release-linux-x86_64 1.0 1.13 23.33 24.46 NOTE
r-release-osx-x86_64-mavericks 1.0 NOTE
r-release-osx-x86_64-snowleopard 1.0 ERROR
r-release-windows-ix86+x86_64 1.0 5.00 42.00 47.00 NOTE
r-oldrel-windows-ix86+x86_64 1.0 7.00 48.00 55.00 NOTE

Check Details

Version: 1.0
Check: DESCRIPTION meta-information
Result: NOTE
    Malformed Description field: should contain one or more complete sentences.
Flavors: r-devel-linux-x86_64-debian-clang, r-devel-linux-x86_64-fedora-clang, r-devel-linux-x86_64-fedora-gcc, r-devel-osx-x86_64-clang, r-devel-windows-ix86+x86_64, r-patched-solaris-sparc, r-patched-solaris-x86, r-release-osx-x86_64-mavericks, r-release-osx-x86_64-snowleopard, r-release-windows-ix86+x86_64

Version: 1.0
Check: dependencies in R code
Result: NOTE
    'library' or 'require' call to ‘rgl’ which was already attached by Depends.
     Please remove these calls from your code.
    Packages in Depends field not imported from:
     ‘lattice’ ‘leaps’ ‘rgl’ ‘s20x’
     These packages need to be imported from (in the NAMESPACE file)
     for when this namespace is loaded but not attached.
Flavors: r-devel-linux-x86_64-debian-clang, r-devel-linux-x86_64-fedora-clang, r-devel-linux-x86_64-fedora-gcc, r-devel-osx-x86_64-clang, r-devel-windows-ix86+x86_64, r-patched-solaris-sparc, r-patched-solaris-x86, r-release-osx-x86_64-mavericks, r-release-osx-x86_64-snowleopard, r-release-windows-ix86+x86_64, r-oldrel-windows-ix86+x86_64

Version: 1.0
Check: R code for possible problems
Result: NOTE
    allpossregs.formula: no visible global function definition for
     ‘regsubsets’
    allpossregs.lm: no visible global function definition for ‘regsubsets’
    reg3d: no visible global function definition for ‘rgl.open’
    reg3d: no visible global function definition for ‘rgl.bg’
    reg3d: no visible global function definition for ‘rgl.material’
    reg3d: no visible global function definition for ‘rgl.lines’
    reg3d: no visible global function definition for ‘rgl.spheres’
    reg3d: no visible global function definition for ‘rgl.surface’
    reg3d: no visible global function definition for ‘rgl.texts’
Flavors: r-devel-linux-x86_64-debian-clang, r-devel-linux-x86_64-fedora-clang, r-devel-linux-x86_64-fedora-gcc, r-devel-osx-x86_64-clang, r-devel-windows-ix86+x86_64, r-patched-solaris-sparc, r-patched-solaris-x86, r-release-osx-x86_64-mavericks, r-release-osx-x86_64-snowleopard, r-release-windows-ix86+x86_64, r-oldrel-windows-ix86+x86_64

Version: 1.0
Check: examples
Result: ERROR
    Running examples in ‘R330-Ex.R’ failed
    The error most likely occurred in:
    
    > ### Name: reg3d
    > ### Title: 3d plot of data
    > ### Aliases: reg3d
    > ### Keywords: aplot
    >
    > ### ** Examples
    >
    > data(fatty.df)
    > reg3d(fatty.df,wire=TRUE)
    Fri Mar 20 19:56:04 hagal.research.att.com R[22664] <Error>: unknown error code: invalid pixel format
    Fri Mar 20 19:56:04 hagal.research.att.com R[22664] <Error>: kCGErrorFailure: Set a breakpoint @ CGErrorBreakpoint() to catch errors as they are logged.
    X Error of failed request: GLXBadContext
     Major opcode of failed request: 0 ()
     Serial number of failed request: 27
     Current serial number in output stream: 27
Flavor: r-release-osx-x86_64-snowleopard