CRAN Package Check Results for Package R330

Last updated on 2014-10-31 08:47:14.

Flavor Version Tinstall Tcheck Ttotal Status Flags
r-devel-linux-x86_64-debian-clang 1.0 1.52 27.46 28.98 NOTE
r-devel-linux-x86_64-debian-gcc 1.0 1.52 27.22 28.74 NOTE
r-devel-linux-x86_64-fedora-clang 1.0 57.63 NOTE
r-devel-linux-x86_64-fedora-gcc 1.0 52.08 NOTE
r-devel-osx-x86_64-clang 1.0 52.82 NOTE
r-devel-windows-ix86+x86_64 1.0 5.00 43.00 48.00 NOTE
r-patched-linux-x86_64 1.0 1.55 27.38 28.93 NOTE
r-patched-solaris-sparc 1.0 333.40 NOTE
r-patched-solaris-x86 1.0 77.30 NOTE
r-release-linux-ix86 1.0 1.98 36.61 38.59 NOTE
r-release-linux-x86_64 1.0 1.46 27.30 28.76 NOTE
r-release-osx-x86_64-mavericks 1.0 NOTE
r-release-osx-x86_64-snowleopard 1.0 NOTE
r-release-windows-ix86+x86_64 1.0 6.00 43.00 49.00 NOTE
r-oldrel-windows-ix86+x86_64 1.0 6.00 43.00 49.00 NOTE

Check Details

Version: 1.0
Check: dependencies in R code
Result: NOTE
    'library' or 'require' call to ‘rgl’ which was already attached by Depends.
     Please remove these calls from your code.
    Packages in Depends field not imported from:
     ‘lattice’ ‘leaps’ ‘rgl’ ‘s20x’
     These packages need to be imported from (in the NAMESPACE file)
     for when this namespace is loaded but not attached.
    See the information on DESCRIPTION files in the chapter ‘Creating R
    packages’ of the ‘Writing R Extensions’ manual.
Flavors: r-devel-linux-x86_64-debian-clang, r-devel-linux-x86_64-debian-gcc, r-devel-linux-x86_64-fedora-clang, r-devel-linux-x86_64-fedora-gcc, r-devel-osx-x86_64-clang, r-devel-windows-ix86+x86_64, r-patched-linux-x86_64, r-patched-solaris-sparc, r-patched-solaris-x86, r-release-linux-ix86, r-release-linux-x86_64, r-release-osx-x86_64-mavericks, r-release-windows-ix86+x86_64, r-oldrel-windows-ix86+x86_64

Version: 1.0
Check: R code for possible problems
Result: NOTE
    allpossregs.formula: no visible global function definition for
     ‘regsubsets’
    allpossregs.lm: no visible global function definition for ‘regsubsets’
    reg3d: no visible global function definition for ‘rgl.open’
    reg3d: no visible global function definition for ‘rgl.bg’
    reg3d: no visible global function definition for ‘rgl.material’
    reg3d: no visible global function definition for ‘rgl.lines’
    reg3d: no visible global function definition for ‘rgl.spheres’
    reg3d: no visible global function definition for ‘rgl.surface’
    reg3d: no visible global function definition for ‘rgl.texts’
Flavors: r-devel-linux-x86_64-debian-clang, r-devel-linux-x86_64-debian-gcc, r-devel-linux-x86_64-fedora-clang, r-devel-linux-x86_64-fedora-gcc, r-devel-osx-x86_64-clang, r-devel-windows-ix86+x86_64, r-patched-linux-x86_64, r-patched-solaris-sparc, r-patched-solaris-x86

Version: 1.0
Check: dependencies in R code
Result: NOTE
    ‘library’ or ‘require’ call to ‘rgl’ which was already attached by Depends.
     Please remove these calls from your code.
    Packages in Depends field not imported from:
     ‘lattice’ ‘leaps’ ‘rgl’ ‘s20x’
     These packages need to be imported from for the case when
     this namespace is loaded but not attached.
    See the information on DESCRIPTION files in the chapter ‘Creating R
    packages’ of the ‘Writing R Extensions’ manual.
Flavor: r-release-osx-x86_64-snowleopard