CRAN Package Check Results for Package R330

Last updated on 2014-07-31 11:51:15.

Flavor Version Tinstall Tcheck Ttotal Status Flags
r-devel-linux-x86_64-debian-clang 1.0 1.40 26.59 27.99 NOTE
r-devel-linux-x86_64-debian-gcc 1.0 2.16 26.88 29.03 NOTE
r-devel-linux-x86_64-fedora-clang 1.0 57.84 NOTE
r-devel-linux-x86_64-fedora-gcc 1.0 54.36 NOTE
r-devel-osx-x86_64-clang 1.0 49.69 NOTE
r-devel-windows-ix86+x86_64 1.0 6.00 45.00 51.00 NOTE
r-patched-linux-x86_64 1.0 1.61 26.49 28.10 NOTE
r-patched-solaris-sparc 1.0 317.60 NOTE
r-patched-solaris-x86 1.0 72.60 NOTE
r-release-linux-ix86 1.0 1.92 35.80 37.72 NOTE
r-release-linux-x86_64 1.0 1.43 26.70 28.13 NOTE
r-release-osx-x86_64-mavericks 1.0 NOTE
r-release-osx-x86_64-snowleopard 1.0 NOTE
r-release-windows-ix86+x86_64 1.0 8.00 60.00 68.00 NOTE
r-oldrel-windows-ix86+x86_64 1.0 11.00 62.00 73.00 NOTE

Check Details

Version: 1.0
Check: dependencies in R code
Result: NOTE
    'library' or 'require' call to rgl which was already attached by Depends.
     Please remove these calls from your code.
    Packages in Depends field not imported from:
     lattice leaps rgl s20x
     These packages need to be imported from (in the NAMESPACE file)
     for when this namespace is loaded but not attached.
    See the information on DESCRIPTION files in the chapter Creating R
    packages of the Writing R Extensions manual.
Flavors: r-devel-linux-x86_64-debian-clang, r-devel-linux-x86_64-debian-gcc, r-devel-linux-x86_64-fedora-clang, r-devel-linux-x86_64-fedora-gcc, r-devel-osx-x86_64-clang, r-devel-windows-ix86+x86_64, r-patched-linux-x86_64, r-patched-solaris-sparc, r-patched-solaris-x86, r-release-linux-ix86, r-release-linux-x86_64, r-release-osx-x86_64-mavericks, r-release-windows-ix86+x86_64, r-oldrel-windows-ix86+x86_64

Version: 1.0
Check: dependencies in R code
Result: NOTE
     library or require call to rgl which was already attached by Depends.
     Please remove these calls from your code.
    Packages in Depends field not imported from:
     lattice leaps rgl s20x
     These packages need to be imported from for the case when
     this namespace is loaded but not attached.
    See the information on DESCRIPTION files in the chapter Creating R
    packages of the Writing R Extensions manual.
Flavor: r-release-osx-x86_64-snowleopard