CRAN Package Check Results for Package R330

Last updated on 2014-04-20 11:47:00.

Flavor Version Tinstall Tcheck Ttotal Status Flags
r-devel-linux-x86_64-debian-clang 1.0 1.53 28.22 29.74 NOTE
r-devel-linux-x86_64-debian-gcc 1.0 1.59 28.03 29.62 NOTE
r-devel-linux-x86_64-fedora-clang 1.0 58.55 NOTE
r-devel-linux-x86_64-fedora-gcc 1.0 54.72 NOTE
r-devel-macosx-x86_64-clang 1.0 52.53 NOTE
r-devel-macosx-x86_64-gcc 1.0 NOTE
r-devel-windows-ix86+x86_64 1.0 5.00 46.00 51.00 NOTE
r-patched-linux-x86_64 1.0 1.49 28.38 29.87 NOTE
r-patched-solaris-sparc 1.0 310.60 NOTE
r-patched-solaris-x86 1.0 71.10 NOTE
r-release-linux-ix86 NOTE
r-release-linux-x86_64 1.0 1.60 28.51 30.11 NOTE
r-release-macosx-x86_64 1.0 NOTE
r-release-windows-ix86+x86_64 1.0 8.00 47.00 55.00 NOTE
r-oldrel-windows-ix86+x86_64 1.0 6.00 46.00 52.00 NOTE

Check Details

Version: 1.0
Check: dependencies in R code
Result: NOTE
    'library' or 'require' call to ‘rgl’ which was already attached by Depends.
     Please remove these calls from your code.
    Packages in Depends field not imported from:
     ‘lattice’ ‘leaps’ ‘rgl’ ‘s20x’
     These packages need to be imported from (in the NAMESPACE file)
     for when this namespace is loaded but not attached.
    See the information on DESCRIPTION files in the chapter ‘Creating R
    packages’ of the ‘Writing R Extensions’ manual.
Flavors: r-devel-linux-x86_64-debian-clang, r-devel-linux-x86_64-debian-gcc, r-devel-linux-x86_64-fedora-clang, r-devel-linux-x86_64-fedora-gcc, r-devel-macosx-x86_64-clang, r-devel-macosx-x86_64-gcc, r-devel-windows-ix86+x86_64, r-patched-linux-x86_64, r-patched-solaris-sparc, r-patched-solaris-x86, r-release-linux-ix86, r-release-linux-x86_64, r-release-windows-ix86+x86_64, r-oldrel-windows-ix86+x86_64

Version: 1.0
Check: dependencies in R code
Result: NOTE
    ‘library’ or ‘require’ call to ‘rgl’ which was already attached by Depends.
     Please remove these calls from your code.
    Packages in Depends field not imported from:
     ‘lattice’ ‘leaps’ ‘rgl’ ‘s20x’
     These packages need to be imported from for the case when
     this namespace is loaded but not attached.
    See the information on DESCRIPTION files in the chapter ‘Creating R
    packages’ of the ‘Writing R Extensions’ manual.
Flavor: r-release-macosx-x86_64