CRAN Package Check Results for Package R3port

Last updated on 2019-06-25 11:50:30 CEST.

Flavor Version Tinstall Tcheck Ttotal Status Flags
r-devel-linux-x86_64-debian-clang 0.1.1 3.55 37.77 41.32 NOTE
r-devel-linux-x86_64-debian-gcc 0.1.1 3.20 30.64 33.84 NOTE
r-devel-linux-x86_64-fedora-clang 0.1.1 51.32 OK
r-devel-linux-x86_64-fedora-gcc 0.1.1 49.53 OK
r-devel-windows-ix86+x86_64 0.1.1 12.00 70.00 82.00 OK
r-patched-linux-x86_64 0.1.1 4.20 37.82 42.02 OK
r-patched-solaris-x86 0.1.1 84.70 OK
r-release-linux-x86_64 0.1.1 2.97 37.89 40.86 OK
r-release-windows-ix86+x86_64 0.1.1 8.00 75.00 83.00 OK
r-release-osx-x86_64 0.1.1 OK
r-oldrel-windows-ix86+x86_64 0.1.1 6.00 51.00 57.00 OK
r-oldrel-osx-x86_64 0.1.1 OK

Check Details

Version: 0.1.1
Check: package vignettes
Result: NOTE
    Package vignette with placeholder title 'Vignette Title':
     'R3port-vignette.Rmd'
Flavors: r-devel-linux-x86_64-debian-clang, r-devel-linux-x86_64-debian-gcc