CRAN Package Check Results for Package R3port

Last updated on 2022-10-05 07:51:43 CEST.

Flavor Version Tinstall Tcheck Ttotal Status Flags
r-devel-linux-x86_64-debian-clang 0.2.4 4.79 47.27 52.06 NOTE
r-devel-linux-x86_64-debian-gcc 0.2.4 3.40 36.19 39.59 NOTE
r-devel-linux-x86_64-fedora-clang 0.2.4 82.20 NOTE
r-devel-linux-x86_64-fedora-gcc 0.2.4 74.50 NOTE
r-devel-windows-x86_64 0.2.4 22.00 85.00 107.00 NOTE
r-patched-linux-x86_64 0.2.4 7.94 43.87 51.81 NOTE
r-release-linux-x86_64 0.2.4 3.13 44.17 47.30 NOTE
r-release-macos-arm64 0.2.4 24.00 NOTE
r-release-macos-x86_64 0.2.4 32.00 NOTE
r-release-windows-x86_64 0.2.4 25.00 82.00 107.00 NOTE
r-oldrel-macos-arm64 0.2.4 27.00 NOTE
r-oldrel-macos-x86_64 0.2.4 38.00 NOTE
r-oldrel-windows-ix86+x86_64 0.2.4 10.00 74.00 84.00 NOTE

Check Details

Version: 0.2.4
Check: LazyData
Result: NOTE
     'LazyData' is specified without a 'data' directory
Flavors: r-devel-linux-x86_64-debian-clang, r-devel-linux-x86_64-debian-gcc, r-devel-linux-x86_64-fedora-clang, r-devel-linux-x86_64-fedora-gcc, r-devel-windows-x86_64, r-patched-linux-x86_64, r-release-linux-x86_64, r-release-macos-arm64, r-release-macos-x86_64, r-release-windows-x86_64, r-oldrel-macos-arm64, r-oldrel-macos-x86_64, r-oldrel-windows-ix86+x86_64