Last updated on 2023-05-31 16:57:01 CEST.
Flavor | Version | Tinstall | Tcheck | Ttotal | Status | Flags |
---|---|---|---|---|---|---|
r-devel-linux-x86_64-debian-clang | 0.1.29 | 105.97 | 212.15 | 318.12 | OK | |
r-devel-linux-x86_64-debian-gcc | 0.1.29 | 93.73 | 160.52 | 254.25 | OK | |
r-devel-linux-x86_64-fedora-clang | 0.1.29 | 391.81 | OK | |||
r-devel-linux-x86_64-fedora-gcc | 0.1.29 | 419.45 | OK | |||
r-devel-windows-x86_64 | 0.1.29 | 73.00 | 194.00 | 267.00 | OK | |
r-patched-linux-x86_64 | 0.1.29 | OK | ||||
r-release-linux-x86_64 | 0.1.29 | 66.23 | 205.05 | 271.28 | OK | |
r-release-macos-arm64 | 0.1.29 | 124.00 | NOTE | |||
r-release-macos-x86_64 | 0.1.29 | 193.00 | NOTE | |||
r-release-windows-x86_64 | 0.1.29 | 97.00 | 245.00 | 342.00 | OK | |
r-oldrel-macos-arm64 | 0.1.29 | 106.00 | NOTE | |||
r-oldrel-macos-x86_64 | 0.1.29 | 127.00 | NOTE | |||
r-oldrel-windows-x86_64 | 0.1.29 | 89.00 | 224.00 | 313.00 | OK |
Version: 0.1.29
Check: installed package size
Result: NOTE
installed size is 31.9Mb
sub-directories of 1Mb or more:
libs 30.6Mb
Flavors: r-release-macos-arm64, r-release-macos-x86_64, r-oldrel-macos-arm64, r-oldrel-macos-x86_64
Version: 0.1.29
Check: package dependencies
Result: NOTE
Package suggested but not available for checking: ‘ggtree’
Flavor: r-oldrel-macos-arm64