CRAN Package Check Results for Package RAMpath

Last updated on 2016-05-27 11:50:18.

Flavor Version Tinstall Tcheck Ttotal Status Flags
r-devel-linux-x86_64-debian-gcc 0.3.8 1.06 24.76 25.82 NOTE
r-devel-linux-x86_64-fedora-clang 0.3.8 45.94 NOTE
r-devel-linux-x86_64-fedora-gcc 0.3.8 42.87 NOTE
r-devel-osx-x86_64-clang 0.3.8 52.38 NOTE
r-devel-windows-ix86+x86_64 0.3.8 4.00 51.00 55.00 NOTE
r-patched-linux-x86_64 0.3.8 1.14 23.98 25.12 NOTE
r-patched-solaris-sparc 0.3.8 304.80 NOTE
r-patched-solaris-x86 0.3.8 59.80 NOTE
r-release-linux-x86_64 0.3.8 1.06 23.92 24.97 NOTE
r-release-osx-x86_64-mavericks 0.3.8 NOTE
r-release-windows-ix86+x86_64 0.3.8 6.00 46.00 52.00 NOTE
r-oldrel-windows-ix86+x86_64 0.3.8 5.00 63.00 68.00 OK

Check Details

Version: 0.3.8
Check: R code for possible problems
Result: NOTE
    plot.blcs: no visible global function definition for ‘plot’
    plot.blcs: no visible global function definition for ‘arrows’
    plot.blcs: no visible global function definition for ‘points’
    plot.blcs: no visible global function definition for ‘lines’
    plot.blcs: no visible global function definition for ‘cor’
    plot.blcs: no visible global function definition for ‘sd’
    ramEffectSE: no visible global function definition for ‘deriv’
    ramVF: no visible global function definition for ‘plot’
    ramVF: no visible global function definition for ‘arrows’
    ramVF: no visible global function definition for ‘points’
    ramVF: no visible global function definition for ‘lines’
    ramVF: no visible global function definition for ‘cor’
    ramVF: no visible global function definition for ‘sd’
    Undefined global functions or variables:
     arrows cor deriv lines plot points sd
    Consider adding
     importFrom("graphics", "arrows", "lines", "plot", "points")
     importFrom("stats", "cor", "deriv", "sd")
    to your NAMESPACE file.
Flavors: r-devel-linux-x86_64-debian-gcc, r-devel-linux-x86_64-fedora-clang, r-devel-linux-x86_64-fedora-gcc, r-devel-osx-x86_64-clang, r-devel-windows-ix86+x86_64, r-patched-linux-x86_64, r-patched-solaris-sparc, r-patched-solaris-x86, r-release-linux-x86_64, r-release-osx-x86_64-mavericks, r-release-windows-ix86+x86_64