CRAN Package Check Results for Package RAMpath

Last updated on 2016-06-26 00:47:16.

Flavor Version Tinstall Tcheck Ttotal Status Flags
r-devel-linux-x86_64-debian-gcc 0.3.8 1.41 25.61 27.02 NOTE
r-devel-linux-x86_64-fedora-clang 0.3.8 44.92 NOTE
r-devel-linux-x86_64-fedora-gcc 0.3.8 42.21 NOTE
r-devel-osx-x86_64-clang 0.3.8 38.57 NOTE
r-devel-windows-ix86+x86_64 0.3.8 6.00 67.00 73.00 NOTE
r-patched-linux-x86_64 0.3.8 1.14 26.30 27.44 NOTE
r-patched-solaris-sparc 0.3.8 296.90 NOTE
r-patched-solaris-x86 0.3.8 59.80 NOTE
r-release-linux-x86_64 0.3.8 1.14 25.07 26.21 NOTE
r-release-osx-x86_64-mavericks 0.3.8 NOTE
r-release-windows-ix86+x86_64 0.3.8 5.00 47.00 52.00 NOTE
r-oldrel-windows-ix86+x86_64 0.3.8 8.00 65.00 73.00 OK

Check Details

Version: 0.3.8
Check: R code for possible problems
Result: NOTE
    plot.blcs: no visible global function definition for ‘plot’
    plot.blcs: no visible global function definition for ‘arrows’
    plot.blcs: no visible global function definition for ‘points’
    plot.blcs: no visible global function definition for ‘lines’
    plot.blcs: no visible global function definition for ‘cor’
    plot.blcs: no visible global function definition for ‘sd’
    ramEffectSE: no visible global function definition for ‘deriv’
    ramVF: no visible global function definition for ‘plot’
    ramVF: no visible global function definition for ‘arrows’
    ramVF: no visible global function definition for ‘points’
    ramVF: no visible global function definition for ‘lines’
    ramVF: no visible global function definition for ‘cor’
    ramVF: no visible global function definition for ‘sd’
    Undefined global functions or variables:
     arrows cor deriv lines plot points sd
    Consider adding
     importFrom("graphics", "arrows", "lines", "plot", "points")
     importFrom("stats", "cor", "deriv", "sd")
    to your NAMESPACE file.
Flavors: r-devel-linux-x86_64-debian-gcc, r-devel-linux-x86_64-fedora-clang, r-devel-linux-x86_64-fedora-gcc, r-devel-osx-x86_64-clang, r-devel-windows-ix86+x86_64, r-patched-linux-x86_64, r-patched-solaris-sparc, r-patched-solaris-x86, r-release-linux-x86_64, r-release-osx-x86_64-mavericks, r-release-windows-ix86+x86_64