CRAN Package Check Results for Package RAMpath

Last updated on 2015-07-28 14:49:09.

Flavor Version Tinstall Tcheck Ttotal Status Flags
r-devel-linux-x86_64-debian-clang 0.3.8 1.06 23.54 24.60 NOTE
r-devel-linux-x86_64-debian-gcc 0.3.8 1.01 23.73 24.74 NOTE
r-devel-linux-x86_64-fedora-clang 0.3.8 48.12 NOTE
r-devel-linux-x86_64-fedora-gcc 0.3.8 45.07 NOTE
r-devel-osx-x86_64-clang 0.3.8 45.96 OK
r-devel-windows-ix86+x86_64 0.3.8 4.00 41.00 45.00 NOTE
r-patched-linux-x86_64 0.3.8 1.22 23.70 24.92 OK
r-patched-solaris-sparc 0.3.8 313.30 OK
r-patched-solaris-x86 0.3.8 64.80 OK
r-release-linux-x86_64 0.3.8 1.04 24.56 25.60 OK
r-release-osx-x86_64-mavericks 0.3.8 OK
r-release-windows-ix86+x86_64 0.3.8 6.00 38.00 44.00 OK
r-oldrel-windows-ix86+x86_64 0.3.8 8.00 47.00 55.00 OK

Check Details

Version: 0.3.8
Check: R code for possible problems
Result: NOTE
    plot.blcs: no visible global function definition for ‘plot’
    plot.blcs: no visible global function definition for ‘arrows’
    plot.blcs: no visible global function definition for ‘points’
    plot.blcs: no visible global function definition for ‘lines’
    plot.blcs: no visible global function definition for ‘cor’
    plot.blcs: no visible global function definition for ‘sd’
    ramEffectSE: no visible global function definition for ‘deriv’
    ramVF: no visible global function definition for ‘plot’
    ramVF: no visible global function definition for ‘arrows’
    ramVF: no visible global function definition for ‘points’
    ramVF: no visible global function definition for ‘lines’
    ramVF: no visible global function definition for ‘cor’
    ramVF: no visible global function definition for ‘sd’
    Undefined global functions or variables:
     arrows cor deriv lines plot points sd
    Consider adding
     importFrom("graphics", "arrows", "lines", "plot", "points")
     importFrom("stats", "cor", "deriv", "sd")
    to your NAMESPACE.
Flavors: r-devel-linux-x86_64-debian-clang, r-devel-linux-x86_64-debian-gcc, r-devel-linux-x86_64-fedora-clang, r-devel-linux-x86_64-fedora-gcc, r-devel-windows-ix86+x86_64