CRAN Package Check Results for Package RAMpath

Last updated on 2015-09-02 06:48:10.

Flavor Version Tinstall Tcheck Ttotal Status Flags
r-devel-linux-x86_64-debian-clang 0.3.8 0.95 23.48 24.44 NOTE
r-devel-linux-x86_64-debian-gcc 0.3.8 0.96 22.88 23.85 NOTE
r-devel-linux-x86_64-fedora-clang 0.3.8 44.94 NOTE
r-devel-linux-x86_64-fedora-gcc 0.3.8 43.57 NOTE
r-devel-osx-x86_64-clang 0.3.8 41.57 OK
r-devel-windows-ix86+x86_64 0.3.8 7.00 42.00 49.00 NOTE
r-patched-linux-x86_64 0.3.8 1.04 23.73 24.78 OK
r-patched-solaris-sparc 0.3.8 313.30 OK
r-patched-solaris-x86 0.3.8 65.40 OK
r-release-linux-x86_64 0.3.8 1.08 25.32 26.40 OK
r-release-osx-x86_64-mavericks 0.3.8 OK
r-release-windows-ix86+x86_64 0.3.8 6.00 42.00 48.00 OK
r-oldrel-windows-ix86+x86_64 0.3.8 8.00 50.00 58.00 OK

Check Details

Version: 0.3.8
Check: R code for possible problems
Result: NOTE
    plot.blcs: no visible global function definition for ‘plot’
    plot.blcs: no visible global function definition for ‘arrows’
    plot.blcs: no visible global function definition for ‘points’
    plot.blcs: no visible global function definition for ‘lines’
    plot.blcs: no visible global function definition for ‘cor’
    plot.blcs: no visible global function definition for ‘sd’
    ramEffectSE: no visible global function definition for ‘deriv’
    ramVF: no visible global function definition for ‘plot’
    ramVF: no visible global function definition for ‘arrows’
    ramVF: no visible global function definition for ‘points’
    ramVF: no visible global function definition for ‘lines’
    ramVF: no visible global function definition for ‘cor’
    ramVF: no visible global function definition for ‘sd’
    Undefined global functions or variables:
     arrows cor deriv lines plot points sd
    Consider adding
     importFrom("graphics", "arrows", "lines", "plot", "points")
     importFrom("stats", "cor", "deriv", "sd")
    to your NAMESPACE.
Flavors: r-devel-linux-x86_64-debian-clang, r-devel-linux-x86_64-debian-gcc, r-devel-linux-x86_64-fedora-clang, r-devel-linux-x86_64-fedora-gcc, r-devel-windows-ix86+x86_64