CRAN Package Check Results for Package RAMpath

Last updated on 2014-04-24 09:49:08.

Flavor Version Tinstall Tcheck Ttotal Status Flags
r-devel-linux-x86_64-debian-clang 0.3.8 1.39 27.03 28.42 OK
r-devel-linux-x86_64-debian-gcc 0.3.8 1.45 27.47 28.92 OK
r-devel-linux-x86_64-fedora-clang 0.3.8 56.91 OK
r-devel-linux-x86_64-fedora-gcc 0.3.8 53.76 OK
r-devel-osx-x86_64-clang 0.3.8 53.02 OK
r-devel-osx-x86_64-gcc 0.3.8 OK
r-devel-windows-ix86+x86_64 0.3.8 4.00 42.00 46.00 OK
r-patched-linux-x86_64 0.3.8 1.24 26.56 27.80 OK
r-patched-solaris-sparc 0.3.8 328.20 OK
r-patched-solaris-x86 0.3.8 72.70 OK
r-release-linux-ix86 0.3.8 2.00 47.00 49.00 OK
r-release-linux-x86_64 0.3.8 1.26 26.73 27.99 OK
r-release-osx-x86_64-mavericks 0.3.8 WARN
r-release-osx-x86_64-snowleopard 0.3.8 OK
r-release-windows-ix86+x86_64 0.3.8 5.00 41.00 46.00 OK
r-oldrel-windows-ix86+x86_64 0.3.8 4.00 41.00 45.00 OK

Check Details

Version: 0.3.8
Check: PDF version of manual
Result: WARNING
    LaTeX errors when creating PDF version.
    This typically indicates Rd problems.
    LaTeX errors found:
    ! LaTeX Error: File `upquote.sty' not found.
    
    Type X to quit or <RETURN> to proceed,
    or enter new name. (Default extension: sty)
    
    07c52cb/Rd2.tex:8: ==> Fatal error occurred, no output PDF file produced!
Flavor: r-release-osx-x86_64-mavericks