CRAN Package Check Results for Package RANN

Last updated on 2017-03-29 23:53:25.

Flavor Version Tinstall Tcheck Ttotal Status Flags
r-devel-linux-x86_64-debian-clang 2.5 5.72 10.82 16.54 NOTE
r-devel-linux-x86_64-debian-gcc 2.5 5.29 10.89 16.19 NOTE
r-devel-linux-x86_64-fedora-clang 2.5 36.83 NOTE --no-stop-on-test-error
r-devel-linux-x86_64-fedora-gcc 2.5 25.30 NOTE --no-stop-on-test-error
r-devel-macos-x86_64-clang 2.5 27.08 NOTE --no-stop-on-test-error
r-devel-windows-ix86+x86_64 2.5 31.00 39.00 70.00 OK
r-patched-linux-x86_64 2.5 4.18 10.80 14.98 NOTE
r-patched-solaris-sparc 2.5 172.80 OK
r-patched-solaris-x86 2.5 42.40 OK
r-release-linux-x86_64 2.5 4.18 8.83 13.01 OK
r-release-osx-x86_64-mavericks 2.5 OK
r-release-windows-ix86+x86_64 2.5 69.00 34.00 103.00 OK
r-oldrel-windows-ix86+x86_64 2.5 63.00 29.00 92.00 OK

Check Details

Version: 2.5
Check: compiled code
Result: NOTE
    File ‘RANN/libs/RANN.so’:
     Found no calls to: ‘R_registerRoutines’, ‘R_useDynamicSymbols’
    
    It is good practice to register native routines and to disable symbol
    search.
    
    See ‘Writing portable packages’ in the ‘Writing R Extensions’ manual.
Flavors: r-devel-linux-x86_64-debian-clang, r-devel-linux-x86_64-debian-gcc, r-patched-linux-x86_64

Version: 2.5
Flags: --no-stop-on-test-error
Check: compiled code
Result: NOTE
    File ‘RANN/libs/RANN.so’:
     Found no calls to: ‘R_registerRoutines’, ‘R_useDynamicSymbols’
    
    It is good practice to register native routines and to disable symbol
    search.
    
    See ‘Writing portable packages’ in the ‘Writing R Extensions’ manual.
Flavors: r-devel-linux-x86_64-fedora-clang, r-devel-linux-x86_64-fedora-gcc, r-devel-macos-x86_64-clang