CRAN Package Check Results for Package RANN

Last updated on 2017-12-15 04:47:35 CET.

Flavor Version Tinstall Tcheck Ttotal Status Flags
r-devel-linux-x86_64-debian-clang 2.5.1 7.15 10.74 17.89 FAIL
r-devel-linux-x86_64-debian-gcc 2.5.1 5.34 13.65 18.99 OK
r-devel-linux-x86_64-fedora-clang 2.5.1 41.52 OK
r-devel-linux-x86_64-fedora-gcc 2.5.1 27.45 OK
r-devel-windows-ix86+x86_64 2.5.1 42.00 35.00 77.00 OK
r-patched-linux-x86_64 2.5.1 6.47 14.68 21.15 OK
r-patched-solaris-x86 2.5.1 41.90 OK
r-release-linux-x86_64 2.5.1 6.63 14.74 21.37 OK
r-release-windows-ix86+x86_64 2.5.1 30.00 35.00 65.00 OK
r-release-osx-x86_64 2.5.1 OK
r-oldrel-windows-ix86+x86_64 2.5.1 43.00 47.00 90.00 OK
r-oldrel-osx-x86_64 2.5.1 OK

Check Details

Version: 2.5.1
Check: pragmas in C/C++ headers and code
Result: FAIL
    
Flavor: r-devel-linux-x86_64-debian-clang