CRAN Package Check Results for Package RANN

Last updated on 2014-04-25 05:47:22.

Flavor Version Tinstall Tcheck Ttotal Status Flags
r-devel-linux-x86_64-debian-clang 2.3.0 3.86 9.38 13.24 NOTE
r-devel-linux-x86_64-debian-gcc 2.3.0 4.26 8.91 13.17 WARN
r-devel-linux-x86_64-fedora-clang 2.3.0 30.20 NOTE
r-devel-linux-x86_64-fedora-gcc 2.3.0 24.03 WARN
r-devel-osx-x86_64-clang 2.3.0 33.37 OK
r-devel-osx-x86_64-gcc 2.3.0 OK
r-devel-windows-ix86+x86_64 2.3.0 27.00 27.00 54.00 WARN
r-patched-linux-x86_64 2.3.0 4.26 8.79 13.06 WARN
r-patched-solaris-sparc 2.3.0 137.80 OK
r-patched-solaris-x86 2.3.0 35.70 OK
r-release-linux-ix86 2.3.0 8.00 21.00 29.00 WARN
r-release-linux-x86_64 2.3.0 4.35 8.73 13.08 WARN
r-release-osx-x86_64-mavericks 2.3.0 OK
r-release-windows-ix86+x86_64 2.3.0 49.00 39.00 88.00 WARN
r-oldrel-windows-ix86+x86_64 2.3.0 28.00 27.00 55.00 OK

Check Details

Version: 2.3.0
Check: whether package can be installed
Result: NOTE
    Found the following warnings:
     kd_dump.cpp:446:1: warning: control may reach end of non-void function [-Wreturn-type]
    See ‘/home/hornik/tmp/R.check/r-devel-clang/Work/PKGS/RANN.Rcheck/00install.out’ for details.
Flavor: r-devel-linux-x86_64-debian-clang

Version: 2.3.0
Check: whether package can be installed
Result: WARNING
    Found the following significant warnings:
     kd_dump.cpp:446:1: warning: control reaches end of non-void function [-Wreturn-type]
    See ‘/home/hornik/tmp/R.check/r-devel-gcc/Work/PKGS/RANN.Rcheck/00install.out’ for details.
Flavor: r-devel-linux-x86_64-debian-gcc

Version: 2.3.0
Check: whether package can be installed
Result: NOTE
    Found the following warnings:
     kd_dump.cpp:446:1: warning: control may reach end of non-void function [-Wreturn-type]
    See ‘/data/gannet/ripley/R/packages/tests-clang/RANN.Rcheck/00install.out’ for details.
Flavor: r-devel-linux-x86_64-fedora-clang

Version: 2.3.0
Check: whether package can be installed
Result: WARNING
    Found the following significant warnings:
     kd_dump.cpp:446:1: warning: control reaches end of non-void function [-Wreturn-type]
    See ‘/data/gannet/ripley/R/packages/tests-devel/RANN.Rcheck/00install.out’ for details.
Flavor: r-devel-linux-x86_64-fedora-gcc

Version: 2.3.0
Check: whether package can be installed
Result: WARNING
    Found the following significant warnings:
     kd_dump.cpp:446:1: warning: control reaches end of non-void function [-Wreturn-type]
     kd_dump.cpp:446:1: warning: control reaches end of non-void function [-Wreturn-type]
    See 'd:/Rcompile/CRANpkg/local/3.2/RANN.Rcheck/00install.out' for details.
Flavor: r-devel-windows-ix86+x86_64

Version: 2.3.0
Check: whether package can be installed
Result: WARNING
    Found the following significant warnings:
     kd_dump.cpp:446:1: warning: control reaches end of non-void function [-Wreturn-type]
    See ‘/home/hornik/tmp/R.check/r-patched-gcc/Work/PKGS/RANN.Rcheck/00install.out’ for details.
Flavor: r-patched-linux-x86_64

Version: 2.3.0
Check: whether package can be installed
Result: WARNING
    Found the following significant warnings:
     kd_dump.cpp:446:1: warning: control reaches end of non-void function [-Wreturn-type]
    See ‘/home/hornik/tmp/R.check/r-release-gcc/Work/PKGS/RANN.Rcheck/00install.out’ for details.
Flavors: r-release-linux-ix86, r-release-linux-x86_64

Version: 2.3.0
Check: whether package can be installed
Result: WARNING
    Found the following significant warnings:
     kd_dump.cpp:446:1: warning: control reaches end of non-void function [-Wreturn-type]
     kd_dump.cpp:446:1: warning: control reaches end of non-void function [-Wreturn-type]
    See 'd:/Rcompile/CRANpkg/local/3.1/RANN.Rcheck/00install.out' for details.
Flavor: r-release-windows-ix86+x86_64