CRAN Package Check Results for Package RANN

Last updated on 2014-07-23 19:49:21.

Flavor Version Tinstall Tcheck Ttotal Status Flags
r-devel-linux-x86_64-debian-clang 2.4.1 3.85 8.84 12.69 OK
r-devel-linux-x86_64-debian-gcc 2.4.1 4.21 8.89 13.10 OK
r-devel-linux-x86_64-fedora-clang 2.4.1 31.68 OK
r-devel-linux-x86_64-fedora-gcc 2.4.1 24.31 OK
r-devel-osx-x86_64-clang 2.4.1 32.60 OK
r-devel-windows-ix86+x86_64 2.4.1 24.00 29.00 53.00 OK
r-patched-linux-x86_64 2.4.1 4.22 9.00 13.22 OK
r-patched-solaris-sparc 2.4.1 139.40 OK
r-patched-solaris-x86 2.4.1 35.10 OK
r-release-linux-ix86 2.3.0 5.98 14.52 20.50 WARN
r-release-linux-x86_64 2.4.1 4.52 8.90 13.42 OK
r-release-osx-x86_64-mavericks 2.4.1 OK
r-release-osx-x86_64-snowleopard 2.4.1 OK
r-release-windows-ix86+x86_64 2.4.1 25.00 31.00 56.00 OK
r-oldrel-windows-ix86+x86_64 2.4.1 26.00 40.00 66.00 OK

Check Details

Version: 2.3.0
Check: whether package can be installed
Result: WARNING
    Found the following significant warnings:
     kd_dump.cpp:446:1: warning: control reaches end of non-void function [-Wreturn-type]
    See ‘/home/hornik/tmp/R.check/r-release-gcc/Work/PKGS/RANN.Rcheck/00install.out’ for details.
Flavor: r-release-linux-ix86