CRAN Package Check Results for Package RANN

Last updated on 2017-02-23 11:49:09.

Flavor Version Tinstall Tcheck Ttotal Status Flags
r-devel-linux-x86_64-debian-clang 2.5 5.44 10.61 16.05 NOTE
r-devel-linux-x86_64-debian-gcc 2.5 4.96 10.80 15.75 NOTE
r-devel-linux-x86_64-fedora-clang 2.5 35.18 NOTE --no-stop-on-test-error
r-devel-linux-x86_64-fedora-gcc 2.5 24.68 NOTE --no-stop-on-test-error
r-devel-macos-x86_64-clang 2.5 27.43 NOTE --no-stop-on-test-error
r-devel-windows-ix86+x86_64 2.5 46.00 57.00 103.00 OK
r-patched-linux-x86_64 2.5 4.12 8.86 12.98 OK
r-patched-solaris-sparc 2.5 121.80 OK
r-patched-solaris-x86 2.5 31.40 OK
r-release-linux-x86_64 2.5 4.23 8.91 13.14 OK
r-release-osx-x86_64-mavericks 2.5 OK
r-release-windows-ix86+x86_64 2.5 43.00 48.00 91.00 OK
r-oldrel-windows-ix86+x86_64 2.5 44.00 40.00 84.00 OK

Check Details

Version: 2.5
Check: compiled code
Result: NOTE
    File ‘RANN/libs/RANN.so’:
     Found no calls to: ‘R_registerRoutines’, ‘R_useDynamicSymbols’
    
    It is good practice to register native routines and to disable symbol
    search.
    
    See ‘Writing portable packages’ in the ‘Writing R Extensions’ manual.
Flavors: r-devel-linux-x86_64-debian-clang, r-devel-linux-x86_64-debian-gcc

Version: 2.5
Flags: --no-stop-on-test-error
Check: compiled code
Result: NOTE
    File ‘RANN/libs/RANN.so’:
     Found no calls to: ‘R_registerRoutines’, ‘R_useDynamicSymbols’
    
    It is good practice to register native routines and to disable symbol
    search.
    
    See ‘Writing portable packages’ in the ‘Writing R Extensions’ manual.
Flavors: r-devel-linux-x86_64-fedora-clang, r-devel-linux-x86_64-fedora-gcc, r-devel-macos-x86_64-clang