CRAN Package Check Results for Package RAppArmor

Last updated on 2017-01-21 10:48:43.

Flavor Version Tinstall Tcheck Ttotal Status Flags
r-devel-linux-x86_64-debian-clang 2.0.2 1.57 17.47 19.04 OK
r-devel-linux-x86_64-debian-gcc 2.0.2 1.48 17.26 18.74 OK
r-devel-linux-x86_64-fedora-clang 2.0.2 33.87 OK --no-stop-on-test-error
r-devel-linux-x86_64-fedora-gcc 2.0.2 32.74 OK --no-stop-on-test-error
r-patched-linux-x86_64 2.0.2 1.29 13.08 14.37 OK
r-release-linux-x86_64 2.0.2 1.38 12.93 14.31 OK
r-release-osx-x86_64-mavericks 2.0.2 ERROR

Check Details

Version: 2.0.2
Check: whether package can be installed
Result: ERROR
    Installation failed.
Flavor: r-release-osx-x86_64-mavericks