CRAN Package Check Results for Package RAppArmor

Last updated on 2015-08-04 16:48:41.

Flavor Version Tinstall Tcheck Ttotal Status Flags
r-devel-linux-x86_64-debian-clang 1.0.1 2.42 17.64 20.06 NOTE
r-devel-linux-x86_64-debian-gcc 1.0.1 2.10 17.09 19.19 NOTE
r-devel-linux-x86_64-fedora-clang 1.0.1 29.29 NOTE --install=fake
r-devel-linux-x86_64-fedora-gcc 1.0.1 27.07 NOTE --install=fake
r-patched-linux-x86_64 1.0.1 2.23 17.45 19.68 NOTE
r-release-linux-x86_64 1.0.1 2.37 17.40 19.76 NOTE
r-release-osx-x86_64-mavericks 1.0.1 ERROR

Check Details

Version: 1.0.1
Check: DESCRIPTION meta-information
Result: NOTE
    Malformed Title field: should not end in a period.
Flavors: r-devel-linux-x86_64-debian-clang, r-devel-linux-x86_64-debian-gcc, r-patched-linux-x86_64, r-release-linux-x86_64

Version: 1.0.1
Check: dependencies in R code
Result: NOTE
    'library' or 'require' call to ‘testthat’ in package code.
     Please use :: or requireNamespace() instead.
     See section 'Suggested packages' in the 'Writing R Extensions' manual.
Flavors: r-devel-linux-x86_64-debian-clang, r-devel-linux-x86_64-debian-gcc, r-patched-linux-x86_64, r-release-linux-x86_64

Version: 1.0.1
Check: R code for possible problems
Result: NOTE
    eval.secure: no visible binding for global variable ‘pdf’
    unittests: no visible global function definition for ‘test_package’
    userinfo: no visible global function definition for ‘read.table’
    Undefined global functions or variables:
     pdf read.table test_package
    Consider adding
     importFrom("grDevices", "pdf")
     importFrom("utils", "read.table")
    to your NAMESPACE.
Flavors: r-devel-linux-x86_64-debian-clang, r-devel-linux-x86_64-debian-gcc

Version: 1.0.1
Flags: --install=fake
Check: DESCRIPTION meta-information
Result: NOTE
    Malformed Title field: should not end in a period.
Flavors: r-devel-linux-x86_64-fedora-clang, r-devel-linux-x86_64-fedora-gcc

Version: 1.0.1
Flags: --install=fake
Check: dependencies in R code
Result: NOTE
    'library' or 'require' call to ‘testthat’ in package code.
     Please use :: or requireNamespace() instead.
     See section 'Suggested packages' in the 'Writing R Extensions' manual.
Flavors: r-devel-linux-x86_64-fedora-clang, r-devel-linux-x86_64-fedora-gcc

Version: 1.0.1
Flags: --install=fake
Check: R code for possible problems
Result: NOTE
    eval.secure: no visible binding for global variable ‘pdf’
    unittests: no visible global function definition for ‘test_package’
    userinfo: no visible global function definition for ‘read.table’
    Undefined global functions or variables:
     pdf read.table test_package
    Consider adding
     importFrom("grDevices", "pdf")
     importFrom("utils", "read.table")
    to your NAMESPACE.
Flavors: r-devel-linux-x86_64-fedora-clang, r-devel-linux-x86_64-fedora-gcc

Version: 1.0.1
Check: R code for possible problems
Result: NOTE
    unittests: no visible global function definition for ‘test_package’
Flavors: r-patched-linux-x86_64, r-release-linux-x86_64

Version: 1.0.1
Check: whether package can be installed
Result: ERROR
    Installation failed.
Flavor: r-release-osx-x86_64-mavericks