CRAN Package Check Results for Package RAppArmor

Last updated on 2016-07-23 19:47:55.

Flavor Version Tinstall Tcheck Ttotal Status Flags
r-devel-linux-x86_64-debian-clang 2.0.2 1.85 15.46 17.31 OK
r-devel-linux-x86_64-debian-gcc 2.0.2 1.66 15.95 17.61 OK
r-devel-linux-x86_64-fedora-clang 2.0.2 25.17 OK
r-devel-linux-x86_64-fedora-gcc 2.0.2 23.41 OK
r-patched-linux-x86_64 2.0.2 1.48 14.65 16.13 OK
r-release-linux-x86_64 2.0.2 1.59 14.71 16.30 OK
r-release-osx-x86_64-mavericks 2.0.2 ERROR

Check Details

Version: 2.0.2
Check: whether package can be installed
Result: ERROR
    Installation failed.
Flavor: r-release-osx-x86_64-mavericks