CRAN Package Check Results for Package RAppArmor

Last updated on 2015-04-25 06:46:26.

Flavor Version Tinstall Tcheck Ttotal Status Flags
r-devel-linux-x86_64-debian-clang 1.0.1 2.48 18.04 20.52 NOTE
r-devel-linux-x86_64-debian-gcc 1.0.1 2.16 18.75 20.92 NOTE
r-devel-linux-x86_64-fedora-clang 1.0.1 29.83 NOTE --install=fake
r-devel-linux-x86_64-fedora-gcc 1.0.1 29.19 NOTE --install=fake
r-patched-linux-x86_64 1.0.1 2.23 18.02 20.25 NOTE
r-release-linux-x86_64 1.0.1 2.27 17.73 20.00 NOTE
r-release-osx-x86_64-mavericks 1.0.1 ERROR
r-release-osx-x86_64-snowleopard 1.0.1 ERROR

Check Details

Version: 1.0.1
Check: DESCRIPTION meta-information
Result: NOTE
    Malformed Title field: should not end in a period.
Flavor: r-patched-linux-x86_64

Version: 1.0.1
Check: dependencies in R code
Result: NOTE
    'library' or 'require' call to ‘testthat’ in package code.
     Please use :: or requireNamespace() instead.
     See section 'Suggested packages' in the 'Writing R Extensions' manual.
Flavor: r-patched-linux-x86_64

Version: 1.0.1
Check: R code for possible problems
Result: NOTE
    unittests: no visible global function definition for ‘test_package’
Flavor: r-patched-linux-x86_64