CRAN Package Check Results for Package RAppArmor

Last updated on 2015-05-23 11:51:30.

Flavor Version Tinstall Tcheck Ttotal Status Flags
r-devel-linux-x86_64-debian-clang 1.0.1 2.51 18.13 20.64 NOTE
r-devel-linux-x86_64-debian-gcc 1.0.1 2.13 17.53 19.66 NOTE
r-devel-linux-x86_64-fedora-clang 1.0.1 29.92 NOTE --install=fake
r-devel-linux-x86_64-fedora-gcc 1.0.1 28.27 NOTE --install=fake
r-patched-linux-x86_64 1.0.1 2.16 17.60 19.77 NOTE
r-release-linux-x86_64 1.0.1 2.22 17.65 19.86 NOTE
r-release-osx-x86_64-mavericks 1.0.1 ERROR
r-release-osx-x86_64-snowleopard 1.0.1 ERROR

Check Details

Version: 1.0.1
Check: DESCRIPTION meta-information
Result: NOTE
    Malformed Title field: should not end in a period.
Flavors: r-devel-linux-x86_64-debian-clang, r-devel-linux-x86_64-debian-gcc, r-patched-linux-x86_64, r-release-linux-x86_64

Version: 1.0.1
Check: dependencies in R code
Result: NOTE
    'library' or 'require' call to ‘testthat’ in package code.
     Please use :: or requireNamespace() instead.
     See section 'Suggested packages' in the 'Writing R Extensions' manual.
Flavors: r-devel-linux-x86_64-debian-clang, r-devel-linux-x86_64-debian-gcc, r-patched-linux-x86_64, r-release-linux-x86_64

Version: 1.0.1
Check: R code for possible problems
Result: NOTE
    unittests: no visible global function definition for ‘test_package’
Flavors: r-devel-linux-x86_64-debian-clang, r-devel-linux-x86_64-debian-gcc, r-patched-linux-x86_64, r-release-linux-x86_64

Version: 1.0.1
Flags: --install=fake
Check: DESCRIPTION meta-information
Result: NOTE
    Malformed Title field: should not end in a period.
Flavors: r-devel-linux-x86_64-fedora-clang, r-devel-linux-x86_64-fedora-gcc

Version: 1.0.1
Flags: --install=fake
Check: dependencies in R code
Result: NOTE
    'library' or 'require' call to ‘testthat’ in package code.
     Please use :: or requireNamespace() instead.
     See section 'Suggested packages' in the 'Writing R Extensions' manual.
Flavors: r-devel-linux-x86_64-fedora-clang, r-devel-linux-x86_64-fedora-gcc

Version: 1.0.1
Flags: --install=fake
Check: R code for possible problems
Result: NOTE
    unittests: no visible global function definition for ‘test_package’
Flavors: r-devel-linux-x86_64-fedora-clang, r-devel-linux-x86_64-fedora-gcc

Version: 1.0.1
Check: whether package can be installed
Result: ERROR
    Installation failed.
Flavors: r-release-osx-x86_64-mavericks, r-release-osx-x86_64-snowleopard