CRAN Package Check Results for Package RAppArmor

Last updated on 2016-12-09 20:50:39.

Flavor Version Tinstall Tcheck Ttotal Status Flags
r-devel-linux-x86_64-debian-clang 2.0.2 1.61 17.87 19.47 OK
r-devel-linux-x86_64-debian-gcc 2.0.2 1.42 17.81 19.23 OK
r-devel-linux-x86_64-fedora-clang 2.0.2 35.61 OK --no-stop-on-test-error
r-devel-linux-x86_64-fedora-gcc 2.0.2 34.61 OK --no-stop-on-test-error
r-patched-linux-x86_64 2.0.2 1.30 13.35 14.65 OK
r-release-linux-x86_64 2.0.2 1.36 13.21 14.57 OK
r-release-osx-x86_64-mavericks 2.0.2 ERROR

Check Details

Version: 2.0.2
Check: whether package can be installed
Result: ERROR
    Installation failed.
Flavor: r-release-osx-x86_64-mavericks