CRAN Package Check Results for Package RAppArmor

Last updated on 2014-07-24 21:48:48.

Flavor Version Tinstall Tcheck Ttotal Status Flags
r-devel-linux-x86_64-debian-clang 1.0.1 2.45 16.65 19.10 OK
r-devel-linux-x86_64-debian-gcc 1.0.1 2.24 16.38 18.62 OK
r-devel-linux-x86_64-fedora-clang 1.0.1 36.10 OK --install=fake
r-devel-linux-x86_64-fedora-gcc 1.0.1 33.87 OK --install=fake
r-patched-linux-x86_64 1.0.1 2.22 16.18 18.40 OK
r-release-linux-ix86 1.0.1 3.60 25.48 29.08 OK
r-release-linux-x86_64 1.0.1 2.29 16.46 18.75 OK
r-release-osx-x86_64-mavericks 1.0.1 ERROR
r-release-osx-x86_64-snowleopard 1.0.1 ERROR

Check Details

Version: 1.0.1
Check: whether package can be installed
Result: ERROR
    Installation failed.
    See ‘/Builds/CRAN-QA-Simon/packages/mavericks-x86_64/results/3.1/RAppArmor.Rcheck/00install.out’ for details.
Flavor: r-release-osx-x86_64-mavericks

Version: 1.0.1
Check: whether package can be installed
Result: ERROR
    Installation failed.
    See ‘/Volumes/XT3/Builds/R-dev-web/QA/Simon/packages/snowleopard-x86_64/results/3.1/RAppArmor.Rcheck/00install.out’ for details.
Flavor: r-release-osx-x86_64-snowleopard