CRAN Package Check Results for Package RAppArmor

Last updated on 2017-08-18 04:47:04.

Flavor Version Tinstall Tcheck Ttotal Status Flags
r-devel-linux-x86_64-debian-clang 2.0.2 1.61 18.13 19.73 NOTE
r-devel-linux-x86_64-debian-gcc 2.0.2 1.38 17.28 18.66 NOTE
r-devel-linux-x86_64-fedora-clang 2.0.2 34.60 NOTE
r-devel-linux-x86_64-fedora-gcc 2.0.2 36.26 NOTE
r-patched-linux-x86_64 2.0.2 1.36 18.41 19.76 NOTE
r-release-linux-x86_64 2.0.2 1.44 18.37 19.81 NOTE
r-release-osx-x86_64 2.0.2 ERROR
r-oldrel-osx-x86_64 2.0.2 ERROR

Check Details

Version: 2.0.2
Check: compiled code
Result: NOTE
    File ‘RAppArmor/libs/RAppArmor.so’:
     Found no calls to: ‘R_registerRoutines’, ‘R_useDynamicSymbols’
    
    It is good practice to register native routines and to disable symbol
    search.
    
    See ‘Writing portable packages’ in the ‘Writing R Extensions’ manual.
Flavors: r-devel-linux-x86_64-debian-clang, r-devel-linux-x86_64-debian-gcc, r-devel-linux-x86_64-fedora-clang, r-devel-linux-x86_64-fedora-gcc, r-patched-linux-x86_64, r-release-linux-x86_64

Version: 2.0.2
Check: whether package can be installed
Result: ERROR
    Installation failed.
Flavors: r-release-osx-x86_64, r-oldrel-osx-x86_64