CRAN Package Check Results for Package RAppArmor

Last updated on 2018-05-23 07:50:21 CEST.

Flavor Version Tinstall Tcheck Ttotal Status Flags
r-devel-linux-x86_64-debian-clang 2.0.2 2.39 24.92 27.31 NOTE
r-devel-linux-x86_64-debian-gcc 2.0.2 1.83 19.44 21.27 NOTE
r-devel-linux-x86_64-fedora-clang 2.0.2 33.29 NOTE
r-devel-linux-x86_64-fedora-gcc 2.0.2 31.53 NOTE
r-patched-linux-x86_64 2.0.2 2.28 23.62 25.90 NOTE
r-release-linux-x86_64 2.0.2 1.94 23.54 25.48 NOTE
r-release-osx-x86_64 2.0.2 ERROR
r-oldrel-osx-x86_64 2.0.2 ERROR

Check Details

Version: 2.0.2
Check: compiled code
Result: NOTE
    File ‘RAppArmor/libs/RAppArmor.so’:
     Found no calls to: ‘R_registerRoutines’, ‘R_useDynamicSymbols’
    
    It is good practice to register native routines and to disable symbol
    search.
    
    See ‘Writing portable packages’ in the ‘Writing R Extensions’ manual.
Flavors: r-devel-linux-x86_64-debian-clang, r-devel-linux-x86_64-debian-gcc, r-devel-linux-x86_64-fedora-clang, r-devel-linux-x86_64-fedora-gcc, r-patched-linux-x86_64, r-release-linux-x86_64

Version: 2.0.2
Check: whether package can be installed
Result: ERROR
    Installation failed.
Flavors: r-release-osx-x86_64, r-oldrel-osx-x86_64