CRAN Package Check Results for Package RAppArmor

Last updated on 2014-04-23 12:48:25.

Flavor Version Tinstall Tcheck Ttotal Status Flags
r-devel-linux-x86_64-debian-clang 1.0.1 2.48 17.50 19.98 OK
r-devel-linux-x86_64-debian-gcc 1.0.1 2.38 17.08 19.46 OK
r-devel-linux-x86_64-fedora-clang 1.0.1 35.27 OK --install=fake
r-devel-linux-x86_64-fedora-gcc 1.0.1 34.54 OK --install=fake
r-devel-osx-x86_64-gcc 1.0.1 ERROR
r-patched-linux-x86_64 1.0.1 2.36 17.45 19.81 OK
r-release-linux-ix86 1.0.1 6.00 36.00 42.00 OK
r-release-linux-x86_64 1.0.1 2.32 17.07 19.39 OK
r-release-osx-x86_64-mavericks 1.0.1 ERROR
r-release-osx-x86_64-snowleopard 1.0.1 ERROR

Check Details

Version: 1.0.1
Check: whether package can be installed
Result: ERROR
    Installation failed.
    See ‘/Volumes/XT3/Builds/R-dev-web/QA/Simon/packages/snowleopard-x86_64/results/3.2/RAppArmor.Rcheck/00install.out’ for details.
Flavor: r-devel-osx-x86_64-gcc

Version: 1.0.1
Check: whether package can be installed
Result: ERROR
    Installation failed.
    See ‘/Builds/CRAN-QA-Simon/packages/mavericks-x86_64/results/3.1/RAppArmor.Rcheck/00install.out’ for details.
Flavor: r-release-osx-x86_64-mavericks

Version: 1.0.1
Check: whether package can be installed
Result: ERROR
    Installation failed.
    See ‘/Volumes/XT3/Builds/R-dev-web/QA/Simon/packages/snowleopard-x86_64/results/3.1/RAppArmor.Rcheck/00install.out’ for details.
Flavor: r-release-osx-x86_64-snowleopard