CRAN Package Check Results for Package RAppArmor

Last updated on 2016-05-29 08:46:44.

Flavor Version Tinstall Tcheck Ttotal Status Flags
r-devel-linux-x86_64-debian-gcc 2.0.2 1.62 13.15 14.78 OK
r-devel-linux-x86_64-fedora-clang 2.0.2 24.64 OK
r-devel-linux-x86_64-fedora-gcc 2.0.2 23.75 OK
r-patched-linux-x86_64 2.0.2 1.36 13.07 14.43 OK
r-release-linux-x86_64 2.0.2 1.43 13.08 14.51 OK
r-release-osx-x86_64-mavericks 2.0.2 ERROR

Check Details

Version: 2.0.2
Check: whether package can be installed
Result: ERROR
    Installation failed.
Flavor: r-release-osx-x86_64-mavericks