CRAN Package Check Results for Package RAppArmor

Last updated on 2014-10-31 08:47:14.

Flavor Version Tinstall Tcheck Ttotal Status Flags
r-devel-linux-x86_64-debian-clang 1.0.1 2.36 18.93 21.29 NOTE
r-devel-linux-x86_64-debian-gcc 1.0.1 2.31 18.33 20.64 NOTE
r-devel-linux-x86_64-fedora-clang 1.0.1 35.92 NOTE --install=fake
r-devel-linux-x86_64-fedora-gcc 1.0.1 33.84 NOTE --install=fake
r-patched-linux-x86_64 1.0.1 2.28 18.16 20.45 NOTE
r-release-linux-ix86 1.0.1 3.62 26.03 29.66 OK
r-release-linux-x86_64 1.0.1 2.36 19.68 22.04 OK
r-release-osx-x86_64-mavericks 1.0.1 ERROR
r-release-osx-x86_64-snowleopard 1.0.1 ERROR

Check Details

Version: 1.0.1
Check: R code for possible problems
Result: NOTE
    unittests: no visible global function definition for ‘test_package’
Flavors: r-devel-linux-x86_64-debian-clang, r-devel-linux-x86_64-debian-gcc, r-patched-linux-x86_64

Version: 1.0.1
Flags: --install=fake
Check: R code for possible problems
Result: NOTE
    unittests: no visible global function definition for ‘test_package’
Flavors: r-devel-linux-x86_64-fedora-clang, r-devel-linux-x86_64-fedora-gcc

Version: 1.0.1
Check: whether package can be installed
Result: ERROR
    Installation failed.
Flavors: r-release-osx-x86_64-mavericks, r-release-osx-x86_64-snowleopard