CRAN Package Check Results for Package RAppArmor

Last updated on 2014-09-22 03:48:25.

Flavor Version Tinstall Tcheck Ttotal Status Flags
r-devel-linux-x86_64-debian-clang 1.0.1 2.42 18.11 20.53 NOTE
r-devel-linux-x86_64-debian-gcc 1.0.1 2.28 17.67 19.94 NOTE
r-devel-linux-x86_64-fedora-clang 1.0.1 34.74 NOTE --install=fake
r-devel-linux-x86_64-fedora-gcc 1.0.1 34.01 NOTE --install=fake
r-patched-linux-x86_64 1.0.1 2.40 18.61 21.01 OK
r-release-linux-ix86 1.0.1 3.64 25.54 29.18 OK
r-release-linux-x86_64 1.0.1 2.31 18.35 20.66 OK
r-release-osx-x86_64-mavericks 1.0.1 ERROR
r-release-osx-x86_64-snowleopard 1.0.1 ERROR

Check Details

Version: 1.0.1
Check: R code for possible problems
Result: NOTE
    unittests: no visible global function definition for ‘test_package’
Flavors: r-devel-linux-x86_64-debian-clang, r-devel-linux-x86_64-debian-gcc

Version: 1.0.1
Flags: --install=fake
Check: R code for possible problems
Result: NOTE
    unittests: no visible global function definition for ‘test_package’
Flavors: r-devel-linux-x86_64-fedora-clang, r-devel-linux-x86_64-fedora-gcc

Version: 1.0.1
Check: whether package can be installed
Result: ERROR
    Installation failed.
Flavors: r-release-osx-x86_64-mavericks, r-release-osx-x86_64-snowleopard