CRAN Package Check Results for Package RAppArmor

Last updated on 2017-04-28 23:52:37.

Flavor Version Tinstall Tcheck Ttotal Status Flags
r-devel-linux-x86_64-debian-clang 2.0.2 1.55 18.57 20.12 NOTE
r-devel-linux-x86_64-debian-gcc 2.0.2 1.54 17.69 19.23 NOTE
r-devel-linux-x86_64-fedora-clang 2.0.2 34.96 NOTE --no-stop-on-test-error
r-devel-linux-x86_64-fedora-gcc 2.0.2 33.07 NOTE --no-stop-on-test-error
r-patched-linux-x86_64 2.0.2 1.42 18.15 19.57 NOTE
r-release-linux-x86_64 2.0.2 1.37 19.14 20.51 NOTE
r-release-osx-x86_64 2.0.2 ERROR
r-oldrel-osx-x86_64 2.0.2 ERROR

Check Details

Version: 2.0.2
Check: compiled code
Result: NOTE
    File ‘RAppArmor/libs/RAppArmor.so’:
     Found no calls to: ‘R_registerRoutines’, ‘R_useDynamicSymbols’
    
    It is good practice to register native routines and to disable symbol
    search.
    
    See ‘Writing portable packages’ in the ‘Writing R Extensions’ manual.
Flavors: r-devel-linux-x86_64-debian-clang, r-devel-linux-x86_64-debian-gcc, r-patched-linux-x86_64, r-release-linux-x86_64

Version: 2.0.2
Flags: --no-stop-on-test-error
Check: compiled code
Result: NOTE
    File ‘RAppArmor/libs/RAppArmor.so’:
     Found no calls to: ‘R_registerRoutines’, ‘R_useDynamicSymbols’
    
    It is good practice to register native routines and to disable symbol
    search.
    
    See ‘Writing portable packages’ in the ‘Writing R Extensions’ manual.
Flavors: r-devel-linux-x86_64-fedora-clang, r-devel-linux-x86_64-fedora-gcc

Version: 2.0.2
Check: whether package can be installed
Result: ERROR
    Installation failed.
Flavors: r-release-osx-x86_64, r-oldrel-osx-x86_64