CRAN Package Check Results for Package RAppArmor

Last updated on 2016-09-28 05:48:27.

Flavor Version Tinstall Tcheck Ttotal Status Flags
r-devel-linux-x86_64-debian-clang 2.0.2 1.46 13.08 14.53 OK
r-devel-linux-x86_64-debian-gcc 2.0.2 1.50 13.78 15.28 OK
r-devel-linux-x86_64-fedora-clang 2.0.2 25.57 OK
r-devel-linux-x86_64-fedora-gcc 2.0.2 23.70 OK
r-patched-linux-x86_64 2.0.2 1.28 12.97 14.25 OK
r-release-linux-x86_64 2.0.2 1.46 13.41 14.87 OK
r-release-osx-x86_64-mavericks 2.0.2 ERROR

Check Details

Version: 2.0.2
Check: whether package can be installed
Result: ERROR
    Installation failed.
Flavor: r-release-osx-x86_64-mavericks