CRAN Package Check Results for Package RAppArmor

Last updated on 2015-03-02 13:47:13.

Flavor Version Tinstall Tcheck Ttotal Status Flags
r-devel-linux-x86_64-debian-clang 1.0.1 2.35 17.72 20.06 NOTE
r-devel-linux-x86_64-debian-gcc 1.0.1 2.11 17.43 19.54 NOTE
r-devel-linux-x86_64-fedora-clang 1.0.1 29.32 NOTE --install=fake
r-devel-linux-x86_64-fedora-gcc 1.0.1 28.13 NOTE --install=fake
r-patched-linux-x86_64 1.0.1 2.33 19.26 21.59 NOTE
r-release-linux-ix86 1.0.1 3.49 27.94 31.43 NOTE
r-release-linux-x86_64 1.0.1 2.28 19.08 21.36 NOTE
r-release-osx-x86_64-mavericks 1.0.1 ERROR
r-release-osx-x86_64-snowleopard 1.0.1 ERROR

Check Details

Version: 1.0.1
Check: DESCRIPTION meta-information
Result: NOTE
    Malformed Title field: should not end in a period.
Flavors: r-devel-linux-x86_64-debian-clang, r-devel-linux-x86_64-debian-gcc

Version: 1.0.1
Check: dependencies in R code
Result: NOTE
    'library' or 'require' call to ‘testthat’ in package code.
     Please use :: or requireNamespace() instead.
     See section 'Suggested packages' in the 'Writing R Extensions' manual.
Flavors: r-devel-linux-x86_64-debian-clang, r-devel-linux-x86_64-debian-gcc, r-patched-linux-x86_64

Version: 1.0.1
Check: R code for possible problems
Result: NOTE
    unittests: no visible global function definition for ‘test_package’
Flavors: r-devel-linux-x86_64-debian-clang, r-devel-linux-x86_64-debian-gcc, r-patched-linux-x86_64, r-release-linux-ix86, r-release-linux-x86_64

Version: 1.0.1
Flags: --install=fake
Check: DESCRIPTION meta-information
Result: NOTE
    Malformed Title field: should not end in a period.
Flavors: r-devel-linux-x86_64-fedora-clang, r-devel-linux-x86_64-fedora-gcc

Version: 1.0.1
Flags: --install=fake
Check: dependencies in R code
Result: NOTE
    'library' or 'require' call to ‘testthat’ in package code.
     Please use :: or requireNamespace() instead.
     See section 'Suggested packages' in the 'Writing R Extensions' manual.
Flavors: r-devel-linux-x86_64-fedora-clang, r-devel-linux-x86_64-fedora-gcc

Version: 1.0.1
Flags: --install=fake
Check: R code for possible problems
Result: NOTE
    unittests: no visible global function definition for ‘test_package’
Flavors: r-devel-linux-x86_64-fedora-clang, r-devel-linux-x86_64-fedora-gcc

Version: 1.0.1
Check: whether package can be installed
Result: ERROR
    Installation failed.
Flavors: r-release-osx-x86_64-mavericks, r-release-osx-x86_64-snowleopard