CRAN Package Check Results for Package RAppArmor

Last updated on 2016-04-28 21:47:40.

Flavor Version Tinstall Tcheck Ttotal Status Flags
r-devel-linux-x86_64-debian-gcc 2.0.1 1.34 13.27 14.61 OK
r-devel-linux-x86_64-fedora-clang 2.0.1 25.05 OK
r-devel-linux-x86_64-fedora-gcc 2.0.1 23.54 OK
r-patched-linux-x86_64 2.0.1 1.29 13.28 14.57 OK
r-release-linux-x86_64 2.0.1 1.30 14.85 16.14 OK
r-release-osx-x86_64-mavericks 2.0.1 ERROR

Check Details

Version: 2.0.1
Check: whether package can be installed
Result: ERROR
    Installation failed.
Flavor: r-release-osx-x86_64-mavericks