CRAN Package Check Results for Package RAppArmor

Last updated on 2017-02-25 08:49:37.

Flavor Version Tinstall Tcheck Ttotal Status Flags
r-devel-linux-x86_64-debian-clang 2.0.2 1.59 17.66 19.25 NOTE
r-devel-linux-x86_64-debian-gcc 2.0.2 1.44 18.96 20.40 NOTE
r-devel-linux-x86_64-fedora-clang 2.0.2 34.02 NOTE --no-stop-on-test-error
r-devel-linux-x86_64-fedora-gcc 2.0.2 33.03 NOTE --no-stop-on-test-error
r-patched-linux-x86_64 2.0.2 1.29 13.28 14.57 OK
r-release-linux-x86_64 2.0.2 1.29 13.72 15.01 OK
r-release-osx-x86_64-mavericks 2.0.2 ERROR

Check Details

Version: 2.0.2
Check: compiled code
Result: NOTE
    File ‘RAppArmor/libs/RAppArmor.so’:
     Found no calls to: ‘R_registerRoutines’, ‘R_useDynamicSymbols’
    
    It is good practice to register native routines and to disable symbol
    search.
    
    See ‘Writing portable packages’ in the ‘Writing R Extensions’ manual.
Flavors: r-devel-linux-x86_64-debian-clang, r-devel-linux-x86_64-debian-gcc

Version: 2.0.2
Flags: --no-stop-on-test-error
Check: compiled code
Result: NOTE
    File ‘RAppArmor/libs/RAppArmor.so’:
     Found no calls to: ‘R_registerRoutines’, ‘R_useDynamicSymbols’
    
    It is good practice to register native routines and to disable symbol
    search.
    
    See ‘Writing portable packages’ in the ‘Writing R Extensions’ manual.
Flavors: r-devel-linux-x86_64-fedora-clang, r-devel-linux-x86_64-fedora-gcc

Version: 2.0.2
Check: whether package can be installed
Result: ERROR
    Installation failed.
Flavor: r-release-osx-x86_64-mavericks