CRAN Package Check Results for Package RAppArmor

Last updated on 2017-12-15 08:48:57 CET.

Flavor Version Tinstall Tcheck Ttotal Status Flags
r-devel-linux-x86_64-debian-clang 2.0.2 1.63 15.91 17.54 FAIL
r-devel-linux-x86_64-debian-gcc 2.0.2 1.66 22.18 23.84 NOTE
r-devel-linux-x86_64-fedora-clang 2.0.2 39.53 NOTE
r-devel-linux-x86_64-fedora-gcc 2.0.2 34.68 NOTE
r-patched-linux-x86_64 2.0.2 1.56 25.34 26.90 NOTE
r-release-linux-x86_64 2.0.2 1.47 25.22 26.69 NOTE
r-release-osx-x86_64 2.0.2 ERROR
r-oldrel-osx-x86_64 2.0.2 ERROR

Check Details

Version: 2.0.2
Check: pragmas in C/C++ headers and code
Result: FAIL
    
Flavor: r-devel-linux-x86_64-debian-clang

Version: 2.0.2
Check: compiled code
Result: NOTE
    File ‘RAppArmor/libs/RAppArmor.so’:
     Found no calls to: ‘R_registerRoutines’, ‘R_useDynamicSymbols’
    
    It is good practice to register native routines and to disable symbol
    search.
    
    See ‘Writing portable packages’ in the ‘Writing R Extensions’ manual.
Flavors: r-devel-linux-x86_64-debian-gcc, r-devel-linux-x86_64-fedora-clang, r-devel-linux-x86_64-fedora-gcc, r-patched-linux-x86_64, r-release-linux-x86_64

Version: 2.0.2
Check: whether package can be installed
Result: ERROR
    Installation failed.
Flavors: r-release-osx-x86_64, r-oldrel-osx-x86_64