CRAN Package Check Results for Package RAppArmor

Last updated on 2014-12-22 17:51:32.

Flavor Version Tinstall Tcheck Ttotal Status Flags
r-devel-linux-x86_64-debian-clang 1.0.1 2.41 18.31 20.72 NOTE
r-devel-linux-x86_64-debian-gcc 1.0.1 4.25 18.32 22.57 NOTE
r-devel-linux-x86_64-fedora-clang 1.0.1 34.61 NOTE --install=fake
r-devel-linux-x86_64-fedora-gcc 1.0.1 31.48 NOTE --install=fake
r-patched-linux-x86_64 1.0.1 2.29 18.80 21.09 NOTE
r-release-linux-ix86 1.0.1 3.48 24.86 28.34 NOTE
r-release-linux-x86_64 1.0.1 2.37 18.38 20.75 NOTE
r-release-osx-x86_64-mavericks 1.0.1 ERROR
r-release-osx-x86_64-snowleopard 1.0.1 ERROR

Check Details

Version: 1.0.1
Check: R code for possible problems
Result: NOTE
    unittests: no visible global function definition for ‘test_package’
Flavors: r-devel-linux-x86_64-debian-clang, r-devel-linux-x86_64-debian-gcc, r-patched-linux-x86_64, r-release-linux-ix86, r-release-linux-x86_64

Version: 1.0.1
Flags: --install=fake
Check: R code for possible problems
Result: NOTE
    unittests: no visible global function definition for ‘test_package’
Flavors: r-devel-linux-x86_64-fedora-clang, r-devel-linux-x86_64-fedora-gcc

Version: 1.0.1
Check: whether package can be installed
Result: ERROR
    Installation failed.
Flavors: r-release-osx-x86_64-mavericks, r-release-osx-x86_64-snowleopard