CRAN Package Check Results for Package RAppArmor

Last updated on 2014-08-20 21:47:34.

Flavor Version Tinstall Tcheck Ttotal Status Flags
r-devel-linux-x86_64-debian-clang 1.0.1 2.30 16.88 19.18 OK
r-devel-linux-x86_64-debian-gcc 1.0.1 2.30 15.94 18.24 OK
r-devel-linux-x86_64-fedora-clang 1.0.1 37.82 NOTE --install=fake
r-devel-linux-x86_64-fedora-gcc 1.0.1 33.68 NOTE --install=fake
r-patched-linux-x86_64 1.0.1 2.30 16.14 18.44 OK
r-release-linux-ix86 1.0.1 3.72 25.74 29.47 OK
r-release-linux-x86_64 1.0.1 2.29 16.85 19.14 OK
r-release-osx-x86_64-mavericks 1.0.1 ERROR
r-release-osx-x86_64-snowleopard 1.0.1 ERROR

Check Details

Version: 1.0.1
Flags: --install=fake
Check: R code for possible problems
Result: NOTE
    unittests: no visible global function definition for ‘test_package’
Flavors: r-devel-linux-x86_64-fedora-clang, r-devel-linux-x86_64-fedora-gcc

Version: 1.0.1
Check: whether package can be installed
Result: ERROR
    Installation failed.
Flavors: r-release-osx-x86_64-mavericks, r-release-osx-x86_64-snowleopard