CRAN Package Check Results for Package RAppArmor

Last updated on 2016-06-29 15:48:02.

Flavor Version Tinstall Tcheck Ttotal Status Flags
r-devel-linux-x86_64-debian-gcc 2.0.2 1.51 14.49 16.01 OK
r-devel-linux-x86_64-fedora-clang 2.0.2 24.78 OK
r-devel-linux-x86_64-fedora-gcc 2.0.2 23.32 OK
r-patched-linux-x86_64 2.0.2 1.44 14.11 15.56 OK
r-release-linux-x86_64 2.0.2 1.33 13.48 14.81 OK
r-release-osx-x86_64-mavericks 2.0.2 ERROR

Check Details

Version: 2.0.2
Check: whether package can be installed
Result: ERROR
    Installation failed.
Flavor: r-release-osx-x86_64-mavericks