CRAN Package Check Results for Package RAppArmor

Last updated on 2016-08-31 02:48:04.

Flavor Version Tinstall Tcheck Ttotal Status Flags
r-devel-linux-x86_64-debian-clang 2.0.2 1.41 13.05 14.45 OK
r-devel-linux-x86_64-debian-gcc 2.0.2 1.35 13.08 14.43 OK
r-devel-linux-x86_64-fedora-clang 2.0.2 25.00 OK
r-devel-linux-x86_64-fedora-gcc 2.0.2 23.66 OK
r-patched-linux-x86_64 2.0.2 1.45 13.02 14.47 OK
r-release-linux-x86_64 2.0.2 1.32 13.23 14.54 OK
r-release-osx-x86_64-mavericks 2.0.2 ERROR

Check Details

Version: 2.0.2
Check: whether package can be installed
Result: ERROR
    Installation failed.
Flavor: r-release-osx-x86_64-mavericks