CRAN Package Check Results for Package RArcInfo

Last updated on 2016-12-07 23:48:02.

Flavor Version Tinstall Tcheck Ttotal Status Flags
r-devel-linux-x86_64-debian-clang 0.4-12 3.79 13.88 17.67 NOTE
r-devel-linux-x86_64-debian-gcc 0.4-12 3.84 14.17 18.01 NOTE
r-devel-linux-x86_64-fedora-clang 0.4-12 30.50 NOTE --no-stop-on-test-error
r-devel-linux-x86_64-fedora-gcc 0.4-12 28.78 NOTE --no-stop-on-test-error
r-devel-macos-x86_64-clang 0.4-12 25.93 NOTE --no-stop-on-test-error
r-devel-windows-ix86+x86_64 0.4-12 42.00 48.00 90.00 NOTE
r-patched-linux-x86_64 0.4-12 3.40 11.88 15.27 NOTE
r-patched-solaris-sparc 0.4-12 159.50 ERROR
r-patched-solaris-x86 0.4-12 36.20 NOTE
r-release-linux-x86_64 0.4-12 3.56 11.71 15.26 NOTE
r-release-osx-x86_64-mavericks 0.4-12 NOTE
r-release-windows-ix86+x86_64 0.4-12 20.00 32.00 52.00 NOTE
r-oldrel-windows-ix86+x86_64 0.4-12 26.00 35.00 61.00 OK

Check Details

Version: 0.4-12
Check: R code for possible problems
Result: NOTE
    plotarc: no visible global function definition for ‘par’
    plotarc: no visible global function definition for ‘plot’
    plotarc: no visible global function definition for ‘lines’
    plotpoly: no visible global function definition for ‘par’
    plotpoly: no visible global function definition for ‘plot’
    plotpoly: no visible global function definition for ‘polygon’
    Undefined global functions or variables:
     lines par plot polygon
    Consider adding
     importFrom("graphics", "lines", "par", "plot", "polygon")
    to your NAMESPACE file.
Flavors: r-devel-linux-x86_64-debian-clang, r-devel-linux-x86_64-debian-gcc, r-devel-windows-ix86+x86_64, r-patched-linux-x86_64, r-patched-solaris-sparc, r-patched-solaris-x86, r-release-linux-x86_64, r-release-osx-x86_64-mavericks, r-release-windows-ix86+x86_64

Version: 0.4-12
Flags: --no-stop-on-test-error
Check: R code for possible problems
Result: NOTE
    plotarc: no visible global function definition for ‘par’
    plotarc: no visible global function definition for ‘plot’
    plotarc: no visible global function definition for ‘lines’
    plotpoly: no visible global function definition for ‘par’
    plotpoly: no visible global function definition for ‘plot’
    plotpoly: no visible global function definition for ‘polygon’
    Undefined global functions or variables:
     lines par plot polygon
    Consider adding
     importFrom("graphics", "lines", "par", "plot", "polygon")
    to your NAMESPACE file.
Flavors: r-devel-linux-x86_64-fedora-clang, r-devel-linux-x86_64-fedora-gcc, r-devel-macos-x86_64-clang

Version: 0.4-12
Check: examples
Result: ERROR
    Running examples in ‘RArcInfo-Ex.R’ failed
    The error most likely occurred in:
    
    > ### Name: RArcInfo
    > ### Title: RArcInfo
    > ### Aliases: RArcInfo
    > ### Keywords: file
    >
    > ### ** Examples
    >
    >
    > #See example(plotpoly) for another example
    >
    > library(RArcInfo)
    >
    > datadir<-system.file("exampleData",package="RArcInfo")
    > infodir<-system.file("exampleData","info",package="RArcInfo")
    > coveragedir<-system.file("exampleData","wetlands",package="RArcInfo")
    >
    > #get.bnddata needs the last slash...
    > infodir<-paste(c(infodir,"/"), collapse="")
    >
    > #List all the tables
    >
    > covnames<-get.namesofcoverages(datadir)
    > tablenames<-get.tablenames(infodir)
    >
    >
    > #Display the name of the table and its fields
    > for(i in 1:length(tablenames[[1]]))
    + {
    + print(c("Table: ",tablenames$TableName[i]))
    +
    + fields<-get.tablefields(infodir,tablenames$TableName[i])
    + print("Fields")
    + for(j in 1:length(fields))
    + print(fields[[j]][1])
    +
    + #Get the data
    + if(i==1)
    + tabledata<-get.tabledata(infodir,tablenames$TableName[i])
    + else
    + tabledata<-c(tabledata, get.tabledata(infodir,tablenames$TableName[i]) )
    + }
    [1] "Table: " "WETLANDS.BND "
    Error in get.tablefields(infodir, tablenames$TableName[i]) :
     ERROR 3: Attempt to read past EOF in /home/ripley/R/Lib32/RArcInfo/exampleData/info/arc0000.nit.
    Calls: get.tablefields -> .Call
    Execution halted
Flavor: r-patched-solaris-sparc

Version: 0.4-12
Check: tests
Result: ERROR
     Running ‘valencia.R’
     Running ‘wetlands.R’
    Running the tests in ‘tests/wetlands.R’ failed.
    Last 13 lines of output:
     + print(fields[[j]][1])
     +
     + #Get the data
     + if(i==1)
     + tabledata<-get.tabledata(infodir,tablenames$TableName[i])
     + else
     + tabledata<-c(tabledata, get.tabledata(infodir,tablenames$TableName[i]) )
     + }
     [1] "Table: " "WETLANDS.BND "
     Error in get.tablefields(infodir, tablenames$TableName[i]) :
     ERROR 3: Attempt to read past EOF in /home/ripley/R/Lib32/RArcInfo/exampleData/info/arc0000.nit.
     Calls: get.tablefields -> .Call
     Execution halted
Flavor: r-patched-solaris-sparc