CRAN Package Check Results for Package RArcInfo

Last updated on 2014-08-30 15:48:44.

Flavor Version Tinstall Tcheck Ttotal Status Flags
r-devel-linux-x86_64-debian-clang 0.4-12 2.64 11.67 14.30 OK
r-devel-linux-x86_64-debian-gcc 0.4-12 5.58 11.12 16.70 OK
r-devel-linux-x86_64-fedora-clang 0.4-12 27.96 OK
r-devel-linux-x86_64-fedora-gcc 0.4-12 26.79 OK
r-devel-osx-x86_64-clang 0.4-12 29.06 OK
r-devel-windows-ix86+x86_64 0.4-12 23.00 28.00 51.00 OK
r-patched-linux-x86_64 0.4-12 3.49 11.98 15.47 OK
r-patched-solaris-sparc 0.4-12 147.40 ERROR
r-patched-solaris-x86 0.4-12 41.00 OK
r-release-linux-ix86 0.4-12 5.10 18.98 24.07 OK
r-release-linux-x86_64 0.4-12 3.73 12.51 16.24 OK
r-release-osx-x86_64-mavericks 0.4-12 OK
r-release-osx-x86_64-snowleopard 0.4-12 WARN
r-release-windows-ix86+x86_64 0.4-12 31.00 28.00 59.00 OK
r-oldrel-windows-ix86+x86_64 0.4-12 23.00 29.00 52.00 OK

Check Details

Version: 0.4-12
Check: examples
Result: ERROR
    Running examples in ‘RArcInfo-Ex.R’ failed
    The error most likely occurred in:
    
    > ### Name: RArcInfo
    > ### Title: RArcInfo
    > ### Aliases: RArcInfo
    > ### Keywords: file
    >
    > ### ** Examples
    >
    >
    > #See example(plotpoly) for another example
    >
    > library(RArcInfo)
    >
    > datadir<-system.file("exampleData",package="RArcInfo")
    > infodir<-system.file("exampleData","info",package="RArcInfo")
    > coveragedir<-system.file("exampleData","wetlands",package="RArcInfo")
    >
    > #get.bnddata needs the last slash...
    > infodir<-paste(c(infodir,"/"), collapse="")
    >
    > #List all the tables
    >
    > covnames<-get.namesofcoverages(datadir)
    > tablenames<-get.tablenames(infodir)
    >
    >
    > #Display the name of the table and its fields
    > for(i in 1:length(tablenames[[1]]))
    + {
    + print(c("Table: ",tablenames$TableName[i]))
    +
    + fields<-get.tablefields(infodir,tablenames$TableName[i])
    + print("Fields")
    + for(j in 1:length(fields))
    + print(fields[[j]][1])
    +
    + #Get the data
    + if(i==1)
    + tabledata<-get.tabledata(infodir,tablenames$TableName[i])
    + else
    + tabledata<-c(tabledata, get.tabledata(infodir,tablenames$TableName[i]) )
    + }
    [1] "Table: " "WETLANDS.BND "
    Error in get.tablefields(infodir, tablenames$TableName[i]) :
     ERROR 3: Attempt to read past EOF in /home/ripley/R/Lib32/RArcInfo/exampleData/info/arc0000.nit.
    Calls: get.tablefields -> .Call
    Execution halted
Flavor: r-patched-solaris-sparc

Version: 0.4-12
Check: package subdirectories
Result: WARN
    Invalid citation information in 'inst/CITATION':
     Error in (function (u, so, ml) { if ((n <- length(so)) == 1L) { if (is.na(so)) return(character()) else if (so == -1L) return(u) } beg <- if (n > 1L) { eo <- so + ml - 1L if (any(eo[-n] >= so[-1L])) stop(gettextf("need non-overlapping matches for %s", sQuote("invert = TRUE")), domain = NA) c(1L, eo + 1L) } else { c(1L, so + ml) } end <- c(so - 1L, nchar(u)) substring(u, beg, end)})(dots[[1L]][[1L]], dots[[2L]][[1L]], dots[[3L]][[1L]]): number of characters is not computable for element 1 in "bytes" encoding
Flavor: r-release-osx-x86_64-snowleopard

Version: 0.4-12
Check: examples
Result: WARN
    checking a package with encoding 'latin1' in an ASCII locale
    
     OK
Flavor: r-release-osx-x86_64-snowleopard