CRAN Package Check Results for Package RArcInfo

Last updated on 2017-02-24 23:52:46.

Flavor Version Tinstall Tcheck Ttotal Status Flags
r-devel-linux-x86_64-debian-clang 0.4-12 3.93 14.07 18.00 NOTE
r-devel-linux-x86_64-debian-gcc 0.4-12 3.96 14.51 18.47 NOTE
r-devel-linux-x86_64-fedora-clang 0.4-12 28.78 NOTE --no-stop-on-test-error
r-devel-linux-x86_64-fedora-gcc 0.4-12 27.88 NOTE --no-stop-on-test-error
r-devel-macos-x86_64-clang 0.4-12 26.07 NOTE --no-stop-on-test-error
r-devel-windows-ix86+x86_64 0.4-12 22.00 46.00 68.00 NOTE
r-patched-linux-x86_64 0.4-12 3.43 11.87 15.31 NOTE
r-patched-solaris-sparc 0.4-12 159.70 ERROR
r-patched-solaris-x86 0.4-12 36.00 NOTE
r-release-linux-x86_64 0.4-12 3.56 11.95 15.51 NOTE
r-release-osx-x86_64-mavericks 0.4-12 NOTE
r-release-windows-ix86+x86_64 0.4-12 20.00 32.00 52.00 NOTE
r-oldrel-windows-ix86+x86_64 0.4-12 26.00 35.00 61.00 OK

Check Details

Version: 0.4-12
Check: R code for possible problems
Result: NOTE
    plotarc: no visible global function definition for ‘par’
    plotarc: no visible global function definition for ‘plot’
    plotarc: no visible global function definition for ‘lines’
    plotpoly: no visible global function definition for ‘par’
    plotpoly: no visible global function definition for ‘plot’
    plotpoly: no visible global function definition for ‘polygon’
    Undefined global functions or variables:
     lines par plot polygon
    Consider adding
     importFrom("graphics", "lines", "par", "plot", "polygon")
    to your NAMESPACE file.
Flavors: r-devel-linux-x86_64-debian-clang, r-devel-linux-x86_64-debian-gcc, r-devel-windows-ix86+x86_64, r-patched-linux-x86_64, r-patched-solaris-sparc, r-patched-solaris-x86, r-release-linux-x86_64, r-release-osx-x86_64-mavericks, r-release-windows-ix86+x86_64

Version: 0.4-12
Check: compiled code
Result: NOTE
    File ‘RArcInfo/libs/RArcInfo.so’:
     Found no calls to: ‘R_registerRoutines’, ‘R_useDynamicSymbols’
    
    It is good practice to register native routines and to disable symbol
    search.
    
    See ‘Writing portable packages’ in the ‘Writing R Extensions’ manual.
Flavors: r-devel-linux-x86_64-debian-clang, r-devel-linux-x86_64-debian-gcc

Version: 0.4-12
Flags: --no-stop-on-test-error
Check: R code for possible problems
Result: NOTE
    plotarc: no visible global function definition for ‘par’
    plotarc: no visible global function definition for ‘plot’
    plotarc: no visible global function definition for ‘lines’
    plotpoly: no visible global function definition for ‘par’
    plotpoly: no visible global function definition for ‘plot’
    plotpoly: no visible global function definition for ‘polygon’
    Undefined global functions or variables:
     lines par plot polygon
    Consider adding
     importFrom("graphics", "lines", "par", "plot", "polygon")
    to your NAMESPACE file.
Flavors: r-devel-linux-x86_64-fedora-clang, r-devel-linux-x86_64-fedora-gcc, r-devel-macos-x86_64-clang

Version: 0.4-12
Flags: --no-stop-on-test-error
Check: compiled code
Result: NOTE
    File ‘RArcInfo/libs/RArcInfo.so’:
     Found no calls to: ‘R_registerRoutines’, ‘R_useDynamicSymbols’
    
    It is good practice to register native routines and to disable symbol
    search.
    
    See ‘Writing portable packages’ in the ‘Writing R Extensions’ manual.
Flavors: r-devel-linux-x86_64-fedora-clang, r-devel-linux-x86_64-fedora-gcc, r-devel-macos-x86_64-clang

Version: 0.4-12
Check: examples
Result: ERROR
    Running examples in ‘RArcInfo-Ex.R’ failed
    The error most likely occurred in:
    
    > ### Name: RArcInfo
    > ### Title: RArcInfo
    > ### Aliases: RArcInfo
    > ### Keywords: file
    >
    > ### ** Examples
    >
    >
    > #See example(plotpoly) for another example
    >
    > library(RArcInfo)
    >
    > datadir<-system.file("exampleData",package="RArcInfo")
    > infodir<-system.file("exampleData","info",package="RArcInfo")
    > coveragedir<-system.file("exampleData","wetlands",package="RArcInfo")
    >
    > #get.bnddata needs the last slash...
    > infodir<-paste(c(infodir,"/"), collapse="")
    >
    > #List all the tables
    >
    > covnames<-get.namesofcoverages(datadir)
    > tablenames<-get.tablenames(infodir)
    >
    >
    > #Display the name of the table and its fields
    > for(i in 1:length(tablenames[[1]]))
    + {
    + print(c("Table: ",tablenames$TableName[i]))
    +
    + fields<-get.tablefields(infodir,tablenames$TableName[i])
    + print("Fields")
    + for(j in 1:length(fields))
    + print(fields[[j]][1])
    +
    + #Get the data
    + if(i==1)
    + tabledata<-get.tabledata(infodir,tablenames$TableName[i])
    + else
    + tabledata<-c(tabledata, get.tabledata(infodir,tablenames$TableName[i]) )
    + }
    [1] "Table: " "WETLANDS.BND "
    Error in get.tablefields(infodir, tablenames$TableName[i]) :
     ERROR 3: Attempt to read past EOF in /home/ripley/R/Lib32/RArcInfo/exampleData/info/arc0000.nit.
    Calls: get.tablefields -> .Call
    Execution halted
Flavor: r-patched-solaris-sparc

Version: 0.4-12
Check: tests
Result: ERROR
     Running ‘valencia.R’
     Running ‘wetlands.R’
    Running the tests in ‘tests/wetlands.R’ failed.
    Complete output:
     > library(RArcInfo)
     Loading required package: RColorBrewer
     >
     > datadir<-system.file("exampleData",package="RArcInfo")
     > infodir<-system.file("exampleData","info",package="RArcInfo")
     > coveragedir<-system.file("exampleData","wetlands",package="RArcInfo")
     >
     > #get.bnddata needs the last slash...
     > infodir<-paste(c(infodir,"/"), collapse="")
     >
     > #List all the tables
     >
     > covnames<-get.namesofcoverages(datadir)
     > tablenames<-get.tablenames(infodir)
     >
     >
     > #Display the name of the table and its filds
     > for(i in 1:length(tablenames[[1]]))
     + {
     + print(c("Table: ",tablenames$TableName[i]))
     +
     + fields<-get.tablefields(infodir,tablenames$TableName[i])
     + print("Fields")
     + for(j in 1:length(fields))
     + print(fields[[j]][1])
     +
     + #Get the data
     + if(i==1)
     + tabledata<-get.tabledata(infodir,tablenames$TableName[i])
     + else
     + tabledata<-c(tabledata, get.tabledata(infodir,tablenames$TableName[i]) )
     + }
     [1] "Table: " "WETLANDS.BND "
     Error in get.tablefields(infodir, tablenames$TableName[i]) :
     ERROR 3: Attempt to read past EOF in /home/ripley/R/Lib32/RArcInfo/exampleData/info/arc0000.nit.
     Calls: get.tablefields -> .Call
     Execution halted
Flavor: r-patched-solaris-sparc