CRAN Package Check Results for Package RArcInfo

Last updated on 2017-09-23 08:48:48.

Flavor Version Tinstall Tcheck Ttotal Status Flags
r-devel-linux-x86_64-debian-clang 0.4-12 3.94 14.17 18.11 NOTE
r-devel-linux-x86_64-debian-gcc 0.4-12 4.05 14.69 18.74 NOTE
r-devel-linux-x86_64-fedora-clang 0.4-12 29.91 NOTE
r-devel-linux-x86_64-fedora-gcc 0.4-12 29.32 NOTE
r-devel-windows-ix86+x86_64 0.4-12 26.00 38.00 64.00 NOTE
r-patched-linux-x86_64 0.4-12 4.03 14.28 18.31 NOTE
r-patched-solaris-x86 0.4-12 45.00 NOTE
r-release-linux-x86_64 0.4-12 3.94 14.54 18.48 NOTE
r-release-windows-ix86+x86_64 0.4-12 23.00 39.00 62.00 NOTE
r-release-osx-x86_64 0.4-12 NOTE
r-oldrel-windows-ix86+x86_64 0.4-12 20.00 32.00 52.00 NOTE
r-oldrel-osx-x86_64 0.4-12 NOTE

Check Details

Version: 0.4-12
Check: R code for possible problems
Result: NOTE
    plotarc: no visible global function definition for ‘par’
    plotarc: no visible global function definition for ‘plot’
    plotarc: no visible global function definition for ‘lines’
    plotpoly: no visible global function definition for ‘par’
    plotpoly: no visible global function definition for ‘plot’
    plotpoly: no visible global function definition for ‘polygon’
    Undefined global functions or variables:
     lines par plot polygon
    Consider adding
     importFrom("graphics", "lines", "par", "plot", "polygon")
    to your NAMESPACE file.
Flavors: r-devel-linux-x86_64-debian-clang, r-devel-linux-x86_64-debian-gcc, r-devel-linux-x86_64-fedora-clang, r-devel-linux-x86_64-fedora-gcc, r-devel-windows-ix86+x86_64, r-patched-linux-x86_64, r-patched-solaris-x86, r-release-linux-x86_64, r-release-windows-ix86+x86_64, r-release-osx-x86_64, r-oldrel-windows-ix86+x86_64, r-oldrel-osx-x86_64

Version: 0.4-12
Check: compiled code
Result: NOTE
    File ‘RArcInfo/libs/RArcInfo.so’:
     Found no calls to: ‘R_registerRoutines’, ‘R_useDynamicSymbols’
    
    It is good practice to register native routines and to disable symbol
    search.
    
    See ‘Writing portable packages’ in the ‘Writing R Extensions’ manual.
Flavors: r-devel-linux-x86_64-debian-clang, r-devel-linux-x86_64-debian-gcc, r-devel-linux-x86_64-fedora-clang, r-devel-linux-x86_64-fedora-gcc, r-patched-linux-x86_64, r-release-linux-x86_64