CRAN Package Check Results for Package RArcInfo

Last updated on 2017-07-25 18:47:11.

Flavor Version Tinstall Tcheck Ttotal Status Flags
r-devel-linux-x86_64-debian-clang 0.4-12 4.08 20.69 24.76 NOTE
r-devel-linux-x86_64-debian-gcc 0.4-12 4.00 21.53 25.53 NOTE
r-devel-linux-x86_64-fedora-clang 0.4-12 29.99 NOTE
r-devel-linux-x86_64-fedora-gcc 0.4-12 29.46 NOTE
r-devel-windows-ix86+x86_64 0.4-12 37.00 48.00 85.00 NOTE
r-patched-linux-x86_64 0.4-12 3.79 21.41 25.20 NOTE
r-patched-solaris-x86 0.4-12 43.40 NOTE
r-release-linux-x86_64 0.4-12 3.77 20.65 24.42 NOTE
r-release-windows-ix86+x86_64 0.4-12 24.00 37.00 61.00 NOTE
r-release-osx-x86_64 0.4-12 NOTE
r-oldrel-windows-ix86+x86_64 0.4-12 20.00 32.00 52.00 NOTE
r-oldrel-osx-x86_64 0.4-12 NOTE

Check Details

Version: 0.4-12
Check: R code for possible problems
Result: NOTE
    plotarc: no visible global function definition for ‘par’
    plotarc: no visible global function definition for ‘plot’
    plotarc: no visible global function definition for ‘lines’
    plotpoly: no visible global function definition for ‘par’
    plotpoly: no visible global function definition for ‘plot’
    plotpoly: no visible global function definition for ‘polygon’
    Undefined global functions or variables:
     lines par plot polygon
    Consider adding
     importFrom("graphics", "lines", "par", "plot", "polygon")
    to your NAMESPACE file.
Flavors: r-devel-linux-x86_64-debian-clang, r-devel-linux-x86_64-debian-gcc, r-devel-linux-x86_64-fedora-clang, r-devel-linux-x86_64-fedora-gcc, r-devel-windows-ix86+x86_64, r-patched-linux-x86_64, r-patched-solaris-x86, r-release-linux-x86_64, r-release-windows-ix86+x86_64, r-release-osx-x86_64, r-oldrel-windows-ix86+x86_64, r-oldrel-osx-x86_64

Version: 0.4-12
Check: compiled code
Result: NOTE
    File ‘RArcInfo/libs/RArcInfo.so’:
     Found no calls to: ‘R_registerRoutines’, ‘R_useDynamicSymbols’
    
    It is good practice to register native routines and to disable symbol
    search.
    
    See ‘Writing portable packages’ in the ‘Writing R Extensions’ manual.
Flavors: r-devel-linux-x86_64-debian-clang, r-devel-linux-x86_64-debian-gcc, r-devel-linux-x86_64-fedora-clang, r-devel-linux-x86_64-fedora-gcc, r-patched-linux-x86_64, r-release-linux-x86_64