CRAN Package Check Results for Package RAthena

Last updated on 2020-02-29 07:50:24 CET.

Flavor Version Tinstall Tcheck Ttotal Status Flags
r-devel-linux-x86_64-debian-clang 1.7.1 6.59 49.77 56.36 OK
r-devel-linux-x86_64-debian-gcc 1.7.1 6.03 38.58 44.61 OK
r-devel-linux-x86_64-fedora-clang 1.7.1 71.56 NOTE
r-devel-linux-x86_64-fedora-gcc 1.7.1 69.00 NOTE
r-devel-windows-ix86+x86_64 1.7.1 22.00 129.00 151.00 OK
r-devel-windows-ix86+x86_64-gcc8 1.7.1 15.00 64.00 79.00 OK
r-patched-linux-x86_64 1.7.1 6.25 44.41 50.66 OK
r-patched-solaris-x86 1.7.1 85.30 OK
r-release-linux-x86_64 1.7.1 5.65 44.12 49.77 OK
r-release-windows-ix86+x86_64 1.7.1 8.00 83.00 91.00 OK
r-release-osx-x86_64 1.7.1 OK
r-oldrel-windows-ix86+x86_64 1.7.1 6.00 56.00 62.00 OK
r-oldrel-osx-x86_64 1.7.1 OK

Check Details

Version: 1.7.1
Check: package dependencies
Result: NOTE
    Package suggested but not available for checking: ‘arrow’
Flavors: r-devel-linux-x86_64-fedora-clang, r-devel-linux-x86_64-fedora-gcc