CRAN Package Check Results for Package RBesT

Last updated on 2018-11-13 01:46:33 CET.

Flavor Version Tinstall Tcheck Ttotal Status Flags
r-devel-linux-x86_64-debian-clang 1.3-4 108.12 370.90 479.02 NOTE
r-devel-linux-x86_64-debian-gcc 1.3-4 110.84 270.57 381.41 NOTE
r-devel-linux-x86_64-fedora-clang 1.3-4 600.68 NOTE
r-devel-linux-x86_64-fedora-gcc 1.3-4 573.78 NOTE
r-devel-windows-ix86+x86_64 1.3-4 196.00 504.00 700.00 NOTE
r-patched-linux-x86_64 1.3-4 135.62 354.89 490.51 NOTE
r-patched-solaris-x86 1.3-4 673.90 NOTE
r-release-linux-x86_64 1.3-4 117.21 355.29 472.50 NOTE
r-release-windows-ix86+x86_64 1.3-4 245.00 626.00 871.00 NOTE
r-release-osx-x86_64 1.3-4 NOTE
r-oldrel-windows-ix86+x86_64 1.3-4 237.00 777.00 1014.00 NOTE
r-oldrel-osx-x86_64 1.3-4 NOTE

Check Details

Version: 1.3-4
Check: for GNU extensions in Makefiles
Result: NOTE
    GNU make is a SystemRequirements.
Flavors: r-devel-linux-x86_64-debian-clang, r-devel-linux-x86_64-debian-gcc, r-devel-linux-x86_64-fedora-clang, r-devel-linux-x86_64-fedora-gcc, r-devel-windows-ix86+x86_64, r-patched-linux-x86_64, r-patched-solaris-x86, r-release-linux-x86_64, r-release-windows-ix86+x86_64, r-release-osx-x86_64, r-oldrel-windows-ix86+x86_64, r-oldrel-osx-x86_64

Version: 1.3-4
Check: installed package size
Result: NOTE
     installed size is 31.8Mb
     sub-directories of 1Mb or more:
     doc 1.7Mb
     libs 29.4Mb
Flavors: r-devel-linux-x86_64-fedora-clang, r-devel-windows-ix86+x86_64, r-release-windows-ix86+x86_64, r-release-osx-x86_64, r-oldrel-windows-ix86+x86_64, r-oldrel-osx-x86_64