CRAN Package Check Results for Package RBesT

Last updated on 2019-01-16 09:50:45 CET.

Flavor Version Tinstall Tcheck Ttotal Status Flags
r-devel-linux-x86_64-debian-clang 1.3-7 105.64 417.09 522.73 NOTE
r-devel-linux-x86_64-debian-gcc 1.3-7 109.52 287.85 397.37 NOTE
r-devel-linux-x86_64-fedora-clang 1.3-7 647.93 NOTE
r-devel-linux-x86_64-fedora-gcc 1.3-7 608.53 NOTE
r-devel-windows-ix86+x86_64 1.3-7 176.00 501.00 677.00 NOTE
r-patched-linux-x86_64 1.3-7 127.40 367.94 495.34 NOTE
r-patched-solaris-x86 1.3-7 717.70 NOTE
r-release-linux-x86_64 1.3-7 123.96 367.12 491.08 NOTE
r-release-windows-ix86+x86_64 1.3-7 254.00 544.00 798.00 NOTE
r-release-osx-x86_64 1.3-7 NOTE
r-oldrel-windows-ix86+x86_64 1.3-7 188.00 591.00 779.00 NOTE
r-oldrel-osx-x86_64 1.3-7 NOTE

Check Details

Version: 1.3-7
Check: for GNU extensions in Makefiles
Result: NOTE
    GNU make is a SystemRequirements.
Flavors: r-devel-linux-x86_64-debian-clang, r-devel-linux-x86_64-debian-gcc, r-devel-linux-x86_64-fedora-clang, r-devel-linux-x86_64-fedora-gcc, r-devel-windows-ix86+x86_64, r-patched-linux-x86_64, r-patched-solaris-x86, r-release-linux-x86_64, r-release-windows-ix86+x86_64, r-release-osx-x86_64, r-oldrel-windows-ix86+x86_64, r-oldrel-osx-x86_64

Version: 1.3-7
Check: installed package size
Result: NOTE
     installed size is 32.1Mb
     sub-directories of 1Mb or more:
     doc 1.9Mb
     libs 29.5Mb
Flavors: r-devel-linux-x86_64-fedora-clang, r-devel-windows-ix86+x86_64, r-patched-solaris-x86, r-release-windows-ix86+x86_64, r-release-osx-x86_64, r-oldrel-windows-ix86+x86_64, r-oldrel-osx-x86_64