CRAN Package Check Results for Package RBesT

Last updated on 2019-03-21 04:52:15 CET.

Flavor Version Tinstall Tcheck Ttotal Status Flags
r-devel-linux-x86_64-debian-clang 1.3-7 105.41 425.21 530.62 WARN
r-devel-linux-x86_64-debian-gcc 1.3-7 104.81 291.00 395.81 WARN
r-devel-linux-x86_64-fedora-clang 1.3-7 642.18 WARN
r-devel-linux-x86_64-fedora-gcc 1.3-7 612.44 WARN
r-devel-windows-ix86+x86_64 1.3-7 248.00 717.00 965.00 WARN
r-patched-linux-x86_64 1.3-7 119.91 371.96 491.87 NOTE
r-patched-solaris-x86 1.3-7 720.20 NOTE
r-release-linux-x86_64 1.3-7 113.64 372.31 485.95 NOTE
r-release-windows-ix86+x86_64 1.3-7 167.00 497.00 664.00 NOTE
r-release-osx-x86_64 1.3-7 NOTE
r-oldrel-windows-ix86+x86_64 1.3-7 239.00 811.00 1050.00 NOTE
r-oldrel-osx-x86_64 1.3-7 NOTE

Check Details

Version: 1.3-7
Check: for GNU extensions in Makefiles
Result: NOTE
    GNU make is a SystemRequirements.
Flavors: r-devel-linux-x86_64-debian-clang, r-devel-linux-x86_64-debian-gcc, r-devel-linux-x86_64-fedora-clang, r-devel-linux-x86_64-fedora-gcc, r-devel-windows-ix86+x86_64, r-patched-linux-x86_64, r-patched-solaris-x86, r-release-linux-x86_64, r-release-windows-ix86+x86_64, r-release-osx-x86_64, r-oldrel-windows-ix86+x86_64, r-oldrel-osx-x86_64

Version: 1.3-7
Check: re-building of vignette outputs
Result: WARN
    Error(s) in re-building vignettes:
     ...
    --- re-building 'PoS_codata.Rmd' using rmarkdown
    --- finished re-building 'PoS_codata.Rmd'
    
    --- re-building 'PoS_interim.Rmd' using rmarkdown
    --- finished re-building 'PoS_interim.Rmd'
    
    --- re-building 'customizing_plots.Rmd' using rmarkdown
    Loading required package: Rcpp
    This is RBesT version 1.3.7
    This is bayesplot version 1.6.0
    - Online documentation and vignettes at mc-stan.org/bayesplot
    - bayesplot theme set to bayesplot::theme_default()
     * Does _not_ affect other ggplot2 plots
     * See ?bayesplot_theme_set for details on theme setting
    Final MCMC sample equivalent to less than 1000 independent draws.
    Please consider increasing the MCMC simulation size.
    --- finished re-building 'customizing_plots.Rmd'
    
    --- re-building 'introduction.Rmd' using rmarkdown
    --- finished re-building 'introduction.Rmd'
    
    --- re-building 'introduction_normal.Rmd' using rmarkdown
    --- finished re-building 'introduction_normal.Rmd'
    
    --- re-building 'robustMAP.Rmd' using rmarkdown
    --- finished re-building 'robustMAP.Rmd'
    
    --- re-building 'variances_MAP.Rmd' using rmarkdown
    Quitting from lines 137-148 (variances_MAP.Rmd)
    Error: processing vignette 'variances_MAP.Rmd' failed with diagnostics:
    dims [product 2] do not match the length of object [3]
    --- failed re-building 'variances_MAP.Rmd'
    
    SUMMARY: processing the following file failed:
     'variances_MAP.Rmd'
    
    Error: Vignette re-building failed.
    Execution halted
Flavors: r-devel-linux-x86_64-debian-clang, r-devel-linux-x86_64-debian-gcc

Version: 1.3-7
Check: installed package size
Result: NOTE
     installed size is 32.1Mb
     sub-directories of 1Mb or more:
     doc 1.9Mb
     libs 29.5Mb
Flavors: r-devel-linux-x86_64-fedora-clang, r-devel-windows-ix86+x86_64, r-patched-solaris-x86, r-release-windows-ix86+x86_64, r-release-osx-x86_64, r-oldrel-windows-ix86+x86_64, r-oldrel-osx-x86_64

Version: 1.3-7
Check: re-building of vignette outputs
Result: WARN
    Error(s) in re-building vignettes:
    --- re-building ‘PoS_codata.Rmd’ using rmarkdown
    --- finished re-building ‘PoS_codata.Rmd’
    
    --- re-building ‘PoS_interim.Rmd’ using rmarkdown
    --- finished re-building ‘PoS_interim.Rmd’
    
    --- re-building ‘customizing_plots.Rmd’ using rmarkdown
    Loading required package: Rcpp
    This is RBesT version 1.3.7
    This is bayesplot version 1.6.0
    - Online documentation and vignettes at mc-stan.org/bayesplot
    - bayesplot theme set to bayesplot::theme_default()
     * Does _not_ affect other ggplot2 plots
     * See ?bayesplot_theme_set for details on theme setting
    Final MCMC sample equivalent to less than 1000 independent draws.
    Please consider increasing the MCMC simulation size.
    --- finished re-building ‘customizing_plots.Rmd’
    
    --- re-building ‘introduction.Rmd’ using rmarkdown
    --- finished re-building ‘introduction.Rmd’
    
    --- re-building ‘introduction_normal.Rmd’ using rmarkdown
    --- finished re-building ‘introduction_normal.Rmd’
    
    --- re-building ‘robustMAP.Rmd’ using rmarkdown
    --- finished re-building ‘robustMAP.Rmd’
    
    --- re-building ‘variances_MAP.Rmd’ using rmarkdown
    Quitting from lines 137-148 (variances_MAP.Rmd)
    Error: processing vignette 'variances_MAP.Rmd' failed with diagnostics:
    dims [product 2] do not match the length of object [3]
    --- failed re-building ‘variances_MAP.Rmd’
    
    SUMMARY: processing the following file failed:
     ‘variances_MAP.Rmd’
    
    Error: Vignette re-building failed.
    Execution halted
Flavors: r-devel-linux-x86_64-fedora-clang, r-devel-linux-x86_64-fedora-gcc, r-devel-windows-ix86+x86_64