CRAN Package Check Results for Package RC

Last updated on 2014-07-23 19:49:21.

Flavor Version Tinstall Tcheck Ttotal Status Flags
r-devel-linux-x86_64-debian-clang 1.0.2.13 2.48 24.36 26.84 NOTE
r-devel-linux-x86_64-debian-gcc 1.0.2.13 1.64 24.24 25.88 NOTE
r-devel-linux-x86_64-fedora-clang 1.0.2.13 37.48 NOTE
r-devel-linux-x86_64-fedora-gcc 1.0.2.13 35.96 NOTE
r-devel-osx-x86_64-clang 1.0.2.13 44.71 NOTE
r-devel-windows-ix86+x86_64 1.0.2.13 6.00 34.00 40.00 NOTE
r-patched-linux-x86_64 1.0.2.13 1.88 24.65 26.52 NOTE
r-patched-solaris-sparc 1.0.2.13 214.70 NOTE
r-patched-solaris-x86 1.0.2.13 50.10 NOTE
r-release-linux-ix86 1.0.2.13 2.09 31.84 33.93 NOTE
r-release-linux-x86_64 1.0.2.13 1.75 25.17 26.92 NOTE
r-release-osx-x86_64-mavericks 1.0.2.13 NOTE
r-release-osx-x86_64-snowleopard 1.0.2.13 NOTE
r-release-windows-ix86+x86_64 1.0.2.13 5.00 35.00 40.00 NOTE
r-oldrel-windows-ix86+x86_64 1.0.2.13 5.00 38.00 43.00 NOTE

Check Details

Version: 1.0.2.13
Check: dependencies in R code
Result: NOTE
    'library' or 'require' calls to packages already attached by Depends:
     'bitops' 'igraph'
     Please remove these calls from your code.
    Packages in Depends field not imported from:
     'bitops' 'igraph'
     These packages need to be imported from (in the NAMESPACE file)
     for when this namespace is loaded but not attached.
    See the information on DESCRIPTION files in the chapter ‘Creating R
    packages’ of the ‘Writing R Extensions’ manual.
Flavors: r-devel-linux-x86_64-debian-clang, r-devel-linux-x86_64-debian-gcc, r-devel-linux-x86_64-fedora-clang, r-devel-linux-x86_64-fedora-gcc, r-devel-osx-x86_64-clang, r-devel-windows-ix86+x86_64, r-patched-linux-x86_64, r-patched-solaris-sparc, r-patched-solaris-x86, r-release-linux-ix86, r-release-linux-x86_64, r-release-osx-x86_64-mavericks, r-release-windows-ix86+x86_64, r-oldrel-windows-ix86+x86_64

Version: 1.0.2.13
Check: R code for possible problems
Result: NOTE
    File ‘RC/R/RC-internal.R’:
     .onAttach calls:
     library(igraph)
     library(bitops)
     message("Connecting to remote server...\n")
     message(paste(.RCtitle, "\n", .RCterms, sep = ""))
    
    Package startup functions should not change the search path.
    Package startup functions should use ‘packageStartupMessage’ to
     generate messages.
    See section ‘Good practice’ in '?.onAttach'.
Flavors: r-devel-linux-x86_64-debian-clang, r-devel-linux-x86_64-debian-gcc, r-devel-linux-x86_64-fedora-clang, r-devel-linux-x86_64-fedora-gcc, r-devel-osx-x86_64-clang, r-devel-windows-ix86+x86_64, r-patched-linux-x86_64, r-patched-solaris-sparc, r-patched-solaris-x86, r-release-linux-ix86, r-release-linux-x86_64, r-release-osx-x86_64-mavericks, r-release-osx-x86_64-snowleopard, r-release-windows-ix86+x86_64, r-oldrel-windows-ix86+x86_64

Version: 1.0.2.13
Check: Rd line widths
Result: NOTE
    Rd file 'RC.feedback.submitted.Rd':
     \examples lines wider than 100 characters:
     #Fetch the feedback messages that were submitted by the student with User ID = 'b-r0262549' [Not run]
    
    Rd file 'RC.network.list.Rd':
     \usage lines wider than 90 characters:
     RC.network.list(bloggers = NULL, elaborate = TRUE, computations = 1, quote = TRUE, startdate = "1970-01-01", enddate = "4000-12-31", ve ... [TRUNCATED]
     \examples lines wider than 100 characters:
     #RC.demo.users <- c('b-s0800252', 'b-s0800298', 'b-s0800944', 'b-s0801290', 'b-s0800032', 'b-s0510133', 'b-s0800417', 'b-s0801466', 'b- ... [TRUNCATED]
    
    These lines will be truncated in the PDF manual.
Flavors: r-devel-linux-x86_64-fedora-clang, r-devel-linux-x86_64-fedora-gcc

Version: 1.0.2.13
Check: dependencies in R code
Result: NOTE
    'library' or 'require' calls to packages already attached by Depends:
     'bitops' 'igraph'
     Please remove these calls from your code.
    See the information on DESCRIPTION files in the chapter 'Creating R
    packages' of the 'Writing R Extensions' manual.
Flavor: r-release-osx-x86_64-snowleopard