CRAN Package Check Results for Package RCA

Last updated on 2014-07-24 01:48:00.

Flavor Version Tinstall Tcheck Ttotal Status Flags
r-devel-linux-x86_64-debian-clang 1.4.5 66.67 14.50 81.18 NOTE
r-devel-linux-x86_64-debian-gcc 1.4.5 107.55 13.31 120.86 NOTE
r-devel-linux-x86_64-fedora-clang 1.4.5 165.42 NOTE
r-devel-linux-x86_64-fedora-gcc 1.4.5 197.26 NOTE
r-devel-osx-x86_64-clang 1.4.5 145.33 OK
r-devel-windows-ix86+x86_64 1.4.5 521.00 66.00 587.00 NOTE
r-patched-linux-x86_64 1.4.5 109.83 13.90 123.73 NOTE
r-patched-solaris-sparc 1.4.5 1065.80 OK
r-patched-solaris-x86 1.4.5 316.50 NOTE
r-release-linux-ix86 1.4.5 142.42 21.66 164.08 NOTE
r-release-linux-x86_64 1.4.5 109.74 13.97 123.71 NOTE
r-release-osx-x86_64-mavericks 1.4.5 NOTE
r-release-osx-x86_64-snowleopard 1.4.5 WARN
r-release-windows-ix86+x86_64 1.4.5 527.00 63.00 590.00 NOTE
r-oldrel-windows-ix86+x86_64 1.4.5 529.00 74.00 603.00 NOTE

Check Details

Version: 1.4.5
Check: installed package size
Result: NOTE
     installed size is 11.5Mb
     sub-directories of 1Mb or more:
     libs 11.4Mb
Flavors: r-devel-linux-x86_64-debian-clang, r-devel-linux-x86_64-debian-gcc, r-devel-linux-x86_64-fedora-clang, r-devel-linux-x86_64-fedora-gcc, r-devel-windows-ix86+x86_64, r-patched-linux-x86_64, r-patched-solaris-x86, r-release-linux-ix86, r-release-linux-x86_64, r-release-osx-x86_64-mavericks, r-release-osx-x86_64-snowleopard, r-release-windows-ix86+x86_64, r-oldrel-windows-ix86+x86_64

Version: 1.4.5
Check: top-level files
Result: NOTE
    Non-standard files/directories found at top level:
     ‘matrix.pmt’ ‘stack.pmt’ ‘vector.pmt’
Flavors: r-devel-linux-x86_64-fedora-clang, r-devel-linux-x86_64-fedora-gcc

Version: 1.4.5
Check: DESCRIPTION meta-information
Result: NOTE
    'LinkingTo' for 'igraph' is unused as it has no 'include' directory
Flavors: r-devel-windows-ix86+x86_64, r-release-windows-ix86+x86_64

Version: 1.4.5
Check: whether package can be installed
Result: WARNING
    Found the following significant warnings:
     foreign-gml-parser.c:1707: warning: passing argument 3 of 'igraph_gml_yyerror' discards qualifiers from pointer target type
     foreign-lgl-parser.c:1604: warning: passing argument 3 of 'igraph_lgl_yyerror' discards qualifiers from pointer target type
     foreign-ncol-parser.c:1591: warning: passing argument 3 of 'igraph_ncol_yyerror' discards qualifiers from pointer target type
     foreign-pajek-parser.c:2652: warning: passing argument 3 of 'igraph_pajek_yyerror' discards qualifiers from pointer target type
    See '/Volumes/XT3/Builds/R-dev-web/QA/Simon/packages/snowleopard-x86_64/results/3.1/RCA.Rcheck/00install.out' for details.
Flavor: r-release-osx-x86_64-snowleopard