CRAN Package Check Results for Package RCA

Last updated on 2015-03-28 00:54:26.

Flavor Version Tinstall Tcheck Ttotal Status Flags
r-devel-linux-x86_64-debian-clang 1.4.5 79.98 14.33 94.31 WARN
r-devel-linux-x86_64-debian-gcc 1.4.5 107.38 13.46 120.84 WARN
r-devel-linux-x86_64-fedora-clang 1.4.5 205.90 WARN
r-devel-linux-x86_64-fedora-gcc 1.4.5 212.10 WARN
r-devel-osx-x86_64-clang 1.4.5 154.54 WARN
r-prerel-windows-ix86+x86_64 1.4.5 577.00 65.00 642.00 WARN
r-prerel-linux-x86_64 1.4.5 107.79 13.85 121.64 WARN
r-prerel-solaris-sparc 1.4.5 1086.50 WARN
r-prerel-solaris-x86 1.4.5 316.30 WARN
r-release-linux-x86_64 1.4.5 108.98 16.04 125.03 WARN
r-release-osx-x86_64-mavericks 1.4.5 WARN
r-release-osx-x86_64-snowleopard 1.4.5 WARN
r-release-windows-ix86+x86_64 1.4.5 518.00 61.00 579.00 WARN
r-oldrel-windows-ix86+x86_64 1.4.5 513.00 94.00 607.00 NOTE

Check Details

Version: 1.4.5
Check: whether package can be installed
Result: WARN
    Found the following significant warnings:
     glpenv01.c:130:48: warning: incompatible integer to pointer conversion returning 'int' from a function with result type 'ENV *' (aka 'struct ENV *') [-Wint-conversion]
     glpenv01.c:138:43: warning: incompatible integer to pointer conversion returning 'int' from a function with result type 'ENV *' (aka 'struct ENV *') [-Wint-conversion]
Flavors: r-devel-linux-x86_64-debian-clang, r-devel-linux-x86_64-fedora-clang, r-devel-osx-x86_64-clang, r-release-osx-x86_64-mavericks

Version: 1.4.5
Check: installed package size
Result: NOTE
     installed size is 12.6Mb
     sub-directories of 1Mb or more:
     libs 12.5Mb
Flavors: r-devel-linux-x86_64-debian-clang, r-devel-linux-x86_64-debian-gcc, r-devel-linux-x86_64-fedora-clang, r-devel-linux-x86_64-fedora-gcc, r-prerel-windows-ix86+x86_64, r-prerel-linux-x86_64, r-prerel-solaris-x86, r-release-linux-x86_64, r-release-osx-x86_64-mavericks, r-release-osx-x86_64-snowleopard, r-release-windows-ix86+x86_64, r-oldrel-windows-ix86+x86_64

Version: 1.4.5
Check: top-level files
Result: NOTE
    Non-standard files/directories found at top level:
     ‘matrix.pmt’ ‘stack.pmt’ ‘vector.pmt’
Flavors: r-devel-linux-x86_64-debian-clang, r-devel-linux-x86_64-debian-gcc, r-devel-linux-x86_64-fedora-clang, r-devel-linux-x86_64-fedora-gcc, r-prerel-linux-x86_64, r-release-linux-x86_64

Version: 1.4.5
Check: compiled code
Result: NOTE
    File ‘RCA/libs/RCA.so’:
     Found ‘rand’, possibly from ‘rand’ (C)
     Objects: ‘RCAlib.o’, ‘cs_randperm.o’
     Found ‘srand’, possibly from ‘srand’ (C)
     Objects: ‘RCAlib.o’, ‘cs_randperm.o’
    
    Compiled code should not call entry points which might terminate R nor
    write to stdout/stderr instead of to the console, nor the system RNG.
    
    See ‘Writing portable packages’ in the ‘Writing R Extensions’ manual.
Flavors: r-devel-linux-x86_64-debian-clang, r-devel-linux-x86_64-debian-gcc, r-devel-linux-x86_64-fedora-clang, r-devel-linux-x86_64-fedora-gcc, r-prerel-linux-x86_64, r-prerel-solaris-sparc, r-prerel-solaris-x86, r-release-linux-x86_64

Version: 1.4.5
Check: whether package can be installed
Result: WARN
    Found the following significant warnings:
     igraph_error.h:424:8: warning: return makes pointer from integer without a cast
Flavors: r-devel-linux-x86_64-debian-gcc, r-devel-linux-x86_64-fedora-gcc, r-prerel-linux-x86_64, r-release-linux-x86_64

Version: 1.4.5
Check: compiled code
Result: NOTE
    File ‘RCA/libs/RCA.so’:
     Found ‘_rand’, possibly from ‘rand’ (C)
     Objects: ‘RCAlib.o’, ‘cs_randperm.o’
     Found ‘_srand’, possibly from ‘srand’ (C)
     Objects: ‘RCAlib.o’, ‘cs_randperm.o’
    
    Compiled code should not call entry points which might terminate R nor
    write to stdout/stderr instead of to the console, nor the system RNG.
    
    See ‘Writing portable packages’ in the ‘Writing R Extensions’ manual.
Flavors: r-devel-osx-x86_64-clang, r-release-osx-x86_64-mavericks

Version: 1.4.5
Check: whether package can be installed
Result: WARN
    Found the following significant warnings:
     glpenv01.c:130:5: warning: return makes pointer from integer without a cast [enabled by default]
     glpenv01.c:138:2: warning: return makes pointer from integer without a cast [enabled by default]
Flavors: r-prerel-windows-ix86+x86_64, r-release-windows-ix86+x86_64

Version: 1.4.5
Check: compiled code
Result: NOTE
    File 'RCA/libs/i386/RCA.dll':
     Found 'rand', possibly from 'rand' (C)
     Objects: 'RCAlib.o', 'cs_randperm.o'
     Found 'srand', possibly from 'srand' (C)
     Objects: 'RCAlib.o', 'cs_randperm.o'
    File 'RCA/libs/x64/RCA.dll':
     Found 'rand', possibly from 'rand' (C)
     Objects: 'RCAlib.o', 'cs_randperm.o'
     Found 'srand', possibly from 'srand' (C)
     Objects: 'RCAlib.o', 'cs_randperm.o'
    
    Compiled code should not call entry points which might terminate R nor
    write to stdout/stderr instead of to the console, nor the system RNG.
    
    See 'Writing portable packages' in the 'Writing R Extensions' manual.
Flavors: r-prerel-windows-ix86+x86_64, r-release-windows-ix86+x86_64

Version: 1.4.5
Check: whether package can be installed
Result: WARN
    Found the following significant warnings:
     "glpenv01.c", line 130: warning: improper pointer/integer combination: op "="
     "glpenv01.c", line 138: warning: improper pointer/integer combination: op "="
Flavors: r-prerel-solaris-sparc, r-prerel-solaris-x86

Version: 1.4.5
Check: whether package can be installed
Result: WARN
    Found the following significant warnings:
     foreign-gml-parser.c:1707: warning: passing argument 3 of 'igraph_gml_yyerror' discards qualifiers from pointer target type
     foreign-lgl-parser.c:1604: warning: passing argument 3 of 'igraph_lgl_yyerror' discards qualifiers from pointer target type
     foreign-ncol-parser.c:1591: warning: passing argument 3 of 'igraph_ncol_yyerror' discards qualifiers from pointer target type
     foreign-pajek-parser.c:2652: warning: passing argument 3 of 'igraph_pajek_yyerror' discards qualifiers from pointer target type
Flavor: r-release-osx-x86_64-snowleopard

Version: 1.4.5
Check: DESCRIPTION meta-information
Result: NOTE
    'LinkingTo' for 'igraph' is unused as it has no 'include' directory
Flavor: r-release-windows-ix86+x86_64