CRAN Package Check Results for Package RCA

Last updated on 2015-01-25 17:48:11.

Flavor Version Tinstall Tcheck Ttotal Status Flags
r-devel-linux-x86_64-debian-clang 1.4.5 74.50 15.34 89.84 WARN
r-devel-linux-x86_64-debian-gcc 1.4.5 108.24 14.98 123.22 WARN
r-devel-linux-x86_64-fedora-clang 1.4.5 195.98 WARN
r-devel-linux-x86_64-fedora-gcc 1.4.5 201.24 WARN
r-devel-osx-x86_64-clang 1.4.5 143.65 WARN
r-devel-windows-ix86+x86_64 1.4.5 588.00 77.00 665.00 WARN
r-patched-linux-x86_64 1.4.5 110.05 15.51 125.56 WARN
r-patched-solaris-sparc 1.4.5 1059.90 WARN
r-patched-solaris-x86 1.4.5 323.10 WARN
r-release-linux-ix86 1.4.5 134.93 21.57 156.50 NOTE
r-release-linux-x86_64 1.4.5 107.81 15.50 123.31 NOTE
r-release-osx-x86_64-mavericks 1.4.5 WARN
r-release-osx-x86_64-snowleopard 1.4.5 WARN
r-release-windows-ix86+x86_64 1.4.5 521.00 65.00 586.00 NOTE
r-oldrel-windows-ix86+x86_64 1.4.5 526.00 87.00 613.00 NOTE

Check Details

Version: 1.4.5
Check: whether package can be installed
Result: WARN
    Found the following significant warnings:
     glpenv01.c:130:48: warning: incompatible integer to pointer conversion returning 'int' from a function with result type 'ENV *' (aka 'struct ENV *') [-Wint-conversion]
     glpenv01.c:138:43: warning: incompatible integer to pointer conversion returning 'int' from a function with result type 'ENV *' (aka 'struct ENV *') [-Wint-conversion]
Flavors: r-devel-linux-x86_64-debian-clang, r-devel-linux-x86_64-fedora-clang, r-devel-osx-x86_64-clang, r-release-osx-x86_64-mavericks

Version: 1.4.5
Check: installed package size
Result: NOTE
     installed size is 13.2Mb
     sub-directories of 1Mb or more:
     libs 13.1Mb
Flavors: r-devel-linux-x86_64-debian-clang, r-devel-linux-x86_64-debian-gcc, r-devel-linux-x86_64-fedora-clang, r-devel-linux-x86_64-fedora-gcc, r-devel-windows-ix86+x86_64, r-patched-linux-x86_64, r-patched-solaris-x86, r-release-linux-ix86, r-release-linux-x86_64, r-release-osx-x86_64-mavericks, r-release-osx-x86_64-snowleopard, r-release-windows-ix86+x86_64, r-oldrel-windows-ix86+x86_64

Version: 1.4.5
Check: top-level files
Result: NOTE
    Non-standard files/directories found at top level:
     ‘matrix.pmt’ ‘stack.pmt’ ‘vector.pmt’
Flavors: r-devel-linux-x86_64-debian-clang, r-devel-linux-x86_64-debian-gcc, r-devel-linux-x86_64-fedora-clang, r-devel-linux-x86_64-fedora-gcc, r-patched-linux-x86_64, r-release-linux-x86_64

Version: 1.4.5
Check: compiled code
Result: NOTE
    File ‘RCA/libs/RCA.so’:
     Found ‘rand’, possibly from ‘rand’ (C)
     Objects: ‘RCAlib.o’, ‘cs_randperm.o’
     Found ‘srand’, possibly from ‘srand’ (C)
     Objects: ‘RCAlib.o’, ‘cs_randperm.o’
    
    Compiled code should not call entry points which might terminate R nor
    write to stdout/stderr instead of to the console, nor the system RNG.
    
    See ‘Writing portable packages’ in the ‘Writing R Extensions’ manual.
Flavors: r-devel-linux-x86_64-debian-clang, r-devel-linux-x86_64-debian-gcc, r-devel-linux-x86_64-fedora-clang, r-devel-linux-x86_64-fedora-gcc, r-patched-linux-x86_64, r-patched-solaris-sparc, r-patched-solaris-x86

Version: 1.4.5
Check: whether package can be installed
Result: WARN
    Found the following significant warnings:
     igraph_error.h:424:8: warning: return makes pointer from integer without a cast
Flavors: r-devel-linux-x86_64-debian-gcc, r-patched-linux-x86_64

Version: 1.4.5
Check: whether package can be installed
Result: WARN
    Found the following significant warnings:
     igraph_error.h:424:8: warning: return makes pointer from integer without a cast [enabled by default]
Flavor: r-devel-linux-x86_64-fedora-gcc

Version: 1.4.5
Check: compiled code
Result: NOTE
    File ‘RCA/libs/RCA.so’:
     Found ‘_rand’, possibly from ‘rand’ (C)
     Objects: ‘RCAlib.o’, ‘cs_randperm.o’
     Found ‘_srand’, possibly from ‘srand’ (C)
     Objects: ‘RCAlib.o’, ‘cs_randperm.o’
    
    Compiled code should not call entry points which might terminate R nor
    write to stdout/stderr instead of to the console, nor the system RNG.
    
    See ‘Writing portable packages’ in the ‘Writing R Extensions’ manual.
Flavors: r-devel-osx-x86_64-clang, r-release-osx-x86_64-mavericks

Version: 1.4.5
Check: whether package can be installed
Result: WARN
    Found the following significant warnings:
     glpenv01.c:130:5: warning: return makes pointer from integer without a cast [enabled by default]
     glpenv01.c:138:2: warning: return makes pointer from integer without a cast [enabled by default]
Flavor: r-devel-windows-ix86+x86_64

Version: 1.4.5
Check: compiled code
Result: NOTE
    File 'RCA/libs/i386/RCA.dll':
     Found 'rand', possibly from 'rand' (C)
     Objects: 'RCAlib.o', 'cs_randperm.o'
     Found 'srand', possibly from 'srand' (C)
     Objects: 'RCAlib.o', 'cs_randperm.o'
    File 'RCA/libs/x64/RCA.dll':
     Found 'rand', possibly from 'rand' (C)
     Objects: 'RCAlib.o', 'cs_randperm.o'
     Found 'srand', possibly from 'srand' (C)
     Objects: 'RCAlib.o', 'cs_randperm.o'
    
    Compiled code should not call entry points which might terminate R nor
    write to stdout/stderr instead of to the console, nor the system RNG.
    
    See 'Writing portable packages' in the 'Writing R Extensions' manual.
Flavor: r-devel-windows-ix86+x86_64

Version: 1.4.5
Check: whether package can be installed
Result: WARN
    Found the following significant warnings:
     "glpenv01.c", line 130: warning: improper pointer/integer combination: op "="
     "glpenv01.c", line 138: warning: improper pointer/integer combination: op "="
Flavors: r-patched-solaris-sparc, r-patched-solaris-x86

Version: 1.4.5
Check: compiled code
Result: NOTE
    File ‘RCA/libs/RCA.so’:
     Found ‘rand’, possibly from ‘rand’ (C)
     Objects: ‘RCAlib.o’, ‘cs_randperm.o’
     Found ‘srand’, possibly from ‘srand’ (C)
     Objects: ‘RCAlib.o’, ‘cs_randperm.o’
    
    Compiled code should not call entry points which might terminate R nor
    write to stdout/stderr instead of to the console, nor the C RNG.
    
    See ‘Writing portable packages’ in the ‘Writing R Extensions’ manual.
Flavors: r-release-linux-ix86, r-release-linux-x86_64

Version: 1.4.5
Check: whether package can be installed
Result: WARN
    Found the following significant warnings:
     foreign-gml-parser.c:1707: warning: passing argument 3 of 'igraph_gml_yyerror' discards qualifiers from pointer target type
     foreign-lgl-parser.c:1604: warning: passing argument 3 of 'igraph_lgl_yyerror' discards qualifiers from pointer target type
     foreign-ncol-parser.c:1591: warning: passing argument 3 of 'igraph_ncol_yyerror' discards qualifiers from pointer target type
     foreign-pajek-parser.c:2652: warning: passing argument 3 of 'igraph_pajek_yyerror' discards qualifiers from pointer target type
Flavor: r-release-osx-x86_64-snowleopard

Version: 1.4.5
Check: DESCRIPTION meta-information
Result: NOTE
    'LinkingTo' for 'igraph' is unused as it has no 'include' directory
Flavor: r-release-windows-ix86+x86_64

Version: 1.4.5
Check: compiled code
Result: NOTE
    File 'RCA/libs/i386/RCA.dll':
     Found 'rand', possibly from 'rand' (C)
     Objects: 'RCAlib.o', 'cs_randperm.o'
     Found 'srand', possibly from 'srand' (C)
     Objects: 'RCAlib.o', 'cs_randperm.o'
    File 'RCA/libs/x64/RCA.dll':
     Found 'rand', possibly from 'rand' (C)
     Objects: 'RCAlib.o', 'cs_randperm.o'
     Found 'srand', possibly from 'srand' (C)
     Objects: 'RCAlib.o', 'cs_randperm.o'
    
    Compiled code should not call entry points which might terminate R nor
    write to stdout/stderr instead of to the console, nor the C RNG.
    
    See 'Writing portable packages' in the 'Writing R Extensions' manual.
Flavor: r-release-windows-ix86+x86_64