CRAN Package Check Results for Package RCA

Last updated on 2014-04-18 01:47:52.

Flavor Version Tinstall Tcheck Ttotal Status Flags
r-devel-linux-x86_64-debian-clang 1.4.5 70.90 23.15 94.05 NOTE
r-devel-linux-x86_64-debian-gcc 1.4.5 104.94 22.52 127.46 NOTE
r-devel-linux-x86_64-fedora-clang 1.4.5 182.28 NOTE
r-devel-linux-x86_64-fedora-gcc 1.4.5 212.71 NOTE
r-devel-macosx-x86_64-clang 1.4.5 145.60 OK
r-devel-macosx-x86_64-gcc 1.4.5 ERROR
r-devel-windows-ix86+x86_64 1.4.5 521.00 59.00 580.00 NOTE
r-patched-linux-x86_64 1.4.5 104.88 22.00 126.88 NOTE
r-patched-solaris-sparc 1.4.5 1065.80 OK
r-patched-solaris-x86 1.4.5 321.20 NOTE
r-release-linux-ix86 1.4.5 252.00 44.00 296.00 NOTE
r-release-linux-x86_64 1.4.5 105.98 22.53 128.51 NOTE
r-release-macosx-x86_64 1.4.5 WARN
r-release-windows-ix86+x86_64 1.4.5 518.00 63.00 581.00 NOTE
r-oldrel-windows-ix86+x86_64 1.4.5 517.00 74.00 591.00 NOTE

Check Details

Version: 1.4.5
Check: installed package size
Result: NOTE
     installed size is 11.7Mb
     sub-directories of 1Mb or more:
     libs 11.6Mb
Flavors: r-devel-linux-x86_64-debian-clang, r-devel-linux-x86_64-debian-gcc, r-devel-linux-x86_64-fedora-clang, r-devel-linux-x86_64-fedora-gcc, r-devel-windows-ix86+x86_64, r-patched-linux-x86_64, r-patched-solaris-x86, r-release-linux-ix86, r-release-linux-x86_64, r-release-macosx-x86_64, r-release-windows-ix86+x86_64, r-oldrel-windows-ix86+x86_64

Version: 1.4.5
Check: top-level files
Result: NOTE
    Non-standard files/directories found at top level:
     ‘matrix.pmt’ ‘stack.pmt’ ‘vector.pmt’
Flavors: r-devel-linux-x86_64-fedora-clang, r-devel-linux-x86_64-fedora-gcc

Version: 1.4.5
Check: package dependencies
Result: ERROR
    Package required but not available: ‘igraph’
    
    See the information on DESCRIPTION files in the chapter ‘Creating R
    packages’ of the ‘Writing R Extensions’ manual.
Flavor: r-devel-macosx-x86_64-gcc

Version: 1.4.5
Check: DESCRIPTION meta-information
Result: NOTE
    'LinkingTo' for 'igraph' is unused as it has no 'include' directory
Flavors: r-devel-windows-ix86+x86_64, r-release-windows-ix86+x86_64

Version: 1.4.5
Check: whether package can be installed
Result: WARNING
    Found the following significant warnings:
     foreign-gml-parser.c:1707: warning: passing argument 3 of 'igraph_gml_yyerror' discards qualifiers from pointer target type
     foreign-lgl-parser.c:1604: warning: passing argument 3 of 'igraph_lgl_yyerror' discards qualifiers from pointer target type
     foreign-ncol-parser.c:1591: warning: passing argument 3 of 'igraph_ncol_yyerror' discards qualifiers from pointer target type
     foreign-pajek-parser.c:2652: warning: passing argument 3 of 'igraph_pajek_yyerror' discards qualifiers from pointer target type
    See '/Volumes/XT3/Builds/R-dev-web/QA/Simon/packages/snowleopard-x86_64/results/3.1/RCA.Rcheck/00install.out' for details.
Flavor: r-release-macosx-x86_64