CRAN Package Check Results for Package RCA

Last updated on 2014-09-02 20:48:58.

Flavor Version Tinstall Tcheck Ttotal Status Flags
r-devel-linux-x86_64-debian-clang 1.4.5 67.06 13.34 80.40 NOTE
r-devel-linux-x86_64-debian-gcc 1.4.5 108.10 13.20 121.30 NOTE
r-devel-linux-x86_64-fedora-clang 1.4.5 184.44 NOTE
r-devel-linux-x86_64-fedora-gcc 1.4.5 200.52 NOTE
r-devel-osx-x86_64-clang 1.4.5 143.81 NOTE
r-devel-windows-ix86+x86_64 1.4.5 529.00 77.00 606.00 NOTE
r-patched-linux-x86_64 1.4.5 108.73 14.18 122.91 NOTE
r-patched-solaris-sparc 1.4.5 1058.40 OK
r-patched-solaris-x86 1.4.5 317.10 NOTE
r-release-linux-ix86 1.4.5 142.00 22.04 164.04 NOTE
r-release-linux-x86_64 1.4.5 108.79 14.04 122.82 NOTE
r-release-osx-x86_64-mavericks 1.4.5 NOTE
r-release-osx-x86_64-snowleopard 1.4.5 WARN
r-release-windows-ix86+x86_64 1.4.5 523.00 58.00 581.00 NOTE
r-oldrel-windows-ix86+x86_64 1.4.5 523.00 75.00 598.00 NOTE

Check Details

Version: 1.4.5
Check: installed package size
Result: NOTE
     installed size is 11.5Mb
     sub-directories of 1Mb or more:
     libs 11.4Mb
Flavors: r-devel-linux-x86_64-debian-clang, r-devel-linux-x86_64-debian-gcc, r-devel-linux-x86_64-fedora-clang, r-devel-linux-x86_64-fedora-gcc, r-devel-windows-ix86+x86_64, r-patched-linux-x86_64, r-patched-solaris-x86, r-release-linux-ix86, r-release-linux-x86_64, r-release-osx-x86_64-mavericks, r-release-osx-x86_64-snowleopard, r-release-windows-ix86+x86_64, r-oldrel-windows-ix86+x86_64

Version: 1.4.5
Check: compiled code
Result: NOTE
    File ‘/home/hornik/tmp/R.check/r-devel-clang/Work/build/Packages/RCA/libs/RCA.so’:
     Found ‘rand’, possibly from ‘rand’ (C)
     Objects: ‘RCAlib.o’, ‘cs_randperm.o’
     Found ‘srand’, possibly from ‘srand’ (C)
     Objects: ‘RCAlib.o’, ‘cs_randperm.o’
    
    Compiled code should not call entry points which might terminate R nor
    write to stdout/stderr instead of to the console, nor the C RNG.
    
    See ‘Writing portable packages’ in the ‘Writing R Extensions’ manual.
Flavor: r-devel-linux-x86_64-debian-clang

Version: 1.4.5
Check: compiled code
Result: NOTE
    File ‘/home/hornik/tmp/R.check/r-devel-gcc/Work/build/Packages/RCA/libs/RCA.so’:
     Found ‘rand’, possibly from ‘rand’ (C)
     Objects: ‘RCAlib.o’, ‘cs_randperm.o’
     Found ‘srand’, possibly from ‘srand’ (C)
     Objects: ‘RCAlib.o’, ‘cs_randperm.o’
    
    Compiled code should not call entry points which might terminate R nor
    write to stdout/stderr instead of to the console, nor the C RNG.
    
    See ‘Writing portable packages’ in the ‘Writing R Extensions’ manual.
Flavor: r-devel-linux-x86_64-debian-gcc

Version: 1.4.5
Check: top-level files
Result: NOTE
    Non-standard files/directories found at top level:
     ‘matrix.pmt’ ‘stack.pmt’ ‘vector.pmt’
Flavors: r-devel-linux-x86_64-fedora-clang, r-devel-linux-x86_64-fedora-gcc

Version: 1.4.5
Check: compiled code
Result: NOTE
    File ‘/data/gannet/ripley/R/packages/tests-clang/RCA.Rcheck/RCA/libs/RCA.so’:
     Found ‘rand’, possibly from ‘rand’ (C)
     Objects: ‘RCAlib.o’, ‘cs_randperm.o’
     Found ‘srand’, possibly from ‘srand’ (C)
     Objects: ‘RCAlib.o’, ‘cs_randperm.o’
    
    Compiled code should not call entry points which might terminate R nor
    write to stdout/stderr instead of to the console, nor the C RNG.
    
    See ‘Writing portable packages’ in the ‘Writing R Extensions’ manual.
Flavor: r-devel-linux-x86_64-fedora-clang

Version: 1.4.5
Check: compiled code
Result: NOTE
    File ‘/data/gannet/ripley/R/packages/tests-devel/RCA.Rcheck/RCA/libs/RCA.so’:
     Found ‘rand’, possibly from ‘rand’ (C)
     Objects: ‘RCAlib.o’, ‘cs_randperm.o’
     Found ‘srand’, possibly from ‘srand’ (C)
     Objects: ‘RCAlib.o’, ‘cs_randperm.o’
    
    Compiled code should not call entry points which might terminate R nor
    write to stdout/stderr instead of to the console, nor the C RNG.
    
    See ‘Writing portable packages’ in the ‘Writing R Extensions’ manual.
Flavor: r-devel-linux-x86_64-fedora-gcc

Version: 1.4.5
Check: compiled code
Result: NOTE
    File ‘/Users/ripley/R/packages/tests-devel/RCA.Rcheck/RCA/libs/RCA.so’:
     Found ‘_rand’, possibly from ‘rand’ (C)
     Objects: ‘RCAlib.o’, ‘cs_randperm.o’
     Found ‘_srand’, possibly from ‘srand’ (C)
     Objects: ‘RCAlib.o’, ‘cs_randperm.o’
    
    Compiled code should not call entry points which might terminate R nor
    write to stdout/stderr instead of to the console, nor the C RNG.
    
    See ‘Writing portable packages’ in the ‘Writing R Extensions’ manual.
Flavor: r-devel-osx-x86_64-clang

Version: 1.4.5
Check: DESCRIPTION meta-information
Result: NOTE
    'LinkingTo' for 'igraph' is unused as it has no 'include' directory
Flavors: r-devel-windows-ix86+x86_64, r-release-windows-ix86+x86_64

Version: 1.4.5
Check: compiled code
Result: NOTE
    File 'd:/Rcompile/CRANpkg/lib/3.2/RCA/libs/i386/RCA.dll':
     Found 'rand', possibly from 'rand' (C)
     Objects: 'RCAlib.o', 'cs_randperm.o'
     Found 'srand', possibly from 'srand' (C)
     Objects: 'RCAlib.o', 'cs_randperm.o'
    File 'd:/Rcompile/CRANpkg/lib/3.2/RCA/libs/x64/RCA.dll':
     Found 'rand', possibly from 'rand' (C)
     Objects: 'RCAlib.o', 'cs_randperm.o'
     Found 'srand', possibly from 'srand' (C)
     Objects: 'RCAlib.o', 'cs_randperm.o'
    
    Compiled code should not call entry points which might terminate R nor
    write to stdout/stderr instead of to the console, nor the C RNG.
    
    See 'Writing portable packages' in the 'Writing R Extensions' manual.
Flavor: r-devel-windows-ix86+x86_64

Version: 1.4.5
Check: whether package can be installed
Result: WARN
    Found the following significant warnings:
     foreign-gml-parser.c:1707: warning: passing argument 3 of 'igraph_gml_yyerror' discards qualifiers from pointer target type
     foreign-lgl-parser.c:1604: warning: passing argument 3 of 'igraph_lgl_yyerror' discards qualifiers from pointer target type
     foreign-ncol-parser.c:1591: warning: passing argument 3 of 'igraph_ncol_yyerror' discards qualifiers from pointer target type
     foreign-pajek-parser.c:2652: warning: passing argument 3 of 'igraph_pajek_yyerror' discards qualifiers from pointer target type
Flavor: r-release-osx-x86_64-snowleopard