CRAN Package Check Results for Package RCA

Last updated on 2015-05-27 09:48:00.

Flavor Version Tinstall Tcheck Ttotal Status Flags
r-devel-linux-x86_64-debian-clang 1.4.5 79.58 14.33 93.91 WARN
r-devel-linux-x86_64-debian-gcc 1.4.5 107.60 14.49 122.10 WARN
r-devel-linux-x86_64-fedora-clang 1.4.5 205.81 WARN
r-devel-linux-x86_64-fedora-gcc 1.4.5 209.52 WARN
r-devel-osx-x86_64-clang 1.4.5 153.92 WARN
r-devel-windows-ix86+x86_64 1.4.5 550.00 60.00 610.00 WARN
r-patched-linux-x86_64 1.4.5 107.18 13.56 120.74 WARN
r-patched-solaris-sparc 1.4.5 1068.00 WARN
r-patched-solaris-x86 1.4.5 314.00 WARN
r-release-linux-x86_64 1.4.5 107.47 13.82 121.30 WARN
r-release-osx-x86_64-mavericks 1.4.5 WARN
r-release-osx-x86_64-snowleopard 1.4.5 ERROR
r-release-windows-ix86+x86_64 1.4.5 522.00 63.00 585.00 WARN
r-oldrel-windows-ix86+x86_64 1.4.5 545.00 69.00 614.00 WARN

Check Details

Version: 1.4.5
Check: whether package can be installed
Result: WARN
    Found the following significant warnings:
     glpenv01.c:130:48: warning: incompatible integer to pointer conversion returning 'int' from a function with result type 'ENV *' (aka 'struct ENV *') [-Wint-conversion]
     glpenv01.c:138:43: warning: incompatible integer to pointer conversion returning 'int' from a function with result type 'ENV *' (aka 'struct ENV *') [-Wint-conversion]
Flavors: r-devel-linux-x86_64-debian-clang, r-devel-linux-x86_64-fedora-clang, r-devel-osx-x86_64-clang, r-release-osx-x86_64-mavericks

Version: 1.4.5
Check: installed package size
Result: NOTE
     installed size is 12.6Mb
     sub-directories of 1Mb or more:
     libs 12.5Mb
Flavors: r-devel-linux-x86_64-debian-clang, r-devel-linux-x86_64-debian-gcc, r-devel-linux-x86_64-fedora-clang, r-devel-linux-x86_64-fedora-gcc, r-devel-windows-ix86+x86_64, r-patched-linux-x86_64, r-patched-solaris-x86, r-release-linux-x86_64, r-release-osx-x86_64-mavericks, r-release-windows-ix86+x86_64, r-oldrel-windows-ix86+x86_64

Version: 1.4.5
Check: top-level files
Result: NOTE
    Non-standard files/directories found at top level:
     ‘matrix.pmt’ ‘stack.pmt’ ‘vector.pmt’
Flavors: r-devel-linux-x86_64-debian-clang, r-devel-linux-x86_64-debian-gcc, r-devel-linux-x86_64-fedora-clang, r-devel-linux-x86_64-fedora-gcc, r-patched-linux-x86_64, r-release-linux-x86_64

Version: 1.4.5
Check: compiled code
Result: NOTE
    File ‘RCA/libs/RCA.so’:
     Found ‘rand’, possibly from ‘rand’ (C)
     Objects: ‘RCAlib.o’, ‘cs_randperm.o’
     Found ‘srand’, possibly from ‘srand’ (C)
     Objects: ‘RCAlib.o’, ‘cs_randperm.o’
    
    Compiled code should not call entry points which might terminate R nor
    write to stdout/stderr instead of to the console, nor the system RNG.
    
    See ‘Writing portable packages’ in the ‘Writing R Extensions’ manual.
Flavors: r-devel-linux-x86_64-debian-clang, r-devel-linux-x86_64-debian-gcc, r-devel-linux-x86_64-fedora-clang, r-devel-linux-x86_64-fedora-gcc, r-patched-linux-x86_64, r-patched-solaris-sparc, r-patched-solaris-x86, r-release-linux-x86_64

Version: 1.4.5
Check: whether package can be installed
Result: WARN
    Found the following significant warnings:
     igraph_error.h:424:8: warning: return makes pointer from integer without a cast
Flavors: r-devel-linux-x86_64-debian-gcc, r-devel-linux-x86_64-fedora-gcc, r-patched-linux-x86_64, r-release-linux-x86_64

Version: 1.4.5
Check: compiled code
Result: NOTE
    File ‘RCA/libs/RCA.so’:
     Found ‘_rand’, possibly from ‘rand’ (C)
     Objects: ‘RCAlib.o’, ‘cs_randperm.o’
     Found ‘_srand’, possibly from ‘srand’ (C)
     Objects: ‘RCAlib.o’, ‘cs_randperm.o’
    
    Compiled code should not call entry points which might terminate R nor
    write to stdout/stderr instead of to the console, nor the system RNG.
    
    See ‘Writing portable packages’ in the ‘Writing R Extensions’ manual.
Flavors: r-devel-osx-x86_64-clang, r-release-osx-x86_64-mavericks

Version: 1.4.5
Check: whether package can be installed
Result: WARN
    Found the following significant warnings:
     glpenv01.c:130:5: warning: return makes pointer from integer without a cast [enabled by default]
     glpenv01.c:138:2: warning: return makes pointer from integer without a cast [enabled by default]
Flavors: r-devel-windows-ix86+x86_64, r-release-windows-ix86+x86_64, r-oldrel-windows-ix86+x86_64

Version: 1.4.5
Check: compiled code
Result: NOTE
    File 'RCA/libs/i386/RCA.dll':
     Found 'rand', possibly from 'rand' (C)
     Objects: 'RCAlib.o', 'cs_randperm.o'
     Found 'srand', possibly from 'srand' (C)
     Objects: 'RCAlib.o', 'cs_randperm.o'
    File 'RCA/libs/x64/RCA.dll':
     Found 'rand', possibly from 'rand' (C)
     Objects: 'RCAlib.o', 'cs_randperm.o'
     Found 'srand', possibly from 'srand' (C)
     Objects: 'RCAlib.o', 'cs_randperm.o'
    
    Compiled code should not call entry points which might terminate R nor
    write to stdout/stderr instead of to the console, nor the system RNG.
    
    See 'Writing portable packages' in the 'Writing R Extensions' manual.
Flavors: r-devel-windows-ix86+x86_64, r-release-windows-ix86+x86_64, r-oldrel-windows-ix86+x86_64

Version: 1.4.5
Check: whether package can be installed
Result: WARN
    Found the following significant warnings:
     "glpenv01.c", line 130: warning: improper pointer/integer combination: op "="
     "glpenv01.c", line 138: warning: improper pointer/integer combination: op "="
Flavors: r-patched-solaris-sparc, r-patched-solaris-x86

Version: 1.4.5
Check: package dependencies
Result: ERROR
    Package required but not available: ‘igraph’
    
    See section ‘The DESCRIPTION file’ in the ‘Writing R Extensions’
    manual.
Flavor: r-release-osx-x86_64-snowleopard

Version: 1.4.5
Check: DESCRIPTION meta-information
Result: NOTE
    'LinkingTo' for 'igraph' is unused as it has no 'include' directory
Flavor: r-oldrel-windows-ix86+x86_64