CRAN Package Check Results for Package RCA

Last updated on 2014-08-23 08:51:41.

Flavor Version Tinstall Tcheck Ttotal Status Flags
r-devel-linux-x86_64-debian-clang 1.4.5 66.87 13.58 80.46 NOTE
r-devel-linux-x86_64-debian-gcc 1.4.5 109.14 13.55 122.68 NOTE
r-devel-linux-x86_64-fedora-clang 1.4.5 167.01 NOTE
r-devel-linux-x86_64-fedora-gcc 1.4.5 197.21 NOTE
r-devel-osx-x86_64-clang 1.4.5 139.29 OK
r-devel-windows-ix86+x86_64 1.4.5 510.00 60.00 570.00 NOTE
r-patched-linux-x86_64 1.4.5 108.23 13.91 122.14 NOTE
r-patched-solaris-sparc 1.4.5 1058.40 OK
r-patched-solaris-x86 1.4.5 317.30 NOTE
r-release-linux-ix86 1.4.5 142.81 21.82 164.63 NOTE
r-release-linux-x86_64 1.4.5 108.29 14.35 122.64 NOTE
r-release-osx-x86_64-mavericks 1.4.5 NOTE
r-release-osx-x86_64-snowleopard 1.4.5 WARN
r-release-windows-ix86+x86_64 1.4.5 558.00 61.00 619.00 NOTE
r-oldrel-windows-ix86+x86_64 1.4.5 510.00 74.00 584.00 NOTE

Check Details

Version: 1.4.5
Check: installed package size
Result: NOTE
     installed size is 11.5Mb
     sub-directories of 1Mb or more:
     libs 11.4Mb
Flavors: r-devel-linux-x86_64-debian-clang, r-devel-linux-x86_64-debian-gcc, r-devel-linux-x86_64-fedora-clang, r-devel-linux-x86_64-fedora-gcc, r-devel-windows-ix86+x86_64, r-patched-linux-x86_64, r-patched-solaris-x86, r-release-linux-ix86, r-release-linux-x86_64, r-release-osx-x86_64-mavericks, r-release-osx-x86_64-snowleopard, r-release-windows-ix86+x86_64, r-oldrel-windows-ix86+x86_64

Version: 1.4.5
Check: top-level files
Result: NOTE
    Non-standard files/directories found at top level:
     ‘matrix.pmt’ ‘stack.pmt’ ‘vector.pmt’
Flavors: r-devel-linux-x86_64-fedora-clang, r-devel-linux-x86_64-fedora-gcc

Version: 1.4.5
Check: DESCRIPTION meta-information
Result: NOTE
    'LinkingTo' for 'igraph' is unused as it has no 'include' directory
Flavors: r-devel-windows-ix86+x86_64, r-release-windows-ix86+x86_64

Version: 1.4.5
Check: whether package can be installed
Result: WARN
    Found the following significant warnings:
     foreign-gml-parser.c:1707: warning: passing argument 3 of 'igraph_gml_yyerror' discards qualifiers from pointer target type
     foreign-lgl-parser.c:1604: warning: passing argument 3 of 'igraph_lgl_yyerror' discards qualifiers from pointer target type
     foreign-ncol-parser.c:1591: warning: passing argument 3 of 'igraph_ncol_yyerror' discards qualifiers from pointer target type
     foreign-pajek-parser.c:2652: warning: passing argument 3 of 'igraph_pajek_yyerror' discards qualifiers from pointer target type
Flavor: r-release-osx-x86_64-snowleopard