CRAN Package Check Results for Package RCA

Last updated on 2015-09-04 06:48:16.

Flavor Version Tinstall Tcheck Ttotal Status Flags
r-devel-linux-x86_64-debian-clang 1.4.5 83.13 14.14 97.27 WARN
r-devel-linux-x86_64-debian-gcc 1.4.5 109.36 14.01 123.37 WARN
r-devel-linux-x86_64-fedora-clang 1.4.5 222.47 WARN
r-devel-linux-x86_64-fedora-gcc 1.4.5 207.97 WARN
r-devel-osx-x86_64-clang 1.4.5 156.57 WARN
r-devel-windows-ix86+x86_64 1.4.5 562.00 75.00 637.00 WARN
r-patched-linux-x86_64 1.4.5 110.63 15.90 126.53 WARN
r-patched-solaris-sparc 1.4.5 1083.20 WARN
r-patched-solaris-x86 1.4.5 313.20 WARN
r-release-linux-x86_64 1.4.5 107.48 15.04 122.52 WARN
r-release-osx-x86_64-mavericks 1.4.5 WARN
r-release-windows-ix86+x86_64 1.4.5 611.00 85.00 696.00 WARN
r-oldrel-windows-ix86+x86_64 1.4.5 610.00 70.00 680.00 WARN

Check Details

Version: 1.4.5
Check: whether package can be installed
Result: WARN
    Found the following significant warnings:
     glpenv01.c:130:48: warning: incompatible integer to pointer conversion returning 'int' from a function with result type 'ENV *' (aka 'struct ENV *') [-Wint-conversion]
     glpenv01.c:138:43: warning: incompatible integer to pointer conversion returning 'int' from a function with result type 'ENV *' (aka 'struct ENV *') [-Wint-conversion]
Flavors: r-devel-linux-x86_64-debian-clang, r-devel-linux-x86_64-fedora-clang, r-devel-osx-x86_64-clang, r-release-osx-x86_64-mavericks

Version: 1.4.5
Check: installed package size
Result: NOTE
     installed size is 12.8Mb
     sub-directories of 1Mb or more:
     libs 12.6Mb
Flavors: r-devel-linux-x86_64-debian-clang, r-devel-linux-x86_64-debian-gcc, r-devel-linux-x86_64-fedora-clang, r-devel-linux-x86_64-fedora-gcc, r-devel-windows-ix86+x86_64, r-patched-linux-x86_64, r-patched-solaris-x86, r-release-linux-x86_64, r-release-osx-x86_64-mavericks, r-release-windows-ix86+x86_64, r-oldrel-windows-ix86+x86_64

Version: 1.4.5
Check: top-level files
Result: NOTE
    Non-standard files/directories found at top level:
     ‘matrix.pmt’ ‘stack.pmt’ ‘vector.pmt’
Flavors: r-devel-linux-x86_64-debian-clang, r-devel-linux-x86_64-debian-gcc, r-devel-linux-x86_64-fedora-clang, r-devel-linux-x86_64-fedora-gcc, r-patched-linux-x86_64, r-release-linux-x86_64

Version: 1.4.5
Check: R code for possible problems
Result: NOTE
    RCA: no visible global function definition for ‘qnorm’
    Undefined global functions or variables:
     qnorm
    Consider adding
     importFrom("stats", "qnorm")
    to your NAMESPACE.
Flavors: r-devel-linux-x86_64-debian-clang, r-devel-linux-x86_64-debian-gcc, r-devel-linux-x86_64-fedora-clang, r-devel-linux-x86_64-fedora-gcc, r-devel-windows-ix86+x86_64

Version: 1.4.5
Check: compiled code
Result: NOTE
    File ‘RCA/libs/RCA.so’:
     Found ‘rand’, possibly from ‘rand’ (C)
     Objects: ‘RCAlib.o’, ‘cs_randperm.o’
     Found ‘srand’, possibly from ‘srand’ (C)
     Objects: ‘RCAlib.o’, ‘cs_randperm.o’
    
    Compiled code should not call entry points which might terminate R nor
    write to stdout/stderr instead of to the console, nor the system RNG.
    
    See ‘Writing portable packages’ in the ‘Writing R Extensions’ manual.
Flavors: r-devel-linux-x86_64-debian-clang, r-devel-linux-x86_64-debian-gcc, r-devel-linux-x86_64-fedora-clang, r-devel-linux-x86_64-fedora-gcc, r-patched-linux-x86_64, r-patched-solaris-sparc, r-patched-solaris-x86, r-release-linux-x86_64

Version: 1.4.5
Check: whether package can be installed
Result: WARN
    Found the following significant warnings:
     igraph_error.h:424:8: warning: return makes pointer from integer without a cast
Flavors: r-devel-linux-x86_64-debian-gcc, r-devel-linux-x86_64-fedora-gcc, r-patched-linux-x86_64, r-release-linux-x86_64

Version: 1.4.5
Check: compiled code
Result: NOTE
    File ‘RCA/libs/RCA.so’:
     Found ‘_rand’, possibly from ‘rand’ (C)
     Objects: ‘RCAlib.o’, ‘cs_randperm.o’
     Found ‘_srand’, possibly from ‘srand’ (C)
     Objects: ‘RCAlib.o’, ‘cs_randperm.o’
    
    Compiled code should not call entry points which might terminate R nor
    write to stdout/stderr instead of to the console, nor the system RNG.
    
    See ‘Writing portable packages’ in the ‘Writing R Extensions’ manual.
Flavors: r-devel-osx-x86_64-clang, r-release-osx-x86_64-mavericks

Version: 1.4.5
Check: whether package can be installed
Result: WARN
    Found the following significant warnings:
     glpenv01.c:130:5: warning: return makes pointer from integer without a cast [enabled by default]
     glpenv01.c:138:2: warning: return makes pointer from integer without a cast [enabled by default]
Flavors: r-devel-windows-ix86+x86_64, r-release-windows-ix86+x86_64, r-oldrel-windows-ix86+x86_64

Version: 1.4.5
Check: compiled code
Result: NOTE
    File 'RCA/libs/i386/RCA.dll':
     Found 'rand', possibly from 'rand' (C)
     Objects: 'RCAlib.o', 'cs_randperm.o'
     Found 'srand', possibly from 'srand' (C)
     Objects: 'RCAlib.o', 'cs_randperm.o'
    File 'RCA/libs/x64/RCA.dll':
     Found 'rand', possibly from 'rand' (C)
     Objects: 'RCAlib.o', 'cs_randperm.o'
     Found 'srand', possibly from 'srand' (C)
     Objects: 'RCAlib.o', 'cs_randperm.o'
    
    Compiled code should not call entry points which might terminate R nor
    write to stdout/stderr instead of to the console, nor the system RNG.
    
    See 'Writing portable packages' in the 'Writing R Extensions' manual.
Flavors: r-devel-windows-ix86+x86_64, r-release-windows-ix86+x86_64, r-oldrel-windows-ix86+x86_64

Version: 1.4.5
Check: whether package can be installed
Result: WARN
    Found the following significant warnings:
     "glpenv01.c", line 130: warning: improper pointer/integer combination: op "="
     "glpenv01.c", line 138: warning: improper pointer/integer combination: op "="
Flavors: r-patched-solaris-sparc, r-patched-solaris-x86

Version: 1.4.5
Check: DESCRIPTION meta-information
Result: NOTE
    'LinkingTo' for 'igraph' is unused as it has no 'include' directory
Flavor: r-oldrel-windows-ix86+x86_64