CRAN Package Check Results for Package RCA

Last updated on 2015-04-26 00:47:33.

Flavor Version Tinstall Tcheck Ttotal Status Flags
r-devel-linux-x86_64-debian-clang 1.4.5 80.10 14.38 94.49 WARN
r-devel-linux-x86_64-debian-gcc 1.4.5 108.55 14.11 122.66 WARN
r-devel-linux-x86_64-fedora-clang 1.4.5 203.99 WARN
r-devel-linux-x86_64-fedora-gcc 1.4.5 208.25 WARN
r-devel-osx-x86_64-clang 1.4.5 155.47 WARN
r-devel-windows-ix86+x86_64 1.4.5 577.00 79.00 656.00 WARN
r-patched-linux-x86_64 1.4.5 107.64 13.36 121.01 WARN
r-patched-solaris-sparc 1.4.5 1086.50 WARN
r-patched-solaris-x86 1.4.5 315.90 WARN
r-release-linux-x86_64 1.4.5 107.39 13.82 121.21 WARN
r-release-osx-x86_64-mavericks 1.4.5 WARN
r-release-osx-x86_64-snowleopard 1.4.5 ERROR
r-release-windows-ix86+x86_64 1.4.5 552.00 61.00 613.00 WARN
r-oldrel-windows-ix86+x86_64 1.4.5 431.00 89.00 520.00 WARN

Check Details

Version: 1.4.5
Check: whether package can be installed
Result: WARN
    Found the following significant warnings:
     glpenv01.c:130:5: warning: return makes pointer from integer without a cast [enabled by default]
     glpenv01.c:138:2: warning: return makes pointer from integer without a cast [enabled by default]
Flavors: r-devel-windows-ix86+x86_64, r-release-windows-ix86+x86_64, r-oldrel-windows-ix86+x86_64

Version: 1.4.5
Check: installed package size
Result: NOTE
     installed size is 12.2Mb
     sub-directories of 1Mb or more:
     libs 12.1Mb
Flavors: r-devel-windows-ix86+x86_64, r-release-windows-ix86+x86_64, r-oldrel-windows-ix86+x86_64

Version: 1.4.5
Check: compiled code
Result: NOTE
    File 'RCA/libs/i386/RCA.dll':
     Found 'rand', possibly from 'rand' (C)
     Objects: 'RCAlib.o', 'cs_randperm.o'
     Found 'srand', possibly from 'srand' (C)
     Objects: 'RCAlib.o', 'cs_randperm.o'
    File 'RCA/libs/x64/RCA.dll':
     Found 'rand', possibly from 'rand' (C)
     Objects: 'RCAlib.o', 'cs_randperm.o'
     Found 'srand', possibly from 'srand' (C)
     Objects: 'RCAlib.o', 'cs_randperm.o'
    
    Compiled code should not call entry points which might terminate R nor
    write to stdout/stderr instead of to the console, nor the system RNG.
    
    See 'Writing portable packages' in the 'Writing R Extensions' manual.
Flavors: r-devel-windows-ix86+x86_64, r-release-windows-ix86+x86_64, r-oldrel-windows-ix86+x86_64

Version: 1.4.5
Check: DESCRIPTION meta-information
Result: NOTE
    'LinkingTo' for 'igraph' is unused as it has no 'include' directory
Flavor: r-oldrel-windows-ix86+x86_64