CRAN Package Check Results for Package RCA

Last updated on 2017-04-27 05:52:01.

Flavor Version Tinstall Tcheck Ttotal Status Flags
r-devel-linux-x86_64-debian-clang 2.0 0.70 15.95 16.65 OK
r-devel-linux-x86_64-debian-gcc 2.0 0.67 15.91 16.59 OK
r-devel-linux-x86_64-fedora-clang 2.0 27.79 OK --no-stop-on-test-error
r-devel-linux-x86_64-fedora-gcc 2.0 26.92 OK --no-stop-on-test-error
r-devel-windows-ix86+x86_64 2.0 5.00 38.00 43.00 ERROR
r-patched-linux-x86_64 2.0 0.78 15.73 16.51 OK
r-patched-solaris-sparc 2.0 183.00 OK
r-patched-solaris-x86 2.0 40.30 OK
r-release-linux-x86_64 2.0 0.78 15.78 16.56 OK
r-release-windows-ix86+x86_64 2.0 4.00 28.00 32.00 ERROR
r-release-osx-x86_64 2.0 OK
r-oldrel-windows-ix86+x86_64 2.0 4.00 50.00 54.00 OK
r-oldrel-osx-x86_64 2.0 OK

Check Details

Version: 2.0
Check: examples
Result: ERROR
    Running examples in 'RCA-Ex.R' failed
    The error most likely occurred in:
    
    > ### Name: RCA-package
    > ### Title: Relational Class Analysis
    > ### Aliases: RCA print.RCA plot.RCA
    > ### Keywords: package
    >
    > ### ** Examples
    >
    > # Test matrix
    > set.seed <- 2
    > matrix <- round(matrix(runif(100, min = 0, max = 6),
    + ncol = 5))
    >
    > rca <- RCA(matrix)
    At line 213 of file dseupd.f
    Fortran runtime error: Actual string length is shorter than the declared one for dummy argument 'bmat' (0/1)
Flavors: r-devel-windows-ix86+x86_64, r-release-windows-ix86+x86_64