CRAN Package Check Results for Package RCALI

Last updated on 2014-07-25 14:47:41.

Flavor Version Tinstall Tcheck Ttotal Status Flags
r-devel-linux-x86_64-debian-clang 0.2-6 5.82 51.93 57.75 NOTE
r-devel-linux-x86_64-debian-gcc 0.2-6 6.80 54.63 61.42 NOTE
r-devel-linux-x86_64-fedora-clang 0.2-6 129.41 NOTE
r-devel-linux-x86_64-fedora-gcc 0.2-6 129.98 NOTE
r-devel-osx-x86_64-clang 0.2-6 118.53 NOTE
r-devel-windows-ix86+x86_64 0.2-6 38.00 277.00 315.00 NOTE
r-patched-linux-x86_64 0.2-6 6.71 54.25 60.96 NOTE
r-patched-solaris-sparc 0.2-6 1095.10 NOTE
r-patched-solaris-x86 0.2-6 239.30 NOTE
r-release-linux-ix86 0.2-6 9.52 169.41 178.93 NOTE
r-release-linux-x86_64 0.2-6 6.68 55.26 61.94 NOTE
r-release-osx-x86_64-mavericks 0.2-6 NOTE
r-release-osx-x86_64-snowleopard 0.2-6 WARN
r-release-windows-ix86+x86_64 0.2-6 36.00 271.00 307.00 NOTE
r-oldrel-windows-ix86+x86_64 0.2-6 36.00 277.00 313.00 NOTE

Memtest notes: valgrind

Check Details

Version: 0.2-6
Check: dependencies in R code
Result: NOTE
    'library' or 'require' call to ‘splancs’ which was already attached by Depends.
     Please remove these calls from your code.
    Package in Depends field not imported from: ‘splancs’
     These packages need to be imported from (in the NAMESPACE file)
     for when this namespace is loaded but not attached.
    See the information on DESCRIPTION files in the chapter ‘Creating R
    packages’ of the ‘Writing R Extensions’ manual.
Flavors: r-devel-linux-x86_64-debian-clang, r-devel-linux-x86_64-debian-gcc, r-devel-linux-x86_64-fedora-clang, r-devel-linux-x86_64-fedora-gcc, r-devel-osx-x86_64-clang, r-devel-windows-ix86+x86_64, r-patched-linux-x86_64, r-patched-solaris-sparc, r-patched-solaris-x86, r-release-linux-ix86, r-release-linux-x86_64, r-release-osx-x86_64-mavericks, r-release-windows-ix86+x86_64, r-oldrel-windows-ix86+x86_64

Version: 0.2-6
Check: top-level files
Result: NOTE
    Non-standard files/directories found at top level:
     ‘Makevars’ ‘RCALI-Ex.R’
Flavors: r-devel-linux-x86_64-fedora-clang, r-devel-linux-x86_64-fedora-gcc

Version: 0.2-6
Check: dependencies in R code
Result: NOTE
    'library' or 'require' call to 'splancs' which was already attached by Depends.
     Please remove these calls from your code.
    See the information on DESCRIPTION files in the chapter 'Creating R
    packages' of the 'Writing R Extensions' manual.
Flavor: r-release-osx-x86_64-snowleopard

Version: 0.2-6
Check: examples
Result: WARNING
    checking a package with encoding 'latin1' in an ASCII locale
    
     OK
Flavor: r-release-osx-x86_64-snowleopard