CRAN Package Check Results for Package RCALI

Last updated on 2018-01-17 17:49:38 CET.

Flavor Version Tinstall Tcheck Ttotal Status Flags
r-devel-linux-x86_64-debian-clang 0.2-18 11.78 45.84 57.62 OK
r-devel-linux-x86_64-debian-gcc 0.2-18 8.36 35.44 43.80 WARN
r-devel-linux-x86_64-fedora-clang 0.2-18 79.32 OK
r-devel-linux-x86_64-fedora-gcc 0.2-18 66.52 WARN
r-devel-windows-ix86+x86_64 0.2-18 64.00 83.00 147.00 OK
r-patched-linux-x86_64 0.2-18 10.49 46.35 56.84 OK
r-patched-solaris-x86 0.2-18 102.40 OK
r-release-linux-x86_64 0.2-18 10.78 45.49 56.27 OK
r-release-windows-ix86+x86_64 0.2-18 46.00 114.00 160.00 OK
r-release-osx-x86_64 0.2-18 OK
r-oldrel-windows-ix86+x86_64 0.2-18 62.00 98.00 160.00 OK
r-oldrel-osx-x86_64 0.2-18 OK

Additional issues

gcc-UBSAN

Check Details

Version: 0.2-18
Check: whether package can be installed
Result: WARN
    Found the following significant warnings:
     intersection.cc:384:1: warning: ā€˜%gā€™ directive writing 12 bytes into a region of size between 0 and 41 [-Wformat-overflow=]
     intersection.cc:384:1: warning: ā€˜%gā€™ directive writing 12 bytes into a region of size between 0 and 42 [-Wformat-overflow=]
Flavors: r-devel-linux-x86_64-debian-gcc, r-devel-linux-x86_64-fedora-gcc