CRAN Package Check Results for Package RCALI

Last updated on 2015-07-02 11:48:35.

Flavor Version Tinstall Tcheck Ttotal Status Flags
r-devel-linux-x86_64-debian-clang 0.2-15 6.32 21.28 27.60 NOTE
r-devel-linux-x86_64-debian-gcc 0.2-15 6.84 21.69 28.53 NOTE
r-devel-linux-x86_64-fedora-clang 0.2-15 62.14 NOTE
r-devel-linux-x86_64-fedora-gcc 0.2-15 52.00 NOTE
r-devel-osx-x86_64-clang 0.2-15 46.41 OK
r-devel-windows-ix86+x86_64 0.2-15 40.00 47.00 87.00 NOTE
r-patched-linux-x86_64 0.2-15 6.48 22.27 28.75 OK
r-patched-solaris-sparc 0.2-15 273.80 OK
r-patched-solaris-x86 0.2-15 64.40 OK
r-release-linux-x86_64 0.2-15 6.48 21.71 28.19 OK
r-release-osx-x86_64-mavericks 0.2-15 OK
r-release-windows-ix86+x86_64 0.2-15 42.00 47.00 89.00 OK
r-oldrel-windows-ix86+x86_64 0.2-15 39.00 82.00 121.00 OK

Check Details

Version: 0.2-15
Check: R code for possible problems
Result: NOTE
    plot.listpoly: no visible global function definition for ‘par’
    plot.listpoly: no visible global function definition for ‘plot’
    plot.listpoly: no visible global function definition for ‘rainbow’
    plot.listpoly: no visible global function definition for ‘text’
Flavors: r-devel-linux-x86_64-debian-clang, r-devel-linux-x86_64-debian-gcc, r-devel-linux-x86_64-fedora-gcc, r-devel-windows-ix86+x86_64

Version: 0.2-15
Check: R code for possible problems
Result: NOTE
    plot.listpoly: no visible global function definition for ‘par’
    plot.listpoly: no visible global function definition for ‘plot’
    plot.listpoly: no visible global function definition for ‘rainbow’
    plot.listpoly: no visible global function definition for ‘text’
    Undefined global functions or variables:
     par plot rainbow text
Flavor: r-devel-linux-x86_64-fedora-clang