CRAN Package Check Results for Package RCALI

Last updated on 2014-12-17 19:48:54.

Flavor Version Tinstall Tcheck Ttotal Status Flags
r-devel-linux-x86_64-debian-clang 0.2-6 6.04 57.26 63.30 NOTE
r-devel-linux-x86_64-debian-gcc 0.2-6 6.49 62.18 68.67 NOTE
r-devel-linux-x86_64-fedora-clang 0.2-6 132.42 NOTE
r-devel-linux-x86_64-fedora-gcc 0.2-6 129.00 NOTE
r-devel-osx-x86_64-clang 0.2-6 121.55 NOTE
r-devel-windows-ix86+x86_64 0.2-6 57.00 277.00 334.00 NOTE
r-patched-linux-x86_64 0.2-6 6.46 60.48 66.94 NOTE
r-patched-solaris-sparc 0.2-6 1079.40 NOTE
r-patched-solaris-x86 0.2-6 231.20 NOTE
r-release-linux-ix86 0.2-6 8.95 158.32 167.27 NOTE
r-release-linux-x86_64 0.2-6 6.55 61.26 67.81 NOTE
r-release-osx-x86_64-mavericks 0.2-6 NOTE
r-release-osx-x86_64-snowleopard 0.2-6 WARN
r-release-windows-ix86+x86_64 0.2-6 44.00 280.00 324.00 NOTE
r-oldrel-windows-ix86+x86_64 0.2-6 37.00 281.00 318.00 NOTE

Memtest notes: valgrind

Check Details

Version: 0.2-6
Check: top-level files
Result: NOTE
    Non-standard files/directories found at top level:
     ‘Makevars’ ‘RCALI-Ex.R’
Flavors: r-devel-linux-x86_64-debian-clang, r-devel-linux-x86_64-debian-gcc, r-devel-linux-x86_64-fedora-clang, r-devel-linux-x86_64-fedora-gcc, r-patched-linux-x86_64, r-release-linux-x86_64

Version: 0.2-6
Check: dependencies in R code
Result: NOTE
    'library' or 'require' call to ‘splancs’ which was already attached by Depends.
     Please remove these calls from your code.
    Package in Depends field not imported from: ‘splancs’
     These packages need to be imported from (in the NAMESPACE file)
     for when this namespace is loaded but not attached.
    See the information on DESCRIPTION files in the chapter ‘Creating R
    packages’ of the ‘Writing R Extensions’ manual.
Flavors: r-devel-linux-x86_64-debian-clang, r-devel-linux-x86_64-debian-gcc, r-devel-linux-x86_64-fedora-clang, r-devel-linux-x86_64-fedora-gcc, r-devel-osx-x86_64-clang, r-devel-windows-ix86+x86_64, r-patched-linux-x86_64, r-patched-solaris-sparc, r-patched-solaris-x86, r-release-linux-ix86, r-release-linux-x86_64, r-release-osx-x86_64-mavericks, r-release-windows-ix86+x86_64, r-oldrel-windows-ix86+x86_64

Version: 0.2-6
Check: R code for possible problems
Result: NOTE
    crpoly: no visible global function definition for ‘getpoly’
    plot.poly: no visible global function definition for ‘polymap’
Flavors: r-devel-linux-x86_64-debian-clang, r-devel-linux-x86_64-debian-gcc, r-devel-linux-x86_64-fedora-clang, r-devel-linux-x86_64-fedora-gcc, r-devel-osx-x86_64-clang, r-devel-windows-ix86+x86_64, r-patched-linux-x86_64, r-patched-solaris-sparc, r-patched-solaris-x86, r-release-linux-ix86, r-release-linux-x86_64, r-release-windows-ix86+x86_64

Version: 0.2-6
Check: dependencies in R code
Result: NOTE
    'library' or 'require' call to 'splancs' which was already attached by Depends.
     Please remove these calls from your code.
    See the information on DESCRIPTION files in the chapter 'Creating R
    packages' of the 'Writing R Extensions' manual.
Flavor: r-release-osx-x86_64-snowleopard

Version: 0.2-6
Check: examples
Result: WARN
    checking a package with encoding 'latin1' in an ASCII locale
    
     OK
Flavor: r-release-osx-x86_64-snowleopard