CRAN Package Check Results for Package RCALI

Last updated on 2015-08-29 20:48:13.

Flavor Version Tinstall Tcheck Ttotal Status Flags
r-devel-linux-x86_64-debian-clang 0.2-15 6.13 21.21 27.34 NOTE
r-devel-linux-x86_64-debian-gcc 0.2-15 6.66 20.65 27.30 NOTE
r-devel-linux-x86_64-fedora-clang 0.2-15 60.22 NOTE
r-devel-linux-x86_64-fedora-gcc 0.2-15 50.68 NOTE
r-devel-osx-x86_64-clang 0.2-15 43.43 OK
r-devel-windows-ix86+x86_64 0.2-15 60.00 51.00 111.00 NOTE
r-patched-linux-x86_64 0.2-15 6.56 22.15 28.71 OK
r-patched-solaris-sparc 0.2-15 279.40 OK
r-patched-solaris-x86 0.2-15 69.50 OK
r-release-linux-x86_64 0.2-15 6.54 22.47 29.00 OK
r-release-osx-x86_64-mavericks 0.2-15 OK
r-release-windows-ix86+x86_64 0.2-15 49.00 48.00 97.00 OK
r-oldrel-windows-ix86+x86_64 0.2-15 61.00 58.00 119.00 OK

Check Details

Version: 0.2-15
Check: R code for possible problems
Result: NOTE
    plot.listpoly: no visible global function definition for ‘par’
    plot.listpoly: no visible global function definition for ‘plot’
    plot.listpoly: no visible global function definition for ‘rainbow’
    plot.listpoly: no visible global function definition for ‘text’
    Undefined global functions or variables:
     par plot rainbow text
    Consider adding
     importFrom("grDevices", "rainbow")
     importFrom("graphics", "par", "plot", "text")
    to your NAMESPACE.
Flavors: r-devel-linux-x86_64-debian-clang, r-devel-linux-x86_64-debian-gcc, r-devel-linux-x86_64-fedora-clang, r-devel-linux-x86_64-fedora-gcc, r-devel-windows-ix86+x86_64