CRAN Package Check Results for Package RCALI

Last updated on 2016-02-11 07:47:39.

Flavor Version Tinstall Tcheck Ttotal Status Flags
r-devel-linux-x86_64-debian-gcc 0.2-15 6.59 20.00 26.59 NOTE
r-devel-linux-x86_64-fedora-clang 0.2-15 61.27 NOTE
r-devel-linux-x86_64-fedora-gcc 0.2-15 50.46 NOTE
r-devel-osx-x86_64-clang 0.2-15 51.49 NOTE
r-devel-windows-ix86+x86_64 0.2-15 50.00 53.00 103.00 NOTE
r-patched-linux-x86_64 0.2-15 6.69 21.33 28.02 OK
r-patched-solaris-sparc 0.2-15 256.40 OK
r-patched-solaris-x86 0.2-15 59.20 OK
r-release-linux-x86_64 0.2-15 6.79 20.84 27.63 OK
r-release-osx-x86_64-mavericks 0.2-15 OK
r-release-windows-ix86+x86_64 0.2-15 60.00 45.00 105.00 OK
r-oldrel-windows-ix86+x86_64 0.2-15 63.00 57.00 120.00 OK

Check Details

Version: 0.2-15
Check: R code for possible problems
Result: NOTE
    plot.listpoly: no visible global function definition for ‘par’
    plot.listpoly: no visible global function definition for ‘plot’
    plot.listpoly: no visible global function definition for ‘rainbow’
    plot.listpoly: no visible global function definition for ‘text’
    Undefined global functions or variables:
     par plot rainbow text
    Consider adding
     importFrom("grDevices", "rainbow")
     importFrom("graphics", "par", "plot", "text")
    to your NAMESPACE file.
Flavors: r-devel-linux-x86_64-debian-gcc, r-devel-linux-x86_64-fedora-clang, r-devel-linux-x86_64-fedora-gcc, r-devel-osx-x86_64-clang, r-devel-windows-ix86+x86_64