CRAN Package Check Results for Package RCALI

Last updated on 2014-09-15 05:48:18.

Flavor Version Tinstall Tcheck Ttotal Status Flags
r-devel-linux-x86_64-debian-clang 0.2-6 6.02 57.11 63.14 NOTE
r-devel-linux-x86_64-debian-gcc 0.2-6 6.72 59.01 65.74 NOTE
r-devel-linux-x86_64-fedora-clang 0.2-6 131.87 NOTE
r-devel-linux-x86_64-fedora-gcc 0.2-6 128.32 NOTE
r-devel-osx-x86_64-clang 0.2-6 117.99 NOTE
r-devel-windows-ix86+x86_64 0.2-6 35.00 279.00 314.00 NOTE
r-patched-linux-x86_64 0.2-6 6.64 55.56 62.20 NOTE
r-patched-solaris-sparc 0.2-6 1099.70 NOTE
r-patched-solaris-x86 0.2-6 226.80 NOTE
r-release-linux-ix86 0.2-6 9.52 168.53 178.05 NOTE
r-release-linux-x86_64 0.2-6 6.80 55.74 62.53 NOTE
r-release-osx-x86_64-mavericks 0.2-6 NOTE
r-release-osx-x86_64-snowleopard 0.2-6 WARN
r-release-windows-ix86+x86_64 0.2-6 36.00 265.00 301.00 NOTE
r-oldrel-windows-ix86+x86_64 0.2-6 37.00 269.00 306.00 NOTE

Memtest notes: valgrind

Check Details

Version: 0.2-6
Check: top-level files
Result: NOTE
    Non-standard files/directories found at top level:
     ‘Makevars’ ‘RCALI-Ex.R’
Flavors: r-devel-linux-x86_64-debian-clang, r-devel-linux-x86_64-debian-gcc, r-devel-linux-x86_64-fedora-clang, r-devel-linux-x86_64-fedora-gcc

Version: 0.2-6
Check: dependencies in R code
Result: NOTE
    'library' or 'require' call to ‘splancs’ which was already attached by Depends.
     Please remove these calls from your code.
    Package in Depends field not imported from: ‘splancs’
     These packages need to be imported from (in the NAMESPACE file)
     for when this namespace is loaded but not attached.
    See the information on DESCRIPTION files in the chapter ‘Creating R
    packages’ of the ‘Writing R Extensions’ manual.
Flavors: r-devel-linux-x86_64-debian-clang, r-devel-linux-x86_64-debian-gcc, r-devel-linux-x86_64-fedora-clang, r-devel-linux-x86_64-fedora-gcc, r-devel-osx-x86_64-clang, r-devel-windows-ix86+x86_64, r-patched-linux-x86_64, r-patched-solaris-sparc, r-patched-solaris-x86, r-release-linux-ix86, r-release-linux-x86_64, r-release-osx-x86_64-mavericks, r-release-windows-ix86+x86_64, r-oldrel-windows-ix86+x86_64

Version: 0.2-6
Check: R code for possible problems
Result: NOTE
    crpoly: no visible global function definition for ‘getpoly’
    plot.poly: no visible global function definition for ‘polymap’
Flavors: r-devel-linux-x86_64-debian-clang, r-devel-linux-x86_64-debian-gcc, r-devel-linux-x86_64-fedora-clang, r-devel-linux-x86_64-fedora-gcc, r-devel-osx-x86_64-clang, r-devel-windows-ix86+x86_64

Version: 0.2-6
Check: dependencies in R code
Result: NOTE
    'library' or 'require' call to 'splancs' which was already attached by Depends.
     Please remove these calls from your code.
    See the information on DESCRIPTION files in the chapter 'Creating R
    packages' of the 'Writing R Extensions' manual.
Flavor: r-release-osx-x86_64-snowleopard

Version: 0.2-6
Check: examples
Result: WARN
    checking a package with encoding 'latin1' in an ASCII locale
    
     OK
Flavor: r-release-osx-x86_64-snowleopard