CRAN Package Check Results for Package RCALI

Last updated on 2014-04-16 23:47:03.

Flavor Version Tinstall Tcheck Ttotal Status Flags
r-devel-linux-x86_64-debian-clang 0.2-6 6.56 52.08 58.63 NOTE
r-devel-linux-x86_64-debian-gcc 0.2-6 6.64 56.03 62.67 NOTE
r-devel-linux-x86_64-fedora-clang 0.2-6 132.90 NOTE
r-devel-linux-x86_64-fedora-gcc 0.2-6 132.81 NOTE
r-devel-macosx-x86_64-clang 0.2-6 119.82 NOTE
r-devel-macosx-x86_64-gcc 0.2-6 NOTE
r-devel-windows-ix86+x86_64 0.2-6 37.00 274.00 311.00 NOTE
r-patched-linux-x86_64 0.2-6 6.80 56.14 62.94 NOTE
r-patched-solaris-sparc 0.2-6 1095.10 NOTE
r-patched-solaris-x86 0.2-6 235.90 NOTE
r-release-linux-ix86 0.2-6 16.00 163.00 179.00 NOTE
r-release-linux-x86_64 0.2-6 6.76 55.97 62.73 NOTE
r-release-macosx-x86_64 0.2-6 WARN
r-release-windows-ix86+x86_64 0.2-6 35.00 269.00 304.00 NOTE
r-oldrel-windows-ix86+x86_64 0.2-6 37.00 274.00 311.00 NOTE

Memtest notes: valgrind

Check Details

Version: 0.2-6
Check: dependencies in R code
Result: NOTE
    'library' or 'require' call to ‘splancs’ which was already attached by Depends.
     Please remove these calls from your code.
    Package in Depends field not imported from: ‘splancs’
     These packages need to be imported from (in the NAMESPACE file)
     for when this namespace is loaded but not attached.
    See the information on DESCRIPTION files in the chapter ‘Creating R
    packages’ of the ‘Writing R Extensions’ manual.
Flavors: r-devel-linux-x86_64-debian-clang, r-devel-linux-x86_64-debian-gcc, r-devel-linux-x86_64-fedora-clang, r-devel-linux-x86_64-fedora-gcc, r-devel-macosx-x86_64-clang, r-devel-macosx-x86_64-gcc, r-devel-windows-ix86+x86_64, r-patched-linux-x86_64, r-patched-solaris-sparc, r-patched-solaris-x86, r-release-linux-ix86, r-release-linux-x86_64, r-release-windows-ix86+x86_64, r-oldrel-windows-ix86+x86_64

Version: 0.2-6
Check: top-level files
Result: NOTE
    Non-standard files/directories found at top level:
     ‘Makevars’ ‘RCALI-Ex.R’
Flavors: r-devel-linux-x86_64-fedora-clang, r-devel-linux-x86_64-fedora-gcc

Version: 0.2-6
Check: dependencies in R code
Result: NOTE
    'library' or 'require' call to 'splancs' which was already attached by Depends.
     Please remove these calls from your code.
    See the information on DESCRIPTION files in the chapter 'Creating R
    packages' of the 'Writing R Extensions' manual.
Flavor: r-release-macosx-x86_64

Version: 0.2-6
Check: examples
Result: WARNING
    checking a package with encoding 'latin1' in an ASCII locale
    
     OK
Flavor: r-release-macosx-x86_64