CRAN Package Check Results for Package RCALI

Last updated on 2014-08-23 20:47:01.

Flavor Version Tinstall Tcheck Ttotal Status Flags
r-devel-linux-x86_64-debian-clang 0.2-6 5.84 52.22 58.06 NOTE
r-devel-linux-x86_64-debian-gcc 0.2-6 6.73 54.10 60.83 NOTE
r-devel-linux-x86_64-fedora-clang 0.2-6 130.09 NOTE
r-devel-linux-x86_64-fedora-gcc 0.2-6 132.21 NOTE
r-devel-osx-x86_64-clang 0.2-6 119.93 NOTE
r-devel-windows-ix86+x86_64 0.2-6 38.00 258.00 296.00 NOTE
r-patched-linux-x86_64 0.2-6 6.78 56.46 63.24 NOTE
r-patched-solaris-sparc 0.2-6 1099.70 NOTE
r-patched-solaris-x86 0.2-6 238.90 NOTE
r-release-linux-ix86 0.2-6 9.55 169.50 179.05 NOTE
r-release-linux-x86_64 0.2-6 6.84 55.61 62.45 NOTE
r-release-osx-x86_64-mavericks 0.2-6 NOTE
r-release-osx-x86_64-snowleopard 0.2-6 WARN
r-release-windows-ix86+x86_64 0.2-6 38.00 270.00 308.00 NOTE
r-oldrel-windows-ix86+x86_64 0.2-6 37.00 280.00 317.00 NOTE

Memtest notes: valgrind

Check Details

Version: 0.2-6
Check: dependencies in R code
Result: NOTE
    'library' or 'require' call to ‘splancs’ which was already attached by Depends.
     Please remove these calls from your code.
    Package in Depends field not imported from: ‘splancs’
     These packages need to be imported from (in the NAMESPACE file)
     for when this namespace is loaded but not attached.
    See the information on DESCRIPTION files in the chapter ‘Creating R
    packages’ of the ‘Writing R Extensions’ manual.
Flavors: r-devel-linux-x86_64-debian-clang, r-devel-linux-x86_64-debian-gcc, r-devel-linux-x86_64-fedora-clang, r-devel-linux-x86_64-fedora-gcc, r-devel-osx-x86_64-clang, r-devel-windows-ix86+x86_64, r-patched-linux-x86_64, r-patched-solaris-sparc, r-patched-solaris-x86, r-release-linux-ix86, r-release-linux-x86_64, r-release-osx-x86_64-mavericks, r-release-windows-ix86+x86_64, r-oldrel-windows-ix86+x86_64

Version: 0.2-6
Check: R code for possible problems
Result: NOTE
    crpoly: no visible global function definition for ‘getpoly’
    plot.poly: no visible global function definition for ‘polymap’
Flavors: r-devel-linux-x86_64-debian-clang, r-devel-linux-x86_64-debian-gcc, r-devel-linux-x86_64-fedora-clang, r-devel-linux-x86_64-fedora-gcc, r-devel-osx-x86_64-clang

Version: 0.2-6
Check: top-level files
Result: NOTE
    Non-standard files/directories found at top level:
     ‘Makevars’ ‘RCALI-Ex.R’
Flavors: r-devel-linux-x86_64-fedora-clang, r-devel-linux-x86_64-fedora-gcc

Version: 0.2-6
Check: dependencies in R code
Result: NOTE
    'library' or 'require' call to 'splancs' which was already attached by Depends.
     Please remove these calls from your code.
    See the information on DESCRIPTION files in the chapter 'Creating R
    packages' of the 'Writing R Extensions' manual.
Flavor: r-release-osx-x86_64-snowleopard

Version: 0.2-6
Check: examples
Result: WARN
    checking a package with encoding 'latin1' in an ASCII locale
    
     OK
Flavor: r-release-osx-x86_64-snowleopard