CRAN Package Check Results for Package RCALI

Last updated on 2016-07-23 10:53:14.

Flavor Version Tinstall Tcheck Ttotal Status Flags
r-devel-linux-x86_64-debian-clang 0.2-15 11.20 25.31 36.51 NOTE
r-devel-linux-x86_64-debian-gcc 0.2-15 11.02 24.81 35.83 NOTE
r-devel-linux-x86_64-fedora-clang 0.2-15 64.41 NOTE
r-devel-linux-x86_64-fedora-gcc 0.2-15 50.91 NOTE
r-devel-osx-x86_64-clang 0.2-15 41.02 NOTE
r-devel-windows-ix86+x86_64 0.2-15 46.00 55.00 101.00 NOTE
r-patched-linux-x86_64 0.2-15 7.46 23.30 30.76 NOTE
r-patched-solaris-sparc 0.2-15 251.50 NOTE
r-patched-solaris-x86 0.2-15 58.40 NOTE
r-release-linux-x86_64 0.2-15 7.32 25.04 32.36 NOTE
r-release-osx-x86_64-mavericks 0.2-15 NOTE
r-release-windows-ix86+x86_64 0.2-15 32.00 65.00 97.00 NOTE
r-oldrel-windows-ix86+x86_64 0.2-15 50.00 54.00 104.00 OK

Check Details

Version: 0.2-15
Check: R code for possible problems
Result: NOTE
    plot.listpoly: no visible global function definition for ‘par’
    plot.listpoly: no visible global function definition for ‘plot’
    plot.listpoly: no visible global function definition for ‘rainbow’
    plot.listpoly: no visible global function definition for ‘text’
    Undefined global functions or variables:
     par plot rainbow text
    Consider adding
     importFrom("grDevices", "rainbow")
     importFrom("graphics", "par", "plot", "text")
    to your NAMESPACE file.
Flavors: r-devel-linux-x86_64-debian-clang, r-devel-linux-x86_64-debian-gcc, r-devel-linux-x86_64-fedora-clang, r-devel-linux-x86_64-fedora-gcc, r-devel-osx-x86_64-clang, r-devel-windows-ix86+x86_64, r-patched-linux-x86_64, r-patched-solaris-sparc, r-patched-solaris-x86, r-release-linux-x86_64, r-release-osx-x86_64-mavericks, r-release-windows-ix86+x86_64