CRAN Package Check Results for Package RCALI

Last updated on 2016-06-30 06:47:13.

Flavor Version Tinstall Tcheck Ttotal Status Flags
r-devel-linux-x86_64-debian-gcc 0.2-15 10.20 22.61 32.81 NOTE
r-devel-linux-x86_64-fedora-clang 0.2-15 63.26 NOTE
r-devel-linux-x86_64-fedora-gcc 0.2-15 50.33 NOTE
r-devel-osx-x86_64-clang 0.2-15 40.30 NOTE
r-devel-windows-ix86+x86_64 0.2-15 30.00 67.00 97.00 NOTE
r-patched-linux-x86_64 0.2-15 7.06 24.50 31.56 NOTE
r-patched-solaris-sparc 0.2-15 251.50 NOTE
r-patched-solaris-x86 0.2-15 59.30 NOTE
r-release-linux-x86_64 0.2-15 6.48 21.40 27.88 NOTE
r-release-osx-x86_64-mavericks 0.2-15 NOTE
r-release-windows-ix86+x86_64 0.2-15 46.00 61.00 107.00 NOTE
r-oldrel-windows-ix86+x86_64 0.2-15 55.00 52.00 107.00 OK

Check Details

Version: 0.2-15
Check: R code for possible problems
Result: NOTE
    plot.listpoly: no visible global function definition for ‘par’
    plot.listpoly: no visible global function definition for ‘plot’
    plot.listpoly: no visible global function definition for ‘rainbow’
    plot.listpoly: no visible global function definition for ‘text’
    Undefined global functions or variables:
     par plot rainbow text
    Consider adding
     importFrom("grDevices", "rainbow")
     importFrom("graphics", "par", "plot", "text")
    to your NAMESPACE file.
Flavors: r-devel-linux-x86_64-debian-gcc, r-devel-linux-x86_64-fedora-clang, r-devel-linux-x86_64-fedora-gcc, r-devel-osx-x86_64-clang, r-devel-windows-ix86+x86_64, r-patched-linux-x86_64, r-patched-solaris-sparc, r-patched-solaris-x86, r-release-linux-x86_64, r-release-osx-x86_64-mavericks, r-release-windows-ix86+x86_64