CRAN Package Check Results for Package RCALI

Last updated on 2017-10-24 10:48:04.

Flavor Version Tinstall Tcheck Ttotal Status Flags
r-devel-linux-x86_64-debian-clang 0.2-18 8.41 28.57 36.98 OK
r-devel-linux-x86_64-debian-gcc 0.2-18 8.49 31.00 39.49 WARN
r-devel-linux-x86_64-fedora-clang 0.2-18 80.18 OK
r-devel-linux-x86_64-fedora-gcc 0.2-18 67.48 WARN
r-devel-windows-ix86+x86_64 0.2-18 47.00 107.00 154.00 OK
r-patched-linux-x86_64 0.2-18 8.19 29.42 37.61 OK
r-patched-solaris-x86 0.2-18 91.60 OK
r-release-linux-x86_64 0.2-18 7.57 29.53 37.09 OK
r-release-windows-ix86+x86_64 0.2-18 68.00 108.00 176.00 OK
r-release-osx-x86_64 0.2-18 OK
r-oldrel-windows-ix86+x86_64 0.2-18 48.00 72.00 120.00 OK
r-oldrel-osx-x86_64 0.2-18 OK

Additional issues

gcc-UBSAN

Check Details

Version: 0.2-18
Check: whether package can be installed
Result: WARN
    Found the following significant warnings:
     intersection.cc:384:1: warning: ā€˜%gā€™ directive writing 12 bytes into a region of size between 0 and 41 [-Wformat-overflow=]
     intersection.cc:384:1: warning: ā€˜%gā€™ directive writing 12 bytes into a region of size between 0 and 42 [-Wformat-overflow=]
Flavors: r-devel-linux-x86_64-debian-gcc, r-devel-linux-x86_64-fedora-gcc