CRAN Package Check Results for Package RCALI

Last updated on 2016-05-30 13:47:42.

Flavor Version Tinstall Tcheck Ttotal Status Flags
r-devel-linux-x86_64-debian-gcc 0.2-15 9.50 21.24 30.74 NOTE
r-devel-linux-x86_64-fedora-clang 0.2-15 62.65 NOTE
r-devel-linux-x86_64-fedora-gcc 0.2-15 51.47 NOTE
r-devel-osx-x86_64-clang 0.2-15 53.27 NOTE
r-devel-windows-ix86+x86_64 0.2-15 49.00 49.00 98.00 NOTE
r-patched-linux-x86_64 0.2-15 6.50 21.25 27.75 NOTE
r-patched-solaris-sparc 0.2-15 252.60 NOTE
r-patched-solaris-x86 0.2-15 60.50 NOTE
r-release-linux-x86_64 0.2-15 6.56 21.28 27.84 NOTE
r-release-osx-x86_64-mavericks 0.2-15 NOTE
r-release-windows-ix86+x86_64 0.2-15 57.00 46.00 103.00 NOTE
r-oldrel-windows-ix86+x86_64 0.2-15 38.00 72.00 110.00 OK

Check Details

Version: 0.2-15
Check: R code for possible problems
Result: NOTE
    plot.listpoly: no visible global function definition for ‘par’
    plot.listpoly: no visible global function definition for ‘plot’
    plot.listpoly: no visible global function definition for ‘rainbow’
    plot.listpoly: no visible global function definition for ‘text’
    Undefined global functions or variables:
     par plot rainbow text
    Consider adding
     importFrom("grDevices", "rainbow")
     importFrom("graphics", "par", "plot", "text")
    to your NAMESPACE file.
Flavors: r-devel-linux-x86_64-debian-gcc, r-devel-linux-x86_64-fedora-clang, r-devel-linux-x86_64-fedora-gcc, r-devel-osx-x86_64-clang, r-devel-windows-ix86+x86_64, r-patched-linux-x86_64, r-patched-solaris-sparc, r-patched-solaris-x86, r-release-linux-x86_64, r-release-osx-x86_64-mavericks, r-release-windows-ix86+x86_64