CRAN Package Check Results for Package RCALI

Last updated on 2023-03-29 17:50:18 CEST.

Flavor Version Tinstall Tcheck Ttotal Status Flags
r-devel-linux-x86_64-debian-clang 0.3.5 28.75 48.02 76.77 NOTE
r-devel-linux-x86_64-debian-gcc 0.3.5 21.91 37.27 59.18 NOTE
r-devel-linux-x86_64-fedora-clang 0.3.5 124.12 NOTE
r-devel-linux-x86_64-fedora-gcc 0.3.5 98.21 NOTE
r-devel-windows-x86_64 0.3.5 51.00 0.00 51.00 NOTE
r-patched-linux-x86_64 0.3.5 22.28 46.46 68.74 NOTE
r-release-linux-x86_64 0.3.5 17.25 47.77 65.02 OK
r-release-macos-arm64 0.3.5 27.00 OK
r-release-macos-x86_64 0.3.5 45.00 OK
r-release-windows-x86_64 0.3.5 49.00 98.00 147.00 OK
r-oldrel-macos-arm64 0.3.5 30.00 OK
r-oldrel-macos-x86_64 0.3.5 48.00 OK
r-oldrel-windows-ix86+x86_64 0.3.5 60.00 110.00 170.00 OK

Additional issues

M1mac

Check Details

Version: 0.3.5
Check: Rd \usage sections
Result: NOTE
    S3 methods shown with full name in documentation object ‘export.default’:
     ‘export.default’
    
    S3 methods shown with full name in documentation object ‘export.listpoly’:
     ‘export.listpoly’
    
    The \usage entries for S3 methods should use the \method markup and not
    their full name.
    See chapter ‘Writing R documentation files’ in the ‘Writing R
    Extensions’ manual.
Flavors: r-devel-linux-x86_64-debian-clang, r-devel-linux-x86_64-debian-gcc, r-devel-linux-x86_64-fedora-clang, r-devel-linux-x86_64-fedora-gcc, r-devel-windows-x86_64, r-patched-linux-x86_64