CRAN Package Check Results for Package RCALI

Last updated on 2017-02-27 23:03:50.

Flavor Version Tinstall Tcheck Ttotal Status Flags
r-devel-linux-x86_64-debian-clang 0.2-17 8.19 25.79 33.98 NOTE
r-devel-linux-x86_64-debian-gcc 0.2-17 7.69 26.84 34.52 NOTE
r-devel-linux-x86_64-fedora-clang 0.2-17 68.28 NOTE --no-stop-on-test-error
r-devel-linux-x86_64-fedora-gcc 0.2-17 55.49 NOTE --no-stop-on-test-error
r-devel-macos-x86_64-clang 0.2-17 45.96 NOTE --no-stop-on-test-error
r-devel-windows-ix86+x86_64 0.2-17 46.00 81.00 127.00 OK
r-patched-linux-x86_64 0.2-17 6.44 21.49 27.93 OK
r-patched-solaris-sparc 0.2-17 256.80 OK
r-patched-solaris-x86 0.2-17 57.70 OK
r-release-linux-x86_64 0.2-17 6.63 21.95 28.58 OK
r-release-osx-x86_64-mavericks 0.2-17 OK
r-release-windows-ix86+x86_64 0.2-17 85.00 54.00 139.00 OK
r-oldrel-windows-ix86+x86_64 0.2-17 37.00 70.00 107.00 OK

Memtest notes: gcc6-UBSAN gcc7-UBSAN

Check Details

Version: 0.2-17
Check: compiled code
Result: NOTE
    File ‘RCALI/libs/RCALI.so’:
     Found no calls to: ‘R_registerRoutines’, ‘R_useDynamicSymbols’
    
    It is good practice to register native routines and to disable symbol
    search.
    
    See ‘Writing portable packages’ in the ‘Writing R Extensions’ manual.
Flavors: r-devel-linux-x86_64-debian-clang, r-devel-linux-x86_64-debian-gcc

Version: 0.2-17
Flags: --no-stop-on-test-error
Check: compiled code
Result: NOTE
    File ‘RCALI/libs/RCALI.so’:
     Found no calls to: ‘R_registerRoutines’, ‘R_useDynamicSymbols’
    
    It is good practice to register native routines and to disable symbol
    search.
    
    See ‘Writing portable packages’ in the ‘Writing R Extensions’ manual.
Flavors: r-devel-linux-x86_64-fedora-clang, r-devel-linux-x86_64-fedora-gcc, r-devel-macos-x86_64-clang