CRAN Package Check Results for Package RCDT

Last updated on 2022-08-13 07:11:43 CEST.

Flavor Version Tinstall Tcheck Ttotal Status Flags
r-devel-linux-x86_64-debian-clang 1.2.0 32.68 55.74 88.42 OK
r-devel-linux-x86_64-debian-gcc 1.2.0 34.47 43.00 77.47 OK
r-devel-linux-x86_64-fedora-clang 1.2.0 150.21 OK
r-devel-linux-x86_64-fedora-gcc 1.2.0 132.68 OK
r-devel-windows-x86_64 1.2.0 37.00 101.00 138.00 OK
r-patched-linux-x86_64 1.2.0 29.85 53.04 82.89 OK
r-release-linux-x86_64 1.2.0 32.99 53.30 86.29 OK
r-release-macos-arm64 1.2.0 38.00 ERROR
r-release-macos-x86_64 1.2.0 52.00 ERROR
r-release-windows-x86_64 1.2.0 39.00 102.00 141.00 OK
r-oldrel-macos-arm64 1.2.0 42.00 ERROR
r-oldrel-macos-x86_64 1.2.0 51.00 ERROR
r-oldrel-windows-ix86+x86_64 1.2.0 102.00 125.00 227.00 OK

Additional issues

M1mac

Check Details

Version: 1.2.0
Check: tests
Result: ERROR
     Running ‘testthat.R’ [1s/1s]
    Running the tests in ‘tests/testthat.R’ failed.
    Last 13 lines of output:
     + expected[19, ] 7 8 1
     - actual[20, ] 7 8 1
     + expected[20, ] 7 18 0
     actual[21, ] 7 19 0
     - actual[22, ] 8 9 1
     + expected[22, ] 7 20 0
     - actual[23, ] 8 19 0
     + expected[23, ] 8 9 1
     actual[24, ] 8 20 0
     actual[25, ] 9 10 1
     and 1 more ...
    
     [ FAIL 1 | WARN 0 | SKIP 0 | PASS 4 ]
     Error: Test failures
     Execution halted
Flavors: r-release-macos-arm64, r-oldrel-macos-arm64

Version: 1.2.0
Check: tests
Result: ERROR
     Running ‘testthat.R’ [2s/2s]
    Running the tests in ‘tests/testthat.R’ failed.
    Last 13 lines of output:
     - actual[13, ] 5 6 1
     + expected[13, ] 4 17 0
     - actual[14, ] 5 16 0
     + expected[14, ] 5 6 1
     actual[15, ] 5 17 0
     actual[16, ] 6 7 1
     actual[17, ] 6 17 0
     actual[18, ] 6 18 0
     - actual[19, ] 6 19 0
     + expected[19, ] 7 8 1
     and 7 more ...
    
     [ FAIL 1 | WARN 0 | SKIP 0 | PASS 4 ]
     Error: Test failures
     Execution halted
Flavor: r-release-macos-x86_64

Version: 1.2.0
Check: tests
Result: ERROR
     Running ‘testthat.R’ [1s/1s]
    Running the tests in ‘tests/testthat.R’ failed.
    Last 13 lines of output:
     - actual[13, ] 5 6 1
     + expected[13, ] 4 17 0
     - actual[14, ] 5 16 0
     + expected[14, ] 5 6 1
     actual[15, ] 5 17 0
     actual[16, ] 6 7 1
     actual[17, ] 6 17 0
     actual[18, ] 6 18 0
     - actual[19, ] 6 19 0
     + expected[19, ] 7 8 1
     and 7 more ...
    
     [ FAIL 1 | WARN 0 | SKIP 0 | PASS 4 ]
     Error: Test failures
     Execution halted
Flavor: r-oldrel-macos-x86_64