CRAN Package Check Results for Package RCassandra

Last updated on 2017-06-28 10:48:36.

Flavor Version Tinstall Tcheck Ttotal Status Flags
r-devel-linux-x86_64-debian-clang 0.1-3 2.07 10.82 12.89 NOTE
r-devel-linux-x86_64-debian-gcc 0.1-3 2.72 9.95 12.67 NOTE
r-devel-linux-x86_64-fedora-clang 0.1-3 20.44 NOTE
r-devel-linux-x86_64-fedora-gcc 0.1-3 18.78 NOTE
r-devel-windows-ix86+x86_64 0.1-3 14.00 35.00 49.00 NOTE
r-patched-linux-x86_64 0.1-3 2.78 10.58 13.35 NOTE
r-patched-solaris-sparc 0.1-3 127.10 NOTE
r-patched-solaris-x86 0.1-3 30.10 NOTE
r-release-linux-x86_64 0.1-3 2.84 10.88 13.72 NOTE
r-release-windows-ix86+x86_64 0.1-3 10.00 26.00 36.00 NOTE
r-release-osx-x86_64 0.1-3 NOTE
r-oldrel-windows-ix86+x86_64 0.1-3 11.00 24.00 35.00 NOTE
r-oldrel-osx-x86_64 0.1-3 NOTE

Additional issues

rchk

Check Details

Version: 0.1-3
Check: R code for possible problems
Result: NOTE
    RC.read.table: no visible global function definition for ‘type.convert’
    Undefined global functions or variables:
     type.convert
    Consider adding
     importFrom("utils", "type.convert")
    to your NAMESPACE file.
Flavors: r-devel-linux-x86_64-debian-clang, r-devel-linux-x86_64-debian-gcc, r-devel-linux-x86_64-fedora-clang, r-devel-linux-x86_64-fedora-gcc, r-devel-windows-ix86+x86_64, r-patched-linux-x86_64, r-patched-solaris-sparc, r-patched-solaris-x86, r-release-linux-x86_64, r-release-windows-ix86+x86_64, r-release-osx-x86_64, r-oldrel-windows-ix86+x86_64, r-oldrel-osx-x86_64

Version: 0.1-3
Check: compiled code
Result: NOTE
    File ‘RCassandra/libs/RCassandra.so’:
     Found no calls to: ‘R_registerRoutines’, ‘R_useDynamicSymbols’
    
    It is good practice to register native routines and to disable symbol
    search.
    
    See ‘Writing portable packages’ in the ‘Writing R Extensions’ manual.
Flavors: r-devel-linux-x86_64-debian-clang, r-devel-linux-x86_64-debian-gcc, r-devel-linux-x86_64-fedora-clang, r-devel-linux-x86_64-fedora-gcc, r-patched-linux-x86_64, r-release-linux-x86_64