CRAN Package Check Results for Package RCassandra

Last updated on 2016-04-30 03:51:22.

Flavor Version Tinstall Tcheck Ttotal Status Flags
r-devel-linux-x86_64-debian-gcc 0.1-3 2.52 8.57 11.09 NOTE
r-devel-linux-x86_64-fedora-clang 0.1-3 17.47 NOTE
r-devel-linux-x86_64-fedora-gcc 0.1-3 15.40 NOTE
r-devel-osx-x86_64-clang 0.1-3 21.02 NOTE
r-devel-windows-ix86+x86_64 0.1-3 12.00 26.00 38.00 NOTE
r-patched-linux-x86_64 0.1-3 2.48 8.54 11.02 NOTE
r-patched-solaris-sparc 0.1-3 118.50 NOTE
r-patched-solaris-x86 0.1-3 26.30 NOTE
r-release-linux-x86_64 0.1-3 2.44 9.32 11.76 OK
r-release-osx-x86_64-mavericks 0.1-3 OK
r-release-windows-ix86+x86_64 0.1-3 9.00 18.00 27.00 OK
r-oldrel-windows-ix86+x86_64 0.1-3 15.00 20.00 35.00 OK

Check Details

Version: 0.1-3
Check: R code for possible problems
Result: NOTE
    RC.read.table: no visible global function definition for ‘type.convert’
    Undefined global functions or variables:
     type.convert
    Consider adding
     importFrom("utils", "type.convert")
    to your NAMESPACE file.
Flavors: r-devel-linux-x86_64-debian-gcc, r-devel-linux-x86_64-fedora-clang, r-devel-linux-x86_64-fedora-gcc, r-devel-osx-x86_64-clang, r-devel-windows-ix86+x86_64, r-patched-linux-x86_64, r-patched-solaris-sparc, r-patched-solaris-x86