CRAN Package Check Results for Package RCassandra

Last updated on 2016-08-29 04:50:23.

Flavor Version Tinstall Tcheck Ttotal Status Flags
r-devel-linux-x86_64-debian-clang 0.1-3 2.00 8.67 10.67 NOTE
r-devel-linux-x86_64-debian-gcc 0.1-3 2.62 8.96 11.58 NOTE
r-devel-linux-x86_64-fedora-clang 0.1-3 18.06 NOTE
r-devel-linux-x86_64-fedora-gcc 0.1-3 16.03 NOTE
r-devel-osx-x86_64-clang 0.1-3 16.17 NOTE
r-devel-windows-ix86+x86_64 0.1-3 17.00 26.00 43.00 NOTE
r-patched-linux-x86_64 0.1-3 2.49 8.88 11.37 NOTE
r-patched-solaris-sparc 0.1-3 106.50 NOTE
r-patched-solaris-x86 0.1-3 25.40 NOTE
r-release-linux-x86_64 0.1-3 2.45 9.06 11.51 NOTE
r-release-osx-x86_64-mavericks 0.1-3 NOTE
r-release-windows-ix86+x86_64 0.1-3 18.00 33.00 51.00 NOTE
r-oldrel-windows-ix86+x86_64 0.1-3 9.00 18.00 27.00 OK

Check Details

Version: 0.1-3
Check: R code for possible problems
Result: NOTE
    RC.read.table: no visible global function definition for ‘type.convert’
    Undefined global functions or variables:
     type.convert
    Consider adding
     importFrom("utils", "type.convert")
    to your NAMESPACE file.
Flavors: r-devel-linux-x86_64-debian-clang, r-devel-linux-x86_64-debian-gcc, r-devel-linux-x86_64-fedora-clang, r-devel-linux-x86_64-fedora-gcc, r-devel-osx-x86_64-clang, r-devel-windows-ix86+x86_64, r-patched-linux-x86_64, r-patched-solaris-sparc, r-patched-solaris-x86, r-release-linux-x86_64, r-release-osx-x86_64-mavericks, r-release-windows-ix86+x86_64