CRAN Package Check Results for Package RCassandra

Last updated on 2017-04-27 11:53:53.

Flavor Version Tinstall Tcheck Ttotal Status Flags
r-devel-linux-x86_64-debian-clang 0.1-3 1.98 10.69 12.66 NOTE
r-devel-linux-x86_64-debian-gcc 0.1-3 2.72 10.81 13.53 NOTE
r-devel-linux-x86_64-fedora-clang 0.1-3 20.81 NOTE --no-stop-on-test-error
r-devel-linux-x86_64-fedora-gcc 0.1-3 18.76 NOTE --no-stop-on-test-error
r-devel-windows-ix86+x86_64 0.1-3 16.00 35.00 51.00 NOTE
r-patched-linux-x86_64 0.1-3 2.63 10.78 13.41 NOTE
r-patched-solaris-sparc 0.1-3 127.10 NOTE
r-patched-solaris-x86 0.1-3 30.40 NOTE
r-release-linux-x86_64 0.1-3 2.50 12.17 14.68 NOTE
r-release-windows-ix86+x86_64 0.1-3 10.00 26.00 36.00 NOTE
r-release-osx-x86_64 0.1-3 NOTE
r-oldrel-windows-ix86+x86_64 0.1-3 11.00 24.00 35.00 NOTE
r-oldrel-osx-x86_64 0.1-3 NOTE

Check Details

Version: 0.1-3
Check: R code for possible problems
Result: NOTE
    RC.read.table: no visible global function definition for ‘type.convert’
    Undefined global functions or variables:
     type.convert
    Consider adding
     importFrom("utils", "type.convert")
    to your NAMESPACE file.
Flavors: r-devel-linux-x86_64-debian-clang, r-devel-linux-x86_64-debian-gcc, r-devel-windows-ix86+x86_64, r-patched-linux-x86_64, r-patched-solaris-sparc, r-patched-solaris-x86, r-release-linux-x86_64, r-release-windows-ix86+x86_64, r-release-osx-x86_64, r-oldrel-windows-ix86+x86_64, r-oldrel-osx-x86_64

Version: 0.1-3
Check: compiled code
Result: NOTE
    File ‘RCassandra/libs/RCassandra.so’:
     Found no calls to: ‘R_registerRoutines’, ‘R_useDynamicSymbols’
    
    It is good practice to register native routines and to disable symbol
    search.
    
    See ‘Writing portable packages’ in the ‘Writing R Extensions’ manual.
Flavors: r-devel-linux-x86_64-debian-clang, r-devel-linux-x86_64-debian-gcc, r-patched-linux-x86_64, r-release-linux-x86_64

Version: 0.1-3
Flags: --no-stop-on-test-error
Check: R code for possible problems
Result: NOTE
    RC.read.table: no visible global function definition for ‘type.convert’
    Undefined global functions or variables:
     type.convert
    Consider adding
     importFrom("utils", "type.convert")
    to your NAMESPACE file.
Flavors: r-devel-linux-x86_64-fedora-clang, r-devel-linux-x86_64-fedora-gcc

Version: 0.1-3
Flags: --no-stop-on-test-error
Check: compiled code
Result: NOTE
    File ‘RCassandra/libs/RCassandra.so’:
     Found no calls to: ‘R_registerRoutines’, ‘R_useDynamicSymbols’
    
    It is good practice to register native routines and to disable symbol
    search.
    
    See ‘Writing portable packages’ in the ‘Writing R Extensions’ manual.
Flavors: r-devel-linux-x86_64-fedora-clang, r-devel-linux-x86_64-fedora-gcc