CRAN Package Check Results for Package RCassandra

Last updated on 2016-07-28 06:47:32.

Flavor Version Tinstall Tcheck Ttotal Status Flags
r-devel-linux-x86_64-debian-clang 0.1-3 2.31 10.15 12.46 NOTE
r-devel-linux-x86_64-debian-gcc 0.1-3 3.10 10.67 13.77 NOTE
r-devel-linux-x86_64-fedora-clang 0.1-3 17.38 NOTE
r-devel-linux-x86_64-fedora-gcc 0.1-3 15.19 NOTE
r-devel-osx-x86_64-clang 0.1-3 15.99 NOTE
r-devel-windows-ix86+x86_64 0.1-3 12.00 26.00 38.00 NOTE
r-patched-linux-x86_64 0.1-3 2.84 10.00 12.85 NOTE
r-patched-solaris-sparc 0.1-3 106.50 NOTE
r-patched-solaris-x86 0.1-3 25.30 NOTE
r-release-linux-x86_64 0.1-3 2.85 10.50 13.35 NOTE
r-release-osx-x86_64-mavericks 0.1-3 NOTE
r-release-windows-ix86+x86_64 0.1-3 18.00 33.00 51.00 NOTE
r-oldrel-windows-ix86+x86_64 0.1-3 9.00 18.00 27.00 OK

Check Details

Version: 0.1-3
Check: R code for possible problems
Result: NOTE
    RC.read.table: no visible global function definition for ‘type.convert’
    Undefined global functions or variables:
     type.convert
    Consider adding
     importFrom("utils", "type.convert")
    to your NAMESPACE file.
Flavors: r-devel-linux-x86_64-debian-clang, r-devel-linux-x86_64-debian-gcc, r-devel-linux-x86_64-fedora-clang, r-devel-linux-x86_64-fedora-gcc, r-devel-osx-x86_64-clang, r-devel-windows-ix86+x86_64, r-patched-linux-x86_64, r-patched-solaris-sparc, r-patched-solaris-x86, r-release-linux-x86_64, r-release-osx-x86_64-mavericks, r-release-windows-ix86+x86_64