CRAN Package Check Results for Package RCassandra

Last updated on 2016-05-24 23:48:19.

Flavor Version Tinstall Tcheck Ttotal Status Flags
r-devel-linux-x86_64-debian-gcc 0.1-3 2.67 8.99 11.66 NOTE
r-devel-linux-x86_64-fedora-clang 0.1-3 17.41 NOTE
r-devel-linux-x86_64-fedora-gcc 0.1-3 15.49 NOTE
r-devel-osx-x86_64-clang 0.1-3 21.09 NOTE
r-devel-windows-ix86+x86_64 0.1-3 18.00 33.00 51.00 NOTE
r-patched-linux-x86_64 0.1-3 2.50 8.44 10.94 NOTE
r-patched-solaris-sparc 0.1-3 106.50 NOTE
r-patched-solaris-x86 0.1-3 26.30 NOTE
r-release-linux-x86_64 0.1-3 2.46 8.51 10.97 NOTE
r-release-osx-x86_64-mavericks 0.1-3 NOTE
r-release-windows-ix86+x86_64 0.1-3 18.00 33.00 51.00 NOTE
r-oldrel-windows-ix86+x86_64 0.1-3 9.00 18.00 27.00 OK

Check Details

Version: 0.1-3
Check: R code for possible problems
Result: NOTE
    RC.read.table: no visible global function definition for ‘type.convert’
    Undefined global functions or variables:
     type.convert
    Consider adding
     importFrom("utils", "type.convert")
    to your NAMESPACE file.
Flavors: r-devel-linux-x86_64-debian-gcc, r-devel-linux-x86_64-fedora-clang, r-devel-linux-x86_64-fedora-gcc, r-devel-osx-x86_64-clang, r-devel-windows-ix86+x86_64, r-patched-linux-x86_64, r-patched-solaris-sparc, r-patched-solaris-x86, r-release-linux-x86_64, r-release-osx-x86_64-mavericks, r-release-windows-ix86+x86_64