CRAN Package Check Results for Package RCassandra

Last updated on 2018-01-18 06:47:12 CET.

Flavor Version Tinstall Tcheck Ttotal Status Flags
r-devel-linux-x86_64-debian-clang 0.1-3 3.00 15.94 18.94 NOTE
r-devel-linux-x86_64-debian-gcc 0.1-3 2.89 13.46 16.35 NOTE
r-devel-linux-x86_64-fedora-clang 0.1-3 23.25 NOTE
r-devel-linux-x86_64-fedora-gcc 0.1-3 20.69 NOTE
r-devel-windows-ix86+x86_64 0.1-3 10.00 31.00 41.00 NOTE
r-patched-linux-x86_64 0.1-3 3.14 15.35 18.49 NOTE
r-patched-solaris-x86 0.1-3 33.70 NOTE
r-release-linux-x86_64 0.1-3 3.64 15.01 18.65 NOTE
r-release-windows-ix86+x86_64 0.1-3 11.00 28.00 39.00 NOTE
r-release-osx-x86_64 0.1-3 NOTE
r-oldrel-windows-ix86+x86_64 0.1-3 11.00 24.00 35.00 NOTE
r-oldrel-osx-x86_64 0.1-3 NOTE

Additional issues

rchk

Check Details

Version: 0.1-3
Check: R code for possible problems
Result: NOTE
    RC.read.table: no visible global function definition for ‘type.convert’
    Undefined global functions or variables:
     type.convert
    Consider adding
     importFrom("utils", "type.convert")
    to your NAMESPACE file.
Flavors: r-devel-linux-x86_64-debian-clang, r-devel-linux-x86_64-debian-gcc, r-devel-linux-x86_64-fedora-clang, r-devel-linux-x86_64-fedora-gcc, r-devel-windows-ix86+x86_64, r-patched-linux-x86_64, r-patched-solaris-x86, r-release-linux-x86_64, r-release-windows-ix86+x86_64, r-release-osx-x86_64, r-oldrel-windows-ix86+x86_64, r-oldrel-osx-x86_64

Version: 0.1-3
Check: compiled code
Result: NOTE
    File ‘RCassandra/libs/RCassandra.so’:
     Found no calls to: ‘R_registerRoutines’, ‘R_useDynamicSymbols’
    
    It is good practice to register native routines and to disable symbol
    search.
    
    See ‘Writing portable packages’ in the ‘Writing R Extensions’ manual.
Flavors: r-devel-linux-x86_64-debian-clang, r-devel-linux-x86_64-debian-gcc, r-devel-linux-x86_64-fedora-clang, r-devel-linux-x86_64-fedora-gcc, r-patched-linux-x86_64, r-release-linux-x86_64