CRAN Package Check Results for Package RCassandra

Last updated on 2016-02-11 21:46:55.

Flavor Version Tinstall Tcheck Ttotal Status Flags
r-devel-linux-x86_64-debian-gcc 0.1-3 2.54 7.89 10.43 NOTE
r-devel-linux-x86_64-fedora-clang 0.1-3 16.76 NOTE
r-devel-linux-x86_64-fedora-gcc 0.1-3 15.27 NOTE
r-devel-osx-x86_64-clang 0.1-3 20.08 NOTE
r-devel-windows-ix86+x86_64 0.1-3 14.00 21.00 35.00 NOTE
r-patched-linux-x86_64 0.1-3 2.52 8.43 10.95 OK
r-patched-solaris-sparc 0.1-3 104.70 OK
r-patched-solaris-x86 0.1-3 24.30 OK
r-release-linux-x86_64 0.1-3 2.56 8.46 11.01 OK
r-release-osx-x86_64-mavericks 0.1-3 OK
r-release-windows-ix86+x86_64 0.1-3 9.00 18.00 27.00 OK
r-oldrel-windows-ix86+x86_64 0.1-3 15.00 20.00 35.00 OK

Check Details

Version: 0.1-3
Check: R code for possible problems
Result: NOTE
    RC.read.table: no visible global function definition for ‘type.convert’
    Undefined global functions or variables:
     type.convert
    Consider adding
     importFrom("utils", "type.convert")
    to your NAMESPACE file.
Flavors: r-devel-linux-x86_64-debian-gcc, r-devel-linux-x86_64-fedora-clang, r-devel-linux-x86_64-fedora-gcc, r-devel-osx-x86_64-clang, r-devel-windows-ix86+x86_64