CRAN Package Check Results for Package RCassandra

Last updated on 2015-08-29 17:48:19.

Flavor Version Tinstall Tcheck Ttotal Status Flags
r-devel-linux-x86_64-debian-clang 0.1-3 1.76 8.23 9.99 NOTE
r-devel-linux-x86_64-debian-gcc 0.1-3 2.64 7.98 10.63 NOTE
r-devel-linux-x86_64-fedora-clang 0.1-3 18.17 NOTE
r-devel-linux-x86_64-fedora-gcc 0.1-3 16.74 NOTE
r-devel-osx-x86_64-clang 0.1-3 18.80 OK
r-devel-windows-ix86+x86_64 0.1-3 15.00 23.00 38.00 NOTE
r-patched-linux-x86_64 0.1-3 2.75 8.48 11.23 OK
r-patched-solaris-sparc 0.1-3 125.00 OK
r-patched-solaris-x86 0.1-3 28.10 OK
r-release-linux-x86_64 0.1-3 2.70 8.58 11.27 OK
r-release-osx-x86_64-mavericks 0.1-3 OK
r-release-windows-ix86+x86_64 0.1-3 9.00 27.00 36.00 OK
r-oldrel-windows-ix86+x86_64 0.1-3 15.00 20.00 35.00 OK

Check Details

Version: 0.1-3
Check: R code for possible problems
Result: NOTE
    RC.read.table: no visible global function definition for ‘type.convert’
    Undefined global functions or variables:
     type.convert
    Consider adding
     importFrom("utils", "type.convert")
    to your NAMESPACE.
Flavors: r-devel-linux-x86_64-debian-clang, r-devel-linux-x86_64-debian-gcc, r-devel-linux-x86_64-fedora-clang, r-devel-linux-x86_64-fedora-gcc, r-devel-windows-ix86+x86_64