CRAN Package Check Results for Package RCassandra

Last updated on 2017-03-27 06:48:29.

Flavor Version Tinstall Tcheck Ttotal Status Flags
r-devel-linux-x86_64-debian-clang 0.1-3 4.00 11.08 15.07 NOTE
r-devel-linux-x86_64-debian-gcc 0.1-3 2.71 11.06 13.77 NOTE
r-devel-linux-x86_64-fedora-clang 0.1-3 20.42 NOTE --no-stop-on-test-error
r-devel-linux-x86_64-fedora-gcc 0.1-3 18.51 NOTE --no-stop-on-test-error
r-devel-macos-x86_64-clang 0.1-3 18.08 NOTE --no-stop-on-test-error
r-devel-windows-ix86+x86_64 0.1-3 11.00 27.00 38.00 NOTE
r-patched-linux-x86_64 0.1-3 2.59 10.60 13.19 NOTE
r-patched-solaris-sparc 0.1-3 127.10 NOTE
r-patched-solaris-x86 0.1-3 30.60 NOTE
r-release-linux-x86_64 0.1-3 2.45 9.15 11.60 NOTE
r-release-osx-x86_64-mavericks 0.1-3 NOTE
r-release-windows-ix86+x86_64 0.1-3 11.00 24.00 35.00 NOTE
r-oldrel-windows-ix86+x86_64 0.1-3 9.00 26.00 35.00 OK

Check Details

Version: 0.1-3
Check: R code for possible problems
Result: NOTE
    RC.read.table: no visible global function definition for ‘type.convert’
    Undefined global functions or variables:
     type.convert
    Consider adding
     importFrom("utils", "type.convert")
    to your NAMESPACE file.
Flavors: r-devel-linux-x86_64-debian-clang, r-devel-linux-x86_64-debian-gcc, r-devel-windows-ix86+x86_64, r-patched-linux-x86_64, r-patched-solaris-sparc, r-patched-solaris-x86, r-release-linux-x86_64, r-release-osx-x86_64-mavericks, r-release-windows-ix86+x86_64

Version: 0.1-3
Check: compiled code
Result: NOTE
    File ‘RCassandra/libs/RCassandra.so’:
     Found no calls to: ‘R_registerRoutines’, ‘R_useDynamicSymbols’
    
    It is good practice to register native routines and to disable symbol
    search.
    
    See ‘Writing portable packages’ in the ‘Writing R Extensions’ manual.
Flavors: r-devel-linux-x86_64-debian-clang, r-devel-linux-x86_64-debian-gcc, r-patched-linux-x86_64

Version: 0.1-3
Flags: --no-stop-on-test-error
Check: R code for possible problems
Result: NOTE
    RC.read.table: no visible global function definition for ‘type.convert’
    Undefined global functions or variables:
     type.convert
    Consider adding
     importFrom("utils", "type.convert")
    to your NAMESPACE file.
Flavors: r-devel-linux-x86_64-fedora-clang, r-devel-linux-x86_64-fedora-gcc, r-devel-macos-x86_64-clang

Version: 0.1-3
Flags: --no-stop-on-test-error
Check: compiled code
Result: NOTE
    File ‘RCassandra/libs/RCassandra.so’:
     Found no calls to: ‘R_registerRoutines’, ‘R_useDynamicSymbols’
    
    It is good practice to register native routines and to disable symbol
    search.
    
    See ‘Writing portable packages’ in the ‘Writing R Extensions’ manual.
Flavors: r-devel-linux-x86_64-fedora-clang, r-devel-linux-x86_64-fedora-gcc, r-devel-macos-x86_64-clang