CRAN Package Check Results for Package RCassandra

Last updated on 2017-01-18 12:54:55.

Flavor Version Tinstall Tcheck Ttotal Status Flags
r-devel-linux-x86_64-debian-clang 0.1-3 2.04 10.65 12.70 NOTE
r-devel-linux-x86_64-debian-gcc 0.1-3 2.66 10.33 12.99 NOTE
r-devel-linux-x86_64-fedora-clang 0.1-3 19.72 NOTE --no-stop-on-test-error
r-devel-linux-x86_64-fedora-gcc 0.1-3 18.59 NOTE --no-stop-on-test-error
r-devel-macos-x86_64-clang 0.1-3 18.10 NOTE --no-stop-on-test-error
r-devel-windows-ix86+x86_64 0.1-3 16.00 27.00 43.00 NOTE
r-patched-linux-x86_64 0.1-3 2.46 8.63 11.09 NOTE
r-patched-solaris-sparc 0.1-3 110.40 NOTE
r-patched-solaris-x86 0.1-3 25.90 NOTE
r-release-linux-x86_64 0.1-3 2.48 8.99 11.48 NOTE
r-release-osx-x86_64-mavericks 0.1-3 NOTE
r-release-windows-ix86+x86_64 0.1-3 11.00 24.00 35.00 NOTE
r-oldrel-windows-ix86+x86_64 0.1-3 9.00 26.00 35.00 OK

Check Details

Version: 0.1-3
Check: R code for possible problems
Result: NOTE
    RC.read.table: no visible global function definition for ‘type.convert’
    Undefined global functions or variables:
     type.convert
    Consider adding
     importFrom("utils", "type.convert")
    to your NAMESPACE file.
Flavors: r-devel-linux-x86_64-debian-clang, r-devel-linux-x86_64-debian-gcc, r-devel-windows-ix86+x86_64, r-patched-linux-x86_64, r-patched-solaris-sparc, r-patched-solaris-x86, r-release-linux-x86_64, r-release-osx-x86_64-mavericks, r-release-windows-ix86+x86_64

Version: 0.1-3
Flags: --no-stop-on-test-error
Check: R code for possible problems
Result: NOTE
    RC.read.table: no visible global function definition for ‘type.convert’
    Undefined global functions or variables:
     type.convert
    Consider adding
     importFrom("utils", "type.convert")
    to your NAMESPACE file.
Flavors: r-devel-linux-x86_64-fedora-clang, r-devel-linux-x86_64-fedora-gcc, r-devel-macos-x86_64-clang