CRAN Package Check Results for Package RCassandra

Last updated on 2016-12-05 16:47:35.

Flavor Version Tinstall Tcheck Ttotal Status Flags
r-devel-linux-x86_64-debian-clang 0.1-3 2.10 10.41 12.52 NOTE
r-devel-linux-x86_64-debian-gcc 0.1-3 2.74 10.23 12.96 NOTE
r-devel-linux-x86_64-fedora-clang 0.1-3 21.76 NOTE --no-stop-on-test-error
r-devel-linux-x86_64-fedora-gcc 0.1-3 19.06 NOTE --no-stop-on-test-error
r-devel-macos-x86_64-clang 0.1-3 18.57 NOTE
r-devel-windows-ix86+x86_64 0.1-3 23.00 35.00 58.00 NOTE
r-patched-linux-x86_64 0.1-3 2.39 8.65 11.04 NOTE
r-patched-solaris-sparc 0.1-3 106.50 NOTE
r-patched-solaris-x86 0.1-3 25.60 NOTE
r-release-linux-x86_64 0.1-3 2.49 8.80 11.29 NOTE
r-release-osx-x86_64-mavericks 0.1-3 NOTE
r-release-windows-ix86+x86_64 0.1-3 11.00 24.00 35.00 NOTE
r-oldrel-windows-ix86+x86_64 0.1-3 9.00 26.00 35.00 OK

Check Details

Version: 0.1-3
Check: R code for possible problems
Result: NOTE
    RC.read.table: no visible global function definition for ‘type.convert’
    Undefined global functions or variables:
     type.convert
    Consider adding
     importFrom("utils", "type.convert")
    to your NAMESPACE file.
Flavors: r-devel-linux-x86_64-debian-clang, r-devel-linux-x86_64-debian-gcc, r-devel-macos-x86_64-clang, r-devel-windows-ix86+x86_64, r-patched-linux-x86_64, r-patched-solaris-sparc, r-patched-solaris-x86, r-release-linux-x86_64, r-release-osx-x86_64-mavericks, r-release-windows-ix86+x86_64

Version: 0.1-3
Flags: --no-stop-on-test-error
Check: R code for possible problems
Result: NOTE
    RC.read.table: no visible global function definition for ‘type.convert’
    Undefined global functions or variables:
     type.convert
    Consider adding
     importFrom("utils", "type.convert")
    to your NAMESPACE file.
Flavors: r-devel-linux-x86_64-fedora-clang, r-devel-linux-x86_64-fedora-gcc