CRAN Package Check Results for Package RChest

Last updated on 2022-10-02 12:56:02 CEST.

Flavor Version Tinstall Tcheck Ttotal Status Flags
r-devel-linux-x86_64-debian-clang 1.0.3 5.85 73.48 79.33 NOTE
r-devel-linux-x86_64-debian-gcc 1.0.3 4.47 55.78 60.25 NOTE
r-devel-linux-x86_64-fedora-clang 1.0.3 110.33 NOTE
r-devel-linux-x86_64-fedora-gcc 1.0.3 109.67 NOTE
r-devel-windows-x86_64 1.0.3 11.00 95.00 106.00 NOTE
r-patched-linux-x86_64 1.0.3 5.32 67.45 72.77 NOTE
r-release-linux-x86_64 1.0.3 4.48 69.06 73.54 NOTE
r-release-macos-arm64 1.0.3 29.00 NOTE
r-release-macos-x86_64 1.0.3 43.00 NOTE
r-release-windows-x86_64 1.0.3 14.00 96.00 110.00 NOTE
r-oldrel-macos-arm64 1.0.3 34.00 NOTE
r-oldrel-macos-x86_64 1.0.3 53.00 NOTE
r-oldrel-windows-ix86+x86_64 1.0.3 16.00 91.00 107.00 NOTE

Check Details

Version: 1.0.3
Check: LazyData
Result: NOTE
     'LazyData' is specified without a 'data' directory
Flavors: r-devel-linux-x86_64-debian-clang, r-devel-linux-x86_64-debian-gcc, r-devel-linux-x86_64-fedora-clang, r-devel-linux-x86_64-fedora-gcc, r-devel-windows-x86_64, r-patched-linux-x86_64, r-release-linux-x86_64, r-release-macos-arm64, r-release-macos-x86_64, r-release-windows-x86_64, r-oldrel-macos-arm64, r-oldrel-macos-x86_64, r-oldrel-windows-ix86+x86_64

Version: 1.0.3
Check: dependencies in R code
Result: NOTE
    Namespace in Imports field not imported from: ‘Rdpack’
     All declared Imports should be used.
Flavors: r-devel-linux-x86_64-fedora-clang, r-devel-linux-x86_64-fedora-gcc, r-release-macos-arm64, r-release-macos-x86_64, r-oldrel-macos-arm64, r-oldrel-macos-x86_64