CRAN Package Check Results for Package RChronoModel

Last updated on 2019-06-19 10:48:05 CEST.

Flavor Version Tinstall Tcheck Ttotal Status Flags
r-devel-linux-x86_64-debian-clang 0.4 2.99 45.99 48.98 NOTE
r-devel-linux-x86_64-debian-gcc 0.4 2.74 34.40 37.14 NOTE
r-devel-linux-x86_64-fedora-clang 0.4 58.19 NOTE
r-devel-linux-x86_64-fedora-gcc 0.4 52.87 NOTE
r-devel-windows-ix86+x86_64 0.4 9.00 70.00 79.00 OK
r-patched-linux-x86_64 0.4 3.12 42.82 45.94 OK
r-patched-solaris-x86 0.4 90.40 OK
r-release-linux-x86_64 0.4 2.98 42.94 45.92 OK
r-release-windows-ix86+x86_64 0.4 10.00 70.00 80.00 OK
r-release-osx-x86_64 0.4 OK
r-oldrel-windows-ix86+x86_64 0.4 4.00 70.00 74.00 OK
r-oldrel-osx-x86_64 0.4 OK

Check Details

Version: 0.4
Check: for non-standard things in the check directory
Result: NOTE
    Found the following files/directories:
     'data.csv'
Flavors: r-devel-linux-x86_64-debian-clang, r-devel-linux-x86_64-debian-gcc, r-devel-linux-x86_64-fedora-clang, r-devel-linux-x86_64-fedora-gcc