CRAN Package Check Results for Package RChronoModel

Last updated on 2019-09-23 13:46:28 CEST.

Flavor Version Tinstall Tcheck Ttotal Status Flags
r-devel-linux-x86_64-debian-clang 0.4 3.80 46.10 49.90 NOTE
r-devel-linux-x86_64-debian-gcc 0.4 2.94 33.26 36.20 NOTE
r-devel-linux-x86_64-fedora-clang 0.4 60.35 NOTE
r-devel-linux-x86_64-fedora-gcc 0.4 54.94 NOTE
r-devel-windows-ix86+x86_64 0.4 14.00 68.00 82.00 OK
r-patched-linux-x86_64 0.4 2.41 42.34 44.75 OK
r-patched-solaris-x86 0.4 86.20 OK
r-release-linux-x86_64 0.4 2.75 41.66 44.41 OK
r-release-windows-ix86+x86_64 0.4 12.00 76.00 88.00 OK
r-release-osx-x86_64 0.4 OK
r-oldrel-windows-ix86+x86_64 0.4 5.00 54.00 59.00 OK
r-oldrel-osx-x86_64 0.4 OK

Check Details

Version: 0.4
Check: for non-standard things in the check directory
Result: NOTE
    Found the following files/directories:
     'data.csv'
Flavors: r-devel-linux-x86_64-debian-clang, r-devel-linux-x86_64-debian-gcc, r-devel-linux-x86_64-fedora-clang, r-devel-linux-x86_64-fedora-gcc