CRAN Package Check Results for Package RCircos

Last updated on 2015-08-03 21:47:34.

Flavor Version Tinstall Tcheck Ttotal Status Flags
r-devel-linux-x86_64-debian-clang 1.1.2 1.55 24.40 25.95 NOTE
r-devel-linux-x86_64-debian-gcc 1.1.2 1.30 24.00 25.30 NOTE
r-devel-linux-x86_64-fedora-clang 1.1.2 49.09 NOTE
r-devel-linux-x86_64-fedora-gcc 1.1.2 45.75 NOTE
r-devel-osx-x86_64-clang 1.1.2 47.13 OK
r-devel-windows-ix86+x86_64 1.1.2 6.00 45.00 51.00 NOTE
r-patched-linux-x86_64 1.1.2 1.15 23.96 25.11 OK
r-patched-solaris-sparc 1.1.2 332.60 OK
r-patched-solaris-x86 1.1.2 64.80 OK
r-release-linux-x86_64 1.1.2 1.15 24.49 25.64 OK
r-release-osx-x86_64-mavericks 1.1.2 OK
r-release-windows-ix86+x86_64 1.1.2 6.00 39.00 45.00 OK
r-oldrel-windows-ix86+x86_64 1.1.2 9.00 42.00 51.00 OK

Check Details

Version: 1.1.2
Check: R code for possible problems
Result: NOTE
    RCircos.Chromosome.Ideogram.Plot: no visible global function definition
     for ‘polygon’
    RCircos.Chromosome.Ideogram.Plot: no visible global function definition
     for ‘text’
    RCircos.Chromosome.Ideogram.Plot: no visible global function definition
     for ‘lines’
    RCircos.Clear.Track: no visible global function definition for
     ‘polygon’
    RCircos.Gene.Connector.Plot: no visible global function definition for
     ‘lines’
    RCircos.Gene.Name.Plot: no visible global function definition for
     ‘text’
    RCircos.Get.Heatmap.ColorScales: no visible global function definition
     for ‘rgb’
    RCircos.Get.Link.Colors: no visible global function definition for
     ‘rgb’
    RCircos.Get.Link.Colors: no visible global function definition for
     ‘col2rgb’
    RCircos.Heatmap.Plot: no visible global function definition for
     ‘polygon’
    RCircos.Histogram.Plot: no visible global function definition for
     ‘polygon’
    RCircos.Line.Plot: no visible global function definition for ‘lines’
    RCircos.Link.Plot: no visible global function definition for ‘lines’
    RCircos.Ribbon.Plot: no visible global function definition for
     ‘polygon’
    RCircos.Scatter.Plot: no visible global function definition for
     ‘points’
    RCircos.Set.Cytoband.data: no visible global function definition for
     ‘colors’
    RCircos.Set.Plot.Area: no visible global function definition for ‘par’
    RCircos.Set.Plot.Area: no visible global function definition for
     ‘plot.new’
    RCircos.Set.Plot.Area: no visible global function definition for
     ‘plot.window’
    RCircos.Tile.Plot: no visible global function definition for ‘polygon’
    RCircos.Track.Outline: no visible global function definition for
     ‘polygon’
    RCircos.Track.Outline: no visible global function definition for
     ‘lines’
    Undefined global functions or variables:
     col2rgb colors lines par plot.new plot.window points polygon rgb text
    Consider adding
     importFrom("grDevices", "col2rgb", "colors", "rgb")
     importFrom("graphics", "lines", "par", "plot.new", "plot.window",
     "points", "polygon", "text")
    to your NAMESPACE.
Flavors: r-devel-linux-x86_64-debian-clang, r-devel-linux-x86_64-debian-gcc, r-devel-linux-x86_64-fedora-clang, r-devel-linux-x86_64-fedora-gcc, r-devel-windows-ix86+x86_64