CRAN Package Check Results for Package RClickhouse

Last updated on 2022-08-15 13:52:08 CEST.

Flavor Version Tinstall Tcheck Ttotal Status Flags
r-devel-linux-x86_64-debian-clang 0.6.4 106.27 70.22 176.49 OK
r-devel-linux-x86_64-debian-gcc 0.6.4 89.19 52.47 141.66 OK
r-devel-linux-x86_64-fedora-clang 0.6.4 260.35 OK
r-devel-linux-x86_64-fedora-gcc 0.6.4 252.72 OK
r-devel-windows-x86_64 0.6.4 187.00 122.00 309.00 OK
r-patched-linux-x86_64 0.6.4 85.57 65.12 150.69 OK
r-release-linux-x86_64 0.6.4 88.16 66.00 154.16 OK
r-release-macos-arm64 0.6.4 72.00 NOTE
r-release-macos-x86_64 0.6.4 90.00 NOTE
r-release-windows-x86_64 0.6.4 286.00 122.00 408.00 OK
r-oldrel-macos-arm64 0.6.4 64.00 NOTE
r-oldrel-macos-x86_64 0.6.4 88.00 NOTE
r-oldrel-windows-ix86+x86_64 0.6.4 275.00 143.00 418.00 OK

Check Details

Version: 0.6.4
Check: installed package size
Result: NOTE
     installed size is 13.1Mb
     sub-directories of 1Mb or more:
     libs 12.7Mb
Flavors: r-release-macos-arm64, r-release-macos-x86_64, r-oldrel-macos-arm64, r-oldrel-macos-x86_64