CRAN Package Check Results for Package RClimacell

Last updated on 2021-04-14 09:49:06 CEST.

Flavor Version Tinstall Tcheck Ttotal Status Flags
r-devel-linux-x86_64-debian-clang 0.1.4 6.40 52.45 58.85 NOTE
r-devel-linux-x86_64-debian-gcc 0.1.4 4.41 39.98 44.39 NOTE
r-devel-linux-x86_64-fedora-clang 0.1.4 79.64 NOTE
r-devel-linux-x86_64-fedora-gcc 0.1.4 68.43 NOTE
r-devel-windows-ix86+x86_64 0.1.4 14.00 69.00 83.00 NOTE
r-devel-windows-x86_64-gcc10-UCRT 0.1.4 NOTE
r-patched-linux-x86_64 0.1.4 4.84 49.12 53.96 OK
r-patched-solaris-x86 0.1.4 99.20 OK
r-release-linux-x86_64 0.1.4 5.31 49.12 54.43 OK
r-release-macos-x86_64 0.1.4 OK
r-release-windows-ix86+x86_64 0.1.4 27.00 73.00 100.00 OK
r-oldrel-macos-x86_64 0.1.4 OK
r-oldrel-windows-ix86+x86_64 0.1.4 9.00 52.00 61.00 OK

Check Details

Version: 0.1.4
Check: LazyData
Result: NOTE
     'LazyData' is specified without a 'data' directory
Flavors: r-devel-linux-x86_64-debian-clang, r-devel-linux-x86_64-debian-gcc, r-devel-linux-x86_64-fedora-clang, r-devel-linux-x86_64-fedora-gcc, r-devel-windows-ix86+x86_64, r-devel-windows-x86_64-gcc10-UCRT