CRAN Package Check Results for Package RClimacell

Last updated on 2021-11-30 12:53:42 CET.

Flavor Version Tinstall Tcheck Ttotal Status Flags
r-devel-linux-x86_64-debian-clang 0.1.4 5.49 51.38 56.87 NOTE
r-devel-linux-x86_64-debian-gcc 0.1.4 4.80 38.68 43.48 NOTE
r-devel-linux-x86_64-fedora-clang 0.1.4 78.99 NOTE
r-devel-linux-x86_64-fedora-gcc 0.1.4 67.16 NOTE
r-devel-windows-x86_64-new-UL 0.1.4 14.00 92.00 106.00 NOTE
r-devel-windows-x86_64-new-TK 0.1.4 NOTE
r-devel-windows-x86_64-old 0.1.4 10.00 55.00 65.00 NOTE
r-patched-linux-x86_64 0.1.4 5.58 48.73 54.31 NOTE
r-patched-solaris-x86 0.1.4 93.80 NOTE
r-release-linux-x86_64 0.1.4 4.73 49.32 54.05 NOTE
r-release-macos-arm64 0.1.4 NOTE
r-release-macos-x86_64 0.1.4 NOTE
r-release-windows-ix86+x86_64 0.1.4 13.00 76.00 89.00 NOTE
r-oldrel-macos-x86_64 0.1.4 OK
r-oldrel-windows-ix86+x86_64 0.1.4 10.00 56.00 66.00 OK

Check Details

Version: 0.1.4
Check: LazyData
Result: NOTE
     'LazyData' is specified without a 'data' directory
Flavors: r-devel-linux-x86_64-debian-clang, r-devel-linux-x86_64-debian-gcc, r-devel-linux-x86_64-fedora-clang, r-devel-linux-x86_64-fedora-gcc, r-devel-windows-x86_64-new-UL, r-devel-windows-x86_64-new-TK, r-devel-windows-x86_64-old, r-patched-linux-x86_64, r-patched-solaris-x86, r-release-linux-x86_64, r-release-macos-arm64, r-release-macos-x86_64, r-release-windows-ix86+x86_64