CRAN Package Check Results for Package RColorBrewer

Last updated on 2015-05-07 09:46:46.

Flavor Version Tinstall Tcheck Ttotal Status Flags
r-devel-linux-x86_64-debian-clang 1.1-2 0.50 9.21 9.71 NOTE
r-devel-linux-x86_64-debian-gcc 1.1-2 0.68 9.40 10.08 NOTE
r-devel-linux-x86_64-fedora-clang 1.1-2 18.09 NOTE
r-devel-linux-x86_64-fedora-gcc 1.1-2 16.24 NOTE
r-devel-osx-x86_64-clang 1.1-2 21.87 NOTE
r-devel-windows-ix86+x86_64 1.1-2 3.00 14.00 17.00 NOTE
r-patched-linux-x86_64 1.1-2 0.51 9.17 9.68 NOTE
r-patched-solaris-sparc 1.1-2 131.70 NOTE
r-patched-solaris-x86 1.1-2 26.10 NOTE
r-release-linux-x86_64 1.1-2 0.67 9.12 9.80 NOTE
r-release-osx-x86_64-mavericks 1.1-2 NOTE
r-release-osx-x86_64-snowleopard 1.1-2 NOTE
r-release-windows-ix86+x86_64 1.1-2 2.00 17.00 19.00 NOTE
r-oldrel-windows-ix86+x86_64 1.1-2 4.00 16.00 20.00 OK

Check Details

Version: 1.1-2
Check: DESCRIPTION meta-information
Result: NOTE
    Malformed Description field: should contain one or more complete sentences.
Flavors: r-devel-linux-x86_64-debian-clang, r-devel-linux-x86_64-debian-gcc, r-devel-linux-x86_64-fedora-clang, r-devel-linux-x86_64-fedora-gcc, r-devel-osx-x86_64-clang, r-devel-windows-ix86+x86_64, r-patched-linux-x86_64, r-patched-solaris-sparc, r-patched-solaris-x86, r-release-linux-x86_64, r-release-osx-x86_64-mavericks, r-release-osx-x86_64-snowleopard, r-release-windows-ix86+x86_64