CRAN Package Check Results for Package RColorBrewer

Last updated on 2015-02-28 05:48:11.

Flavor Version Tinstall Tcheck Ttotal Status Flags
r-devel-linux-x86_64-debian-clang 1.1-2 0.48 9.21 9.69 NOTE
r-devel-linux-x86_64-debian-gcc 1.1-2 0.60 9.09 9.69 NOTE
r-devel-linux-x86_64-fedora-clang 1.1-2 18.11 NOTE
r-devel-linux-x86_64-fedora-gcc 1.1-2 17.10 NOTE
r-devel-osx-x86_64-clang 1.1-2 22.51 NOTE
r-devel-windows-ix86+x86_64 1.1-2 4.00 14.00 18.00 NOTE
r-patched-linux-x86_64 1.1-2 0.54 10.32 10.86 OK
r-patched-solaris-sparc 1.1-2 123.40 OK
r-patched-solaris-x86 OK
r-release-linux-ix86 1.1-2 0.78 20.66 21.44 OK
r-release-linux-x86_64 1.1-2 0.72 9.73 10.45 OK
r-release-osx-x86_64-mavericks 1.1-2 OK
r-release-osx-x86_64-snowleopard 1.1-2 OK
r-release-windows-ix86+x86_64 1.1-2 2.00 16.00 18.00 OK
r-oldrel-windows-ix86+x86_64 1.1-2 3.00 17.00 20.00 OK

Check Details

Version: 1.1-2
Check: DESCRIPTION meta-information
Result: NOTE
    Malformed Description field: should contain one or more complete sentences.
Flavors: r-devel-linux-x86_64-debian-clang, r-devel-linux-x86_64-debian-gcc, r-devel-linux-x86_64-fedora-clang, r-devel-linux-x86_64-fedora-gcc, r-devel-osx-x86_64-clang, r-devel-windows-ix86+x86_64