CRAN Package Check Results for Package RColorBrewer

Last updated on 2015-03-31 19:51:13.

Flavor Version Tinstall Tcheck Ttotal Status Flags
r-devel-linux-x86_64-debian-clang 1.1-2 0.80 9.72 10.52 NOTE
r-devel-linux-x86_64-debian-gcc 1.1-2 0.52 9.05 9.57 NOTE
r-devel-linux-x86_64-fedora-clang 1.1-2 18.11 NOTE
r-devel-linux-x86_64-fedora-gcc 1.1-2 16.50 NOTE
r-devel-osx-x86_64-clang 1.1-2 24.25 NOTE
r-prerel-windows-ix86+x86_64 1.1-2 4.00 15.00 19.00 NOTE
r-prerel-linux-x86_64 1.1-2 0.76 9.23 10.00 NOTE
r-prerel-solaris-sparc 1.1-2 131.70 NOTE
r-prerel-solaris-x86 1.1-2 25.60 NOTE
r-release-linux-x86_64 1.1-2 0.54 9.79 10.32 OK
r-release-osx-x86_64-mavericks 1.1-2 OK
r-release-osx-x86_64-snowleopard 1.1-2 OK
r-release-windows-ix86+x86_64 1.1-2 4.00 16.00 20.00 OK
r-oldrel-windows-ix86+x86_64 1.1-2 3.00 17.00 20.00 OK

Check Details

Version: 1.1-2
Check: DESCRIPTION meta-information
Result: NOTE
    Malformed Description field: should contain one or more complete sentences.
Flavors: r-devel-linux-x86_64-debian-clang, r-devel-linux-x86_64-debian-gcc, r-devel-linux-x86_64-fedora-clang, r-devel-linux-x86_64-fedora-gcc, r-devel-osx-x86_64-clang, r-prerel-windows-ix86+x86_64, r-prerel-linux-x86_64, r-prerel-solaris-sparc, r-prerel-solaris-x86