CRAN Package Check Results for Package RColorBrewer

Last updated on 2015-07-06 19:47:50.

Flavor Version Tinstall Tcheck Ttotal Status Flags
r-devel-linux-x86_64-debian-clang 1.1-2 0.50 8.62 9.12 NOTE
r-devel-linux-x86_64-debian-gcc 1.1-2 0.54 8.45 8.99 NOTE
r-devel-linux-x86_64-fedora-clang 1.1-2 16.46 NOTE
r-devel-linux-x86_64-fedora-gcc 1.1-2 15.72 NOTE
r-devel-osx-x86_64-clang 1.1-2 18.65 NOTE
r-devel-windows-ix86+x86_64 1.1-2 3.00 14.00 17.00 NOTE
r-patched-linux-x86_64 1.1-2 0.57 9.24 9.81 NOTE
r-patched-solaris-sparc 1.1-2 117.40 NOTE
r-patched-solaris-x86 1.1-2 26.40 NOTE
r-release-linux-x86_64 1.1-2 0.78 9.04 9.82 NOTE
r-release-osx-x86_64-mavericks 1.1-2 NOTE
r-release-windows-ix86+x86_64 1.1-2 4.00 14.00 18.00 NOTE
r-oldrel-windows-ix86+x86_64 1.1-2 4.00 16.00 20.00 OK

Check Details

Version: 1.1-2
Check: DESCRIPTION meta-information
Result: NOTE
    Malformed Description field: should contain one or more complete sentences.
Flavors: r-devel-linux-x86_64-debian-clang, r-devel-linux-x86_64-debian-gcc, r-devel-linux-x86_64-fedora-clang, r-devel-linux-x86_64-fedora-gcc, r-devel-osx-x86_64-clang, r-devel-windows-ix86+x86_64, r-patched-linux-x86_64, r-patched-solaris-sparc, r-patched-solaris-x86, r-release-linux-x86_64, r-release-osx-x86_64-mavericks, r-release-windows-ix86+x86_64

Version: 1.1-2
Check: R code for possible problems
Result: NOTE
    brewer.pal: no visible global function definition for ‘rgb’
    display.brewer.all: no visible global function definition for ‘par’
    display.brewer.all: no visible global function definition for ‘plot’
    display.brewer.all: no visible global function definition for ‘rect’
    display.brewer.all: no visible global function definition for ‘text’
    display.brewer.pal: no visible global function definition for ‘image’
    Undefined global functions or variables:
     image par plot rect rgb text
Flavors: r-devel-linux-x86_64-debian-clang, r-devel-linux-x86_64-debian-gcc, r-devel-linux-x86_64-fedora-clang, r-devel-linux-x86_64-fedora-gcc, r-devel-windows-ix86+x86_64