CRAN Package Check Results for Package RColorBrewer

Last updated on 2016-09-25 11:47:21.

Flavor Version Tinstall Tcheck Ttotal Status Flags
r-devel-linux-x86_64-debian-clang 1.1-2 0.54 9.57 10.10 NOTE
r-devel-linux-x86_64-debian-gcc 1.1-2 0.49 9.39 9.88 NOTE
r-devel-linux-x86_64-fedora-clang 1.1-2 15.87 NOTE
r-devel-linux-x86_64-fedora-gcc 1.1-2 14.96 NOTE
r-devel-macos-x86_64-clang 1.1-2 14.86 NOTE
r-devel-windows-ix86+x86_64 1.1-2 4.00 48.00 52.00 NOTE
r-patched-linux-x86_64 1.1-2 0.55 9.72 10.27 NOTE
r-patched-solaris-sparc 1.1-2 96.30 NOTE
r-patched-solaris-x86 1.1-2 21.90 NOTE
r-release-linux-x86_64 1.1-2 0.58 10.09 10.67 NOTE
r-release-osx-x86_64-mavericks 1.1-2 NOTE
r-release-windows-ix86+x86_64 1.1-2 3.00 24.00 27.00 NOTE
r-oldrel-windows-ix86+x86_64 1.1-2 3.00 15.00 18.00 NOTE

Check Details

Version: 1.1-2
Check: DESCRIPTION meta-information
Result: NOTE
    Malformed Description field: should contain one or more complete sentences.
Flavors: r-devel-linux-x86_64-debian-clang, r-devel-linux-x86_64-debian-gcc, r-devel-linux-x86_64-fedora-clang, r-devel-linux-x86_64-fedora-gcc, r-devel-macos-x86_64-clang, r-devel-windows-ix86+x86_64, r-patched-linux-x86_64, r-patched-solaris-sparc, r-patched-solaris-x86, r-release-linux-x86_64, r-release-osx-x86_64-mavericks, r-release-windows-ix86+x86_64, r-oldrel-windows-ix86+x86_64

Version: 1.1-2
Check: R code for possible problems
Result: NOTE
    brewer.pal: no visible global function definition for ‘rgb’
    display.brewer.all: no visible global function definition for ‘par’
    display.brewer.all: no visible global function definition for ‘plot’
    display.brewer.all: no visible global function definition for ‘rect’
    display.brewer.all: no visible global function definition for ‘text’
    display.brewer.pal: no visible global function definition for ‘image’
    Undefined global functions or variables:
     image par plot rect rgb text
    Consider adding
     importFrom("grDevices", "rgb")
     importFrom("graphics", "image", "par", "plot", "rect", "text")
    to your NAMESPACE file.
Flavors: r-devel-linux-x86_64-debian-clang, r-devel-linux-x86_64-debian-gcc, r-devel-linux-x86_64-fedora-clang, r-devel-linux-x86_64-fedora-gcc, r-devel-macos-x86_64-clang, r-devel-windows-ix86+x86_64, r-patched-linux-x86_64, r-patched-solaris-sparc, r-patched-solaris-x86, r-release-linux-x86_64, r-release-osx-x86_64-mavericks, r-release-windows-ix86+x86_64