CRAN Package Check Results for Package RColorBrewer

Last updated on 2015-08-30 15:46:57.

Flavor Version Tinstall Tcheck Ttotal Status Flags
r-devel-linux-x86_64-debian-clang 1.1-2 0.45 8.62 9.08 NOTE
r-devel-linux-x86_64-debian-gcc 1.1-2 0.46 9.03 9.49 NOTE
r-devel-linux-x86_64-fedora-clang 1.1-2 16.64 NOTE
r-devel-linux-x86_64-fedora-gcc 1.1-2 15.71 NOTE
r-devel-osx-x86_64-clang 1.1-2 17.59 NOTE
r-devel-windows-ix86+x86_64 1.1-2 5.00 20.00 25.00 NOTE
r-patched-linux-x86_64 1.1-2 0.50 9.40 9.90 NOTE
r-patched-solaris-sparc 1.1-2 122.10 NOTE
r-patched-solaris-x86 1.1-2 26.60 NOTE
r-release-linux-x86_64 1.1-2 0.53 9.25 9.78 NOTE
r-release-osx-x86_64-mavericks 1.1-2 NOTE
r-release-windows-ix86+x86_64 1.1-2 3.00 23.00 26.00 NOTE
r-oldrel-windows-ix86+x86_64 1.1-2 4.00 16.00 20.00 OK

Check Details

Version: 1.1-2
Check: DESCRIPTION meta-information
Result: NOTE
    Malformed Description field: should contain one or more complete sentences.
Flavors: r-devel-linux-x86_64-debian-clang, r-devel-linux-x86_64-debian-gcc, r-devel-linux-x86_64-fedora-clang, r-devel-linux-x86_64-fedora-gcc, r-devel-osx-x86_64-clang, r-devel-windows-ix86+x86_64, r-patched-linux-x86_64, r-patched-solaris-sparc, r-patched-solaris-x86, r-release-linux-x86_64, r-release-osx-x86_64-mavericks, r-release-windows-ix86+x86_64

Version: 1.1-2
Check: R code for possible problems
Result: NOTE
    brewer.pal: no visible global function definition for ‘rgb’
    display.brewer.all: no visible global function definition for ‘par’
    display.brewer.all: no visible global function definition for ‘plot’
    display.brewer.all: no visible global function definition for ‘rect’
    display.brewer.all: no visible global function definition for ‘text’
    display.brewer.pal: no visible global function definition for ‘image’
    Undefined global functions or variables:
     image par plot rect rgb text
    Consider adding
     importFrom("grDevices", "rgb")
     importFrom("graphics", "image", "par", "plot", "rect", "text")
    to your NAMESPACE.
Flavors: r-devel-linux-x86_64-debian-clang, r-devel-linux-x86_64-debian-gcc, r-devel-linux-x86_64-fedora-clang, r-devel-linux-x86_64-fedora-gcc, r-devel-windows-ix86+x86_64