CRAN Package Check Results for Package RColorBrewer

Last updated on 2017-04-29 15:48:16.

Flavor Version Tinstall Tcheck Ttotal Status Flags
r-devel-linux-x86_64-debian-clang 1.1-2 0.56 11.63 12.19 NOTE
r-devel-linux-x86_64-debian-gcc 1.1-2 0.68 11.35 12.03 NOTE
r-devel-linux-x86_64-fedora-clang 1.1-2 20.82 NOTE --no-stop-on-test-error
r-devel-linux-x86_64-fedora-gcc 1.1-2 19.41 NOTE --no-stop-on-test-error
r-devel-windows-ix86+x86_64 1.1-2 5.00 34.00 39.00 NOTE
r-patched-linux-x86_64 1.1-2 0.57 11.54 12.11 NOTE
r-patched-solaris-sparc 1.1-2 124.20 NOTE
r-patched-solaris-x86 1.1-2 28.60 NOTE
r-release-linux-x86_64 1.1-2 0.56 11.92 12.49 NOTE
r-release-windows-ix86+x86_64 1.1-2 4.00 28.00 32.00 NOTE
r-release-osx-x86_64 1.1-2 NOTE
r-oldrel-windows-ix86+x86_64 1.1-2 3.00 24.00 27.00 NOTE
r-oldrel-osx-x86_64 1.1-2 NOTE

Check Details

Version: 1.1-2
Check: DESCRIPTION meta-information
Result: NOTE
    Malformed Description field: should contain one or more complete sentences.
Flavors: r-devel-linux-x86_64-debian-clang, r-devel-linux-x86_64-debian-gcc, r-devel-windows-ix86+x86_64, r-patched-linux-x86_64, r-patched-solaris-sparc, r-patched-solaris-x86, r-release-linux-x86_64, r-release-windows-ix86+x86_64, r-release-osx-x86_64, r-oldrel-windows-ix86+x86_64, r-oldrel-osx-x86_64

Version: 1.1-2
Check: R code for possible problems
Result: NOTE
    brewer.pal: no visible global function definition for ‘rgb’
    display.brewer.all: no visible global function definition for ‘par’
    display.brewer.all: no visible global function definition for ‘plot’
    display.brewer.all: no visible global function definition for ‘rect’
    display.brewer.all: no visible global function definition for ‘text’
    display.brewer.pal: no visible global function definition for ‘image’
    Undefined global functions or variables:
     image par plot rect rgb text
    Consider adding
     importFrom("grDevices", "rgb")
     importFrom("graphics", "image", "par", "plot", "rect", "text")
    to your NAMESPACE file.
Flavors: r-devel-linux-x86_64-debian-clang, r-devel-linux-x86_64-debian-gcc, r-devel-windows-ix86+x86_64, r-patched-linux-x86_64, r-patched-solaris-sparc, r-patched-solaris-x86, r-release-linux-x86_64, r-release-windows-ix86+x86_64, r-release-osx-x86_64, r-oldrel-windows-ix86+x86_64, r-oldrel-osx-x86_64

Version: 1.1-2
Flags: --no-stop-on-test-error
Check: DESCRIPTION meta-information
Result: NOTE
    Malformed Description field: should contain one or more complete sentences.
Flavors: r-devel-linux-x86_64-fedora-clang, r-devel-linux-x86_64-fedora-gcc

Version: 1.1-2
Flags: --no-stop-on-test-error
Check: R code for possible problems
Result: NOTE
    brewer.pal: no visible global function definition for ‘rgb’
    display.brewer.all: no visible global function definition for ‘par’
    display.brewer.all: no visible global function definition for ‘plot’
    display.brewer.all: no visible global function definition for ‘rect’
    display.brewer.all: no visible global function definition for ‘text’
    display.brewer.pal: no visible global function definition for ‘image’
    Undefined global functions or variables:
     image par plot rect rgb text
    Consider adding
     importFrom("grDevices", "rgb")
     importFrom("graphics", "image", "par", "plot", "rect", "text")
    to your NAMESPACE file.
Flavors: r-devel-linux-x86_64-fedora-clang, r-devel-linux-x86_64-fedora-gcc