CRAN Package Check Results for Package RColorBrewer

Last updated on 2017-01-24 08:49:58.

Flavor Version Tinstall Tcheck Ttotal Status Flags
r-devel-linux-x86_64-debian-clang 1.1-2 0.56 11.48 12.04 NOTE
r-devel-linux-x86_64-debian-gcc 1.1-2 0.56 11.42 11.98 NOTE
r-devel-linux-x86_64-fedora-clang 1.1-2 23.15 NOTE --no-stop-on-test-error
r-devel-linux-x86_64-fedora-gcc 1.1-2 18.19 NOTE --no-stop-on-test-error
r-devel-macos-x86_64-clang 1.1-2 17.87 NOTE --no-stop-on-test-error
r-devel-windows-ix86+x86_64 1.1-2 4.00 26.00 30.00 NOTE
r-patched-linux-x86_64 1.1-2 0.52 9.65 10.17 NOTE
r-patched-solaris-sparc 1.1-2 99.20 NOTE
r-patched-solaris-x86 1.1-2 23.60 NOTE
r-release-linux-x86_64 1.1-2 0.50 9.61 10.11 NOTE
r-release-osx-x86_64-mavericks 1.1-2 NOTE
r-release-windows-ix86+x86_64 1.1-2 3.00 24.00 27.00 NOTE
r-oldrel-windows-ix86+x86_64 1.1-2 4.00 22.00 26.00 NOTE

Check Details

Version: 1.1-2
Check: DESCRIPTION meta-information
Result: NOTE
    Malformed Description field: should contain one or more complete sentences.
Flavors: r-devel-linux-x86_64-debian-clang, r-devel-linux-x86_64-debian-gcc, r-devel-windows-ix86+x86_64, r-patched-linux-x86_64, r-patched-solaris-sparc, r-patched-solaris-x86, r-release-linux-x86_64, r-release-osx-x86_64-mavericks, r-release-windows-ix86+x86_64, r-oldrel-windows-ix86+x86_64

Version: 1.1-2
Check: R code for possible problems
Result: NOTE
    brewer.pal: no visible global function definition for ‘rgb’
    display.brewer.all: no visible global function definition for ‘par’
    display.brewer.all: no visible global function definition for ‘plot’
    display.brewer.all: no visible global function definition for ‘rect’
    display.brewer.all: no visible global function definition for ‘text’
    display.brewer.pal: no visible global function definition for ‘image’
    Undefined global functions or variables:
     image par plot rect rgb text
    Consider adding
     importFrom("grDevices", "rgb")
     importFrom("graphics", "image", "par", "plot", "rect", "text")
    to your NAMESPACE file.
Flavors: r-devel-linux-x86_64-debian-clang, r-devel-linux-x86_64-debian-gcc, r-devel-windows-ix86+x86_64, r-patched-linux-x86_64, r-patched-solaris-sparc, r-patched-solaris-x86, r-release-linux-x86_64, r-release-osx-x86_64-mavericks, r-release-windows-ix86+x86_64

Version: 1.1-2
Flags: --no-stop-on-test-error
Check: DESCRIPTION meta-information
Result: NOTE
    Malformed Description field: should contain one or more complete sentences.
Flavors: r-devel-linux-x86_64-fedora-clang, r-devel-linux-x86_64-fedora-gcc, r-devel-macos-x86_64-clang

Version: 1.1-2
Flags: --no-stop-on-test-error
Check: R code for possible problems
Result: NOTE
    brewer.pal: no visible global function definition for ‘rgb’
    display.brewer.all: no visible global function definition for ‘par’
    display.brewer.all: no visible global function definition for ‘plot’
    display.brewer.all: no visible global function definition for ‘rect’
    display.brewer.all: no visible global function definition for ‘text’
    display.brewer.pal: no visible global function definition for ‘image’
    Undefined global functions or variables:
     image par plot rect rgb text
    Consider adding
     importFrom("grDevices", "rgb")
     importFrom("graphics", "image", "par", "plot", "rect", "text")
    to your NAMESPACE file.
Flavors: r-devel-linux-x86_64-fedora-clang, r-devel-linux-x86_64-fedora-gcc, r-devel-macos-x86_64-clang