CRAN Package Check Results for Package RCurl

Last updated on 2017-10-17 14:46:47.

Flavor Version Tinstall Tcheck Ttotal Status Flags
r-devel-linux-x86_64-debian-clang 1.95-4.8 8.70 49.26 57.96 NOTE
r-devel-linux-x86_64-debian-gcc 1.95-4.8 9.21 49.66 58.87 NOTE
r-devel-linux-x86_64-fedora-clang 1.95-4.8 56.92 NOTE
r-devel-linux-x86_64-fedora-gcc 1.95-4.8 55.66 NOTE
r-devel-windows-ix86+x86_64 1.95-4.8 35.00 114.00 149.00 NOTE
r-patched-linux-x86_64 1.95-4.8 8.39 50.81 59.20 NOTE
r-patched-solaris-x86 1.95-4.8 72.20 ERROR
r-release-linux-x86_64 1.95-4.8 8.65 48.56 57.21 NOTE
r-release-windows-ix86+x86_64 1.95-4.8 34.00 117.00 151.00 NOTE
r-release-osx-x86_64 1.95-4.8 NOTE
r-oldrel-windows-ix86+x86_64 1.95-4.8 81.00 134.00 215.00 NOTE
r-oldrel-osx-x86_64 1.95-4.8 NOTE

Additional issues

rchk

Check Details

Version: 1.95-4.8
Check: DESCRIPTION meta-information
Result: NOTE
    Deprecated license: BSD
Flavors: r-devel-linux-x86_64-debian-clang, r-devel-linux-x86_64-debian-gcc, r-devel-linux-x86_64-fedora-clang, r-devel-linux-x86_64-fedora-gcc, r-patched-linux-x86_64, r-patched-solaris-x86, r-release-linux-x86_64, r-release-osx-x86_64, r-oldrel-osx-x86_64

Version: 1.95-4.8
Check: top-level files
Result: NOTE
    Non-standard files/directories found at top level:
     ‘Changes.html’ ‘CodeGeneration’ ‘README.windows’ ‘Todo.html’
     ‘dynGC.R’ ‘encoding.R’ ‘exampleCode’ ‘getURL.html’ ‘libcurlLicense’
     ‘post.R’ ‘postForm.html’
Flavors: r-devel-linux-x86_64-debian-clang, r-devel-linux-x86_64-debian-gcc, r-devel-linux-x86_64-fedora-clang, r-devel-linux-x86_64-fedora-gcc, r-patched-linux-x86_64, r-release-linux-x86_64

Version: 1.95-4.8
Check: for GNU extensions in Makefiles
Result: NOTE
    GNU make is a SystemRequirements.
Flavors: r-devel-linux-x86_64-debian-clang, r-devel-linux-x86_64-debian-gcc, r-devel-linux-x86_64-fedora-clang, r-devel-linux-x86_64-fedora-gcc, r-devel-windows-ix86+x86_64, r-patched-linux-x86_64, r-patched-solaris-x86, r-release-linux-x86_64, r-release-windows-ix86+x86_64, r-release-osx-x86_64, r-oldrel-windows-ix86+x86_64, r-oldrel-osx-x86_64

Version: 1.95-4.8
Check: package dependencies
Result: NOTE
    Package suggested but not available for checking: ‘Rcompression’
Flavors: r-devel-linux-x86_64-fedora-clang, r-devel-linux-x86_64-fedora-gcc, r-devel-windows-ix86+x86_64, r-patched-solaris-x86, r-release-windows-ix86+x86_64, r-release-osx-x86_64, r-oldrel-windows-ix86+x86_64, r-oldrel-osx-x86_64

Version: 1.95-4.8
Check: installed package size
Result: NOTE
     installed size is 6.2Mb
     sub-directories of 1Mb or more:
     libs 4.4Mb
Flavors: r-devel-windows-ix86+x86_64, r-release-windows-ix86+x86_64, r-oldrel-windows-ix86+x86_64

Version: 1.95-4.8
Check: examples
Result: ERROR
    Running examples in ‘RCurl-Ex.R’ failed
    The error most likely occurred in:
    
    > ### Name: basicTextGatherer
    > ### Title: Cumulate text across callbacks (from an HTTP response)
    > ### Aliases: basicTextGatherer multiTextGatherer debugGatherer
    > ### Keywords: IO
    >
    > ### ** Examples
    >
    > if(url.exists("http://www.omegahat.net/RCurl/index.html")) {
    + txt = getURL("http://www.omegahat.net/RCurl/index.html", write = basicTextGatherer())
    +
    + h = basicTextGatherer()
    + txt = getURL("http://www.omegahat.net/RCurl/index.html", write = h$update)
    + # Cumulate across pages.
    + txt = getURL("http://www.omegahat.net/index.html", write = h$update)
    +
    +
    + headers = basicTextGatherer()
    + txt = getURL("http://www.omegahat.net/RCurl/index.html",
    + header = TRUE, headerfunction = headers$update)
    +
    + # Now read the headers.
    + headers$value()
    + headers$reset()
    +
    +
    + # Debugging callback
    + d = debugGatherer()
    + x = getURL("http://www.omegahat.net/RCurl/index.html", debugfunction = d$update, verbose = TRUE)
    + names(d$value())
    + d$value()[["headerIn"]]
    +
    +
    + uris = c("http://www.omegahat.net/RCurl/index.html",
    + "http://www.omegahat.net/RCurl/philosophy.html")
    + g = multiTextGatherer(uris)
    + txt = getURIAsynchronous(uris, write = g)
    + names(txt)
    + nchar(txt)
    +
    + # Now don't use names for the gatherer elements.
    + g = multiTextGatherer(length(uris))
    + txt = getURIAsynchronous(uris, write = g)
    + names(txt)
    + nchar(txt)
    + }
Flavor: r-patched-solaris-x86