CRAN Package Check Results for Package RCurl

Last updated on 2020-07-04 12:49:03 CEST.

Flavor Version Tinstall Tcheck Ttotal Status Flags
r-devel-linux-x86_64-debian-clang 1.98-1.2 17.53 42.01 59.54 NOTE
r-devel-linux-x86_64-debian-gcc 1.98-1.2 15.41 33.58 48.99 NOTE
r-devel-linux-x86_64-fedora-clang 1.98-1.2 83.79 NOTE
r-devel-linux-x86_64-fedora-gcc 1.98-1.2 75.42 NOTE
r-devel-windows-ix86+x86_64 1.98-1.2 70.00 145.00 215.00 NOTE
r-patched-linux-x86_64 1.98-1.2 16.98 42.70 59.68 NOTE
r-patched-solaris-x86 1.98-1.2 97.00 NOTE --no-examples
r-release-linux-x86_64 1.98-1.2 17.80 42.44 60.24 NOTE
r-release-osx-x86_64 1.98-1.2 NOTE
r-release-windows-ix86+x86_64 1.98-1.2 3.00 5.00 8.00 ERROR
r-oldrel-osx-x86_64 1.98-1.2 NOTE
r-oldrel-windows-ix86+x86_64 1.98-1.2 49.00 135.00 184.00 NOTE

Check Details

Version: 1.98-1.2
Check: for GNU extensions in Makefiles
Result: NOTE
    GNU make is a SystemRequirements.
Flavors: r-devel-linux-x86_64-debian-clang, r-devel-linux-x86_64-debian-gcc, r-devel-linux-x86_64-fedora-clang, r-devel-linux-x86_64-fedora-gcc, r-devel-windows-ix86+x86_64, r-patched-linux-x86_64, r-release-linux-x86_64, r-release-osx-x86_64, r-oldrel-osx-x86_64, r-oldrel-windows-ix86+x86_64

Version: 1.98-1.2
Check: installed package size
Result: NOTE
     installed size is 6.4Mb
     sub-directories of 1Mb or more:
     libs 4.4Mb
Flavors: r-devel-windows-ix86+x86_64, r-oldrel-windows-ix86+x86_64

Version: 1.98-1.2
Flags: --no-examples
Check: for GNU extensions in Makefiles
Result: NOTE
    GNU make is a SystemRequirements.
Flavor: r-patched-solaris-x86

Version: 1.98-1.2
Check: whether package can be installed
Result: ERROR
    Installation failed.
Flavor: r-release-windows-ix86+x86_64