CRAN Package Check Results for Package RCurl

Last updated on 2016-12-03 23:47:54.

Flavor Version Tinstall Tcheck Ttotal Status Flags
r-devel-linux-x86_64-debian-clang 1.95-4.8 7.80 51.64 59.44 NOTE
r-devel-linux-x86_64-debian-gcc 1.95-4.8 8.15 51.01 59.16 NOTE
r-devel-linux-x86_64-fedora-clang 1.95-4.8 57.17 NOTE
r-devel-linux-x86_64-fedora-gcc 1.95-4.8 55.62 NOTE
r-devel-macos-x86_64-clang 1.95-4.8 49.89 NOTE
r-devel-windows-ix86+x86_64 1.95-4.8 52.00 122.00 174.00 NOTE
r-patched-linux-x86_64 1.95-4.8 7.64 46.63 54.27 NOTE
r-patched-solaris-sparc 1.95-4.8 298.40 NOTE
r-patched-solaris-x86 1.95-4.8 65.70 NOTE
r-release-linux-x86_64 1.95-4.8 7.94 47.25 55.19 NOTE
r-release-osx-x86_64-mavericks 1.95-4.8 NOTE
r-release-windows-ix86+x86_64 1.95-4.8 84.00 149.00 233.00 NOTE
r-oldrel-windows-ix86+x86_64 1.95-4.8 76.00 129.00 205.00 NOTE

Check Details

Version: 1.95-4.8
Check: DESCRIPTION meta-information
Result: NOTE
    Deprecated license: BSD
Flavors: r-devel-linux-x86_64-debian-clang, r-devel-linux-x86_64-debian-gcc, r-devel-linux-x86_64-fedora-clang, r-devel-linux-x86_64-fedora-gcc, r-devel-macos-x86_64-clang, r-patched-linux-x86_64, r-patched-solaris-sparc, r-patched-solaris-x86, r-release-linux-x86_64, r-release-osx-x86_64-mavericks

Version: 1.95-4.8
Check: top-level files
Result: NOTE
    Non-standard files/directories found at top level:
     ‘Changes.html’ ‘CodeGeneration’ ‘README.windows’ ‘Todo.html’
     ‘dynGC.R’ ‘encoding.R’ ‘exampleCode’ ‘getURL.html’ ‘libcurlLicense’
     ‘post.R’ ‘postForm.html’
Flavors: r-devel-linux-x86_64-debian-clang, r-devel-linux-x86_64-debian-gcc, r-devel-linux-x86_64-fedora-clang, r-devel-linux-x86_64-fedora-gcc, r-patched-linux-x86_64, r-release-linux-x86_64

Version: 1.95-4.8
Check: for GNU extensions in Makefiles
Result: NOTE
    GNU make is a SystemRequirements.
Flavors: r-devel-linux-x86_64-debian-clang, r-devel-linux-x86_64-debian-gcc, r-devel-linux-x86_64-fedora-clang, r-devel-linux-x86_64-fedora-gcc, r-devel-macos-x86_64-clang, r-devel-windows-ix86+x86_64, r-patched-linux-x86_64, r-patched-solaris-sparc, r-patched-solaris-x86, r-release-linux-x86_64, r-release-osx-x86_64-mavericks, r-release-windows-ix86+x86_64, r-oldrel-windows-ix86+x86_64

Version: 1.95-4.8
Check: package dependencies
Result: NOTE
    Package suggested but not available for checking: ‘Rcompression’
Flavors: r-devel-linux-x86_64-fedora-clang, r-devel-linux-x86_64-fedora-gcc, r-devel-macos-x86_64-clang, r-devel-windows-ix86+x86_64, r-patched-solaris-sparc, r-patched-solaris-x86, r-release-osx-x86_64-mavericks, r-release-windows-ix86+x86_64, r-oldrel-windows-ix86+x86_64

Version: 1.95-4.8
Check: installed package size
Result: NOTE
     installed size is 6.2Mb
     sub-directories of 1Mb or more:
     libs 4.4Mb
Flavors: r-devel-windows-ix86+x86_64, r-release-windows-ix86+x86_64, r-oldrel-windows-ix86+x86_64