CRAN Package Check Results for Package RCurl

Last updated on 2016-05-31 17:51:47.

Flavor Version Tinstall Tcheck Ttotal Status Flags
r-devel-linux-x86_64-debian-gcc 1.95-4.8 7.47 48.63 56.09 NOTE
r-devel-linux-x86_64-fedora-clang 1.95-4.8 47.83 NOTE
r-devel-linux-x86_64-fedora-gcc 1.95-4.8 46.00 NOTE
r-devel-osx-x86_64-clang 1.95-4.8 84.30 NOTE
r-devel-windows-ix86+x86_64 1.95-4.8 39.00 114.00 153.00 NOTE
r-patched-linux-x86_64 1.95-4.8 7.79 49.84 57.63 NOTE
r-patched-solaris-sparc 1.95-4.8 301.00 NOTE
r-patched-solaris-x86 1.95-4.8 65.10 NOTE
r-release-linux-x86_64 1.95-4.8 7.11 47.12 54.24 NOTE
r-release-osx-x86_64-mavericks 1.95-4.8 NOTE
r-release-windows-ix86+x86_64 1.95-4.8 53.00 117.00 170.00 NOTE
r-oldrel-windows-ix86+x86_64 1.95-4.8 34.00 112.00 146.00 NOTE

Check Details

Version: 1.95-4.8
Check: DESCRIPTION meta-information
Result: NOTE
    Deprecated license: BSD
Flavors: r-devel-linux-x86_64-debian-gcc, r-devel-linux-x86_64-fedora-clang, r-devel-linux-x86_64-fedora-gcc, r-devel-osx-x86_64-clang, r-patched-linux-x86_64, r-patched-solaris-sparc, r-patched-solaris-x86, r-release-linux-x86_64, r-release-osx-x86_64-mavericks

Version: 1.95-4.8
Check: top-level files
Result: NOTE
    Non-standard files/directories found at top level:
     ‘Changes.html’ ‘CodeGeneration’ ‘README.windows’ ‘Todo.html’
     ‘dynGC.R’ ‘encoding.R’ ‘exampleCode’ ‘getURL.html’ ‘libcurlLicense’
     ‘post.R’ ‘postForm.html’
Flavors: r-devel-linux-x86_64-debian-gcc, r-devel-linux-x86_64-fedora-clang, r-devel-linux-x86_64-fedora-gcc, r-patched-linux-x86_64, r-release-linux-x86_64

Version: 1.95-4.8
Check: for GNU extensions in Makefiles
Result: NOTE
    GNU make is a SystemRequirements.
Flavors: r-devel-linux-x86_64-debian-gcc, r-devel-linux-x86_64-fedora-clang, r-devel-linux-x86_64-fedora-gcc, r-devel-osx-x86_64-clang, r-devel-windows-ix86+x86_64, r-patched-linux-x86_64, r-patched-solaris-sparc, r-patched-solaris-x86, r-release-linux-x86_64, r-release-osx-x86_64-mavericks, r-release-windows-ix86+x86_64, r-oldrel-windows-ix86+x86_64

Version: 1.95-4.8
Check: package dependencies
Result: NOTE
    Package suggested but not available for checking: ‘Rcompression’
Flavors: r-devel-linux-x86_64-fedora-clang, r-devel-linux-x86_64-fedora-gcc, r-devel-osx-x86_64-clang, r-devel-windows-ix86+x86_64, r-patched-solaris-sparc, r-patched-solaris-x86, r-release-osx-x86_64-mavericks, r-release-windows-ix86+x86_64, r-oldrel-windows-ix86+x86_64

Version: 1.95-4.8
Check: installed package size
Result: NOTE
     installed size is 6.2Mb
     sub-directories of 1Mb or more:
     libs 4.4Mb
Flavors: r-devel-windows-ix86+x86_64, r-release-windows-ix86+x86_64, r-oldrel-windows-ix86+x86_64