CRAN Package Check Results for Package RCurl

Last updated on 2014-10-24 19:47:48.

Flavor Version Tinstall Tcheck Ttotal Status Flags
r-devel-linux-x86_64-debian-clang 1.95-4.3 7.08 53.66 60.74 WARN
r-devel-linux-x86_64-debian-gcc 1.95-4.3 7.30 52.00 59.29 WARN
r-devel-linux-x86_64-fedora-clang 1.95-4.3 56.96 WARN
r-devel-linux-x86_64-fedora-gcc 1.95-4.3 53.52 WARN
r-devel-osx-x86_64-clang 1.95-4.3 88.46 WARN
r-devel-windows-ix86+x86_64 1.95-4.3 24.00 112.00 136.00 NOTE
r-patched-linux-x86_64 1.95-4.3 7.46 51.76 59.22 WARN
r-patched-solaris-sparc 1.95-4.3 329.20 NOTE
r-patched-solaris-x86 1.95-4.3 77.60 NOTE
r-release-linux-ix86 1.95-4.3 12.15 67.50 79.65 WARN
r-release-linux-x86_64 1.95-4.3 7.50 53.87 61.38 WARN
r-release-osx-x86_64-mavericks 1.95-4.3 NOTE
r-release-osx-x86_64-snowleopard 1.95-4.3 NOTE
r-release-windows-ix86+x86_64 1.95-4.3 20.00 124.00 144.00 NOTE
r-oldrel-windows-ix86+x86_64 1.95-4.3 21.00 147.00 168.00 NOTE

Memtest notes: ASAN valgrind

Check Details

Version: 1.95-4.3
Check: whether package can be installed
Result: WARN
    Found the following significant warnings:
     curl.c:309:14: warning: arithmetic on a pointer to void is a GNU extension [-Wpointer-arith]
     json.c:51:1: warning: control may reach end of non-void function [-Wreturn-type]
    Found the following additional warnings:
     json.c:51:1: warning: control may reach end of non-void function [-Wreturn-type]
Flavors: r-devel-linux-x86_64-debian-clang, r-devel-linux-x86_64-fedora-clang, r-devel-osx-x86_64-clang

Version: 1.95-4.3
Check: DESCRIPTION meta-information
Result: NOTE
    Deprecated license: BSD
    Package listed in more than one of Depends, Imports, Suggests, Enhances:
     ‘methods’
    A package should be listed in only one of these fields.
Flavors: r-devel-linux-x86_64-debian-clang, r-devel-linux-x86_64-debian-gcc, r-devel-linux-x86_64-fedora-clang, r-devel-linux-x86_64-fedora-gcc, r-devel-osx-x86_64-clang, r-patched-linux-x86_64, r-patched-solaris-sparc, r-patched-solaris-x86, r-release-linux-ix86, r-release-linux-x86_64, r-release-osx-x86_64-mavericks, r-release-osx-x86_64-snowleopard

Version: 1.95-4.3
Check: top-level files
Result: NOTE
    Non-standard files/directories found at top level:
     ‘Changes.html’ ‘CodeGeneration’ ‘FAQ.html’ ‘README.windows’
     ‘Todo.html’ ‘cacert.pem’ ‘dynGC.R’ ‘encoding.R’ ‘exampleCode’
     ‘getURL.html’ ‘libcurlLicense’ ‘post.R’ ‘postForm.html’
Flavors: r-devel-linux-x86_64-debian-clang, r-devel-linux-x86_64-debian-gcc, r-devel-linux-x86_64-fedora-clang, r-devel-linux-x86_64-fedora-gcc, r-patched-linux-x86_64, r-release-linux-x86_64

Version: 1.95-4.3
Check: dependencies in R code
Result: NOTE
    'library' or 'require' call to ‘methods’ which was already attached by Depends.
     Please remove these calls from your code.
    Package in Depends field not imported from: ‘bitops’
     These packages need to be imported from (in the NAMESPACE file)
     for when this namespace is loaded but not attached.
    There are ::: calls to the package's namespace in its code. A package
     almost never needs to use ::: for its own objects:
     ‘getHTTPErrorClass’
    See the information on DESCRIPTION files in the chapter ‘Creating R
    packages’ of the ‘Writing R Extensions’ manual.
Flavors: r-devel-linux-x86_64-debian-clang, r-devel-linux-x86_64-debian-gcc, r-devel-linux-x86_64-fedora-clang, r-devel-linux-x86_64-fedora-gcc, r-devel-osx-x86_64-clang, r-devel-windows-ix86+x86_64, r-patched-linux-x86_64, r-patched-solaris-sparc, r-patched-solaris-x86, r-release-linux-ix86, r-release-linux-x86_64, r-release-osx-x86_64-mavericks, r-release-osx-x86_64-snowleopard, r-release-windows-ix86+x86_64, r-oldrel-windows-ix86+x86_64

Version: 1.95-4.3
Check: R code for possible problems
Result: NOTE
    File ‘RCurl/R/classes.S’:
     .onAttach calls:
     library(methods)
    
    Package startup functions should not change the search path.
    See section ‘Good practice’ in '?.onAttach'.
    
    asBitwiseValue : <anonymous>: no visible global function definition for
     ‘bitAnd’
    bitlist: no visible global function definition for ‘bitOr’
    cumBitOr: no visible global function definition for ‘bitOr’
    guessMIMEType: no visible binding for global variable
     ‘mimeTypeExtensions’
    &,BitwiseValue-BitwiseValue: no visible global function definition for
     ‘bitAnd’
    
    Found the following calls to data() loading into the global environment:
    File ‘RCurl/R/mime.R’:
     data("mimeTypeExtensions")
    See section ‘Good practice’ in ‘?data’.
Flavors: r-devel-linux-x86_64-debian-clang, r-devel-linux-x86_64-debian-gcc, r-devel-linux-x86_64-fedora-clang, r-devel-osx-x86_64-clang, r-patched-linux-x86_64

Version: 1.95-4.3
Check: Rd line widths
Result: NOTE
    Rd file 'basicTextGatherer.Rd':
     \examples lines wider than 100 characters:
     txt = getURL("http://www.omegahat.org/RCurl/index.html", header = TRUE, headerfunction = headers$update)
     uris = c("http://www.omegahat.org/RCurl/index.html", "http://www.omegahat.org/RCurl/philosophy.html")
     uris = c("http://www.omegahat.org/RCurl/index.html", "http://www.omegahat.org/RCurl/philosophy.html")
    
    Rd file 'curlPerform.Rd':
     \examples lines wider than 100 characters:
     httpheader=c(Accept="text/xml", Accept="multipart/*", SOAPAction='"http://www.soaplite.com/Demo#hi"',
    
    Rd file 'dynCurlReader.Rd':
     \examples lines wider than 100 characters:
     curlPerform(url = "http://www.omegahat.org/Rcartogram/demo.jpg", headerfunction = header$update, curl = header$curl())
     curlPerform(url = "http://www.omegahat.org/dd.gz", headerfunction = header$update, curl = header$curl())
    
    Rd file 'ftpUpload.Rd':
     \usage lines wider than 90 characters:
     ftpUpload(what, to, asText = inherits(what, "AsIs") || is.raw(what), ..., curl = getCurlHandle())
    
    Rd file 'getBinaryURL.Rd':
     \usage lines wider than 90 characters:
     getBinaryURL(url, ..., .opts = list(), curl = getCurlHandle(), .buf = binaryBuffer(.len), .len = 5000)
    
    Rd file 'getCurlHandle.Rd':
     \usage lines wider than 90 characters:
     getCurlHandle(..., .opts = NULL, .encoding = integer(), .defaults = getOption("RCurlOptions"))
    
    Rd file 'getURIAsynchronous.Rd':
     \examples lines wider than 100 characters:
     uris = c("http://www.omegahat.org/RCurl/index.html", "http://www.omegahat.org/RCurl/philosophy.xml")
    
    Rd file 'getURL.Rd':
     \examples lines wider than 100 characters:
     txt = getURL("http://www.omegahat.org/RCurl/index.html", header= TRUE, headerfunction = h$update,
     uris = c("http://www.omegahat.org/RCurl/index.html", "http://www.omegahat.org/RCurl/philosophy.xml")
    
    Rd file 'postForm.Rd':
     \examples lines wider than 100 characters:
     getForm("http://www.google.com/search", hl="en", lr="", ie="ISO-8859-1", q="RCurl", btnG="Search")
     getForm("http://www.google.com/search", .params = c(hl="en", lr="", ie="ISO-8859-1", q="RCurl", btnG="Search"))
     if(url.exists("http://wwwx.cs.unc.edu/~jbs/aw-wwwp/docs/resources/perl/perl-cgi/programs/cgi_stdin.cgi"))
    
    Rd file 'scp.Rd':
     \examples lines wider than 100 characters:
     x = scp("eeyore.ucdavis.edu", "/home/duncan/OmegaWeb/index.html", "My.SCP.Passphrase", binary = FALSE)
    
    These lines will be truncated in the PDF manual.
Flavors: r-devel-linux-x86_64-debian-clang, r-devel-linux-x86_64-debian-gcc, r-devel-linux-x86_64-fedora-clang, r-devel-linux-x86_64-fedora-gcc, r-patched-linux-x86_64, r-release-linux-x86_64

Version: 1.95-4.3
Check: compilation flags in Makevars
Result: NOTE
    Package has both ‘src/Makevars.in’ and ‘src/Makevars’.
    Installation with --no-configure' is unlikely to work. If you intended
    ‘src/Makevars’ to be used on Windows, rename it to ‘src/Makevars.win’
    otherwise remove it. If ‘configure’ created ‘src/Makevars’, you need a
    ‘cleanup’ script.
Flavors: r-devel-linux-x86_64-debian-clang, r-devel-linux-x86_64-debian-gcc, r-devel-linux-x86_64-fedora-clang, r-devel-linux-x86_64-fedora-gcc, r-devel-osx-x86_64-clang, r-devel-windows-ix86+x86_64, r-patched-linux-x86_64, r-patched-solaris-sparc, r-patched-solaris-x86, r-release-linux-ix86, r-release-linux-x86_64, r-release-osx-x86_64-mavericks, r-release-osx-x86_64-snowleopard, r-release-windows-ix86+x86_64, r-oldrel-windows-ix86+x86_64

Version: 1.95-4.3
Check: whether package can be installed
Result: WARN
    Found the following significant warnings:
     curl.c:309:14: warning: pointer of type ‘void *’ used in arithmetic [-Wpointer-arith]
Flavors: r-devel-linux-x86_64-debian-gcc, r-patched-linux-x86_64, r-release-linux-ix86, r-release-linux-x86_64

Version: 1.95-4.3
Check: whether package can be installed
Result: WARN
    Found the following significant warnings:
     curl.c:309:14: warning: pointer of type ‘void *’ used in arithmetic [-Wpedantic]
Flavor: r-devel-linux-x86_64-fedora-gcc

Version: 1.95-4.3
Check: R code for possible problems
Result: NOTE
    File ‘RCurl/R/classes.S’:
     .onAttach calls:
     library(methods)
    
    Package startup functions should not change the search path.
    See section ‘Good practice’ in '?.onAttach'.
    
    asBitwiseValue : <anonymous>: no visible global function definition for
     ‘bitAnd’
    bitlist: no visible global function definition for ‘bitOr’
    cumBitOr: no visible global function definition for ‘bitOr’
    guessMIMEType: no visible binding for global variable
     ‘mimeTypeExtensions’
    &,BitwiseValue-BitwiseValue: no visible global function definition for
     ‘bitAnd’
Flavors: r-devel-linux-x86_64-fedora-gcc, r-devel-windows-ix86+x86_64, r-patched-solaris-sparc, r-patched-solaris-x86

Version: 1.95-4.3
Check: package dependencies
Result: NOTE
    Package suggested but not available for checking: ‘Rcompression’
Flavors: r-devel-osx-x86_64-clang, r-devel-windows-ix86+x86_64, r-patched-solaris-sparc, r-patched-solaris-x86, r-release-osx-x86_64-mavericks, r-release-osx-x86_64-snowleopard, r-release-windows-ix86+x86_64, r-oldrel-windows-ix86+x86_64

Version: 1.95-4.3
Check: installed package size
Result: NOTE
     installed size is 6.4Mb
     sub-directories of 1Mb or more:
     libs 4.9Mb
Flavors: r-devel-windows-ix86+x86_64, r-release-windows-ix86+x86_64, r-oldrel-windows-ix86+x86_64

Version: 1.95-4.3
Check: DESCRIPTION meta-information
Result: NOTE
    Package listed in more than one of Depends, Imports, Suggests, Enhances:
     'methods'
    A package should be listed in only one of these fields.
Flavors: r-devel-windows-ix86+x86_64, r-release-windows-ix86+x86_64, r-oldrel-windows-ix86+x86_64

Version: 1.95-4.3
Check: R code for possible problems
Result: NOTE
    guessMIMEType: no visible binding for global variable
     ‘mimeTypeExtensions’
    
    Found the following calls to data() loading into the global environment:
    File ‘RCurl/R/mime.R’:
     data("mimeTypeExtensions")
    See section ‘Good practice’ in ‘?data’.
Flavors: r-release-linux-ix86, r-release-linux-x86_64

Version: 1.95-4.3
Check: whether package can be installed
Result: NOTE
    Found the following warnings:
     json.c:51:1: warning: control may reach end of non-void function [-Wreturn-type]
Flavor: r-release-osx-x86_64-mavericks

Version: 1.95-4.3
Check: R code for possible problems
Result: NOTE
    guessMIMEType: no visible binding for global variable
     ‘mimeTypeExtensions’
Flavors: r-release-osx-x86_64-mavericks, r-release-osx-x86_64-snowleopard, r-release-windows-ix86+x86_64, r-oldrel-windows-ix86+x86_64