CRAN Package Check Results for Package RCurl

Last updated on 2016-02-12 12:47:30.

Flavor Version Tinstall Tcheck Ttotal Status Flags
r-devel-linux-x86_64-debian-gcc 1.95-4.7 7.61 38.86 46.47 ERROR
r-devel-linux-x86_64-fedora-clang 1.95-4.7 47.78 ERROR
r-devel-linux-x86_64-fedora-gcc 1.95-4.7 46.14 ERROR
r-devel-osx-x86_64-clang 1.95-4.7 71.65 ERROR
r-devel-windows-ix86+x86_64 1.95-4.7 40.00 82.00 122.00 ERROR
r-patched-linux-x86_64 1.95-4.7 8.13 37.06 45.19 ERROR
r-patched-solaris-sparc 1.95-4.7 295.00 ERROR
r-patched-solaris-x86 1.95-4.7 64.10 ERROR
r-release-linux-x86_64 1.95-4.7 7.67 37.26 44.93 ERROR
r-release-osx-x86_64-mavericks 1.95-4.7 NOTE
r-release-windows-ix86+x86_64 1.95-4.7 35.00 104.00 139.00 NOTE
r-oldrel-windows-ix86+x86_64 1.95-4.7 29.00 111.00 140.00 NOTE

Check Details

Version: 1.95-4.7
Check: DESCRIPTION meta-information
Result: NOTE
    Deprecated license: BSD
Flavors: r-devel-linux-x86_64-debian-gcc, r-devel-linux-x86_64-fedora-clang, r-devel-linux-x86_64-fedora-gcc, r-devel-osx-x86_64-clang, r-patched-linux-x86_64, r-patched-solaris-sparc, r-patched-solaris-x86, r-release-linux-x86_64, r-release-osx-x86_64-mavericks

Version: 1.95-4.7
Check: top-level files
Result: NOTE
    Non-standard files/directories found at top level:
     ‘Changes.html’ ‘CodeGeneration’ ‘README.windows’ ‘Todo.html’
     ‘dynGC.R’ ‘encoding.R’ ‘exampleCode’ ‘getURL.html’ ‘libcurlLicense’
     ‘post.R’ ‘postForm.html’
Flavors: r-devel-linux-x86_64-debian-gcc, r-devel-linux-x86_64-fedora-clang, r-devel-linux-x86_64-fedora-gcc, r-patched-linux-x86_64, r-release-linux-x86_64

Version: 1.95-4.7
Check: R code for possible problems
Result: NOTE
    guessMIMEType: no visible global function definition for ‘data’
    Undefined global functions or variables:
     data
    Consider adding
     importFrom("utils", "data")
    to your NAMESPACE file.
Flavors: r-devel-linux-x86_64-debian-gcc, r-devel-linux-x86_64-fedora-clang, r-devel-linux-x86_64-fedora-gcc, r-devel-osx-x86_64-clang, r-devel-windows-ix86+x86_64

Version: 1.95-4.7
Check: for GNU extensions in Makefiles
Result: NOTE
    GNU make is a SystemRequirements.
Flavors: r-devel-linux-x86_64-debian-gcc, r-devel-linux-x86_64-fedora-clang, r-devel-linux-x86_64-fedora-gcc, r-devel-osx-x86_64-clang, r-devel-windows-ix86+x86_64, r-patched-linux-x86_64, r-patched-solaris-sparc, r-patched-solaris-x86, r-release-linux-x86_64, r-release-osx-x86_64-mavericks, r-release-windows-ix86+x86_64, r-oldrel-windows-ix86+x86_64

Version: 1.95-4.7
Check: examples
Result: ERROR
    Running examples in ‘RCurl-Ex.R’ failed
    The error most likely occurred in:
    
    > ### Name: binaryBuffer
    > ### Title: Create internal C-level data structure for collecting binary
    > ### data
    > ### Aliases: binaryBuffer coerce,RCurlBinaryBuffer,raw-method
    > ### Keywords: IO programming
    >
    > ### ** Examples
    >
    > if(url.exists("http://www.omegahat.org/RCurl/xmlParse.html.gz")) {
    + buf = binaryBuffer()
    +
    + # Now fetch the binary file.
    + getURI("http://www.omegahat.org/RCurl/xmlParse.html.gz",
    + write = getNativeSymbolInfo("R_curl_write_binary_data")$address,
    + file = buf@ref)
    +
    + # Convert the internal data structure into an R raw vector
    + b = as(buf, "raw")
    +
    + if(require(Rcompression))
    + gunzip(b)
    + }
    Loading required package: Rcompression
    
    Attaching package: ‘Rcompression’
    
    The following object is masked from ‘package:utils’:
    
     zip
    
    Error in gunzip(b) :
     Failed to uncompress the raw data: (-3) incorrect header check
    Calls: gunzip -> .Call
    Execution halted
Flavors: r-devel-linux-x86_64-debian-gcc, r-patched-linux-x86_64, r-release-linux-x86_64

Version: 1.95-4.7
Check: package dependencies
Result: NOTE
    Package suggested but not available for checking: ‘Rcompression’
Flavors: r-devel-linux-x86_64-fedora-clang, r-devel-linux-x86_64-fedora-gcc, r-devel-osx-x86_64-clang, r-devel-windows-ix86+x86_64, r-patched-solaris-sparc, r-patched-solaris-x86, r-release-osx-x86_64-mavericks, r-release-windows-ix86+x86_64, r-oldrel-windows-ix86+x86_64

Version: 1.95-4.7
Check: examples
Result: ERROR
    Running examples in ‘RCurl-Ex.R’ failed
    The error most likely occurred in:
    
    > ### Name: chunkToLineReader
    > ### Title: Utility that collects data from the HTTP reply into lines and
    > ### calls user-provided function.
    > ### Aliases: chunkToLineReader
    > ### Keywords: IO
    >
    > ### ** Examples
    >
    > # Read a rectangular table of data into R from the URL
    > # and add up the values and the number of values read.
    >
    > summer =
    + function()
    + {
    + total = 0.0
    + numValues = 0
    +
    + list(read = function(txt) {
    + con = textConnection(txt)
    + on.exit(close(con))
    + els = scan(con)
    + numValues <<- numValues + length(els)
    + total <<- total + sum(els)
    +
    + ""
    + },
    + result = function() c(total = total, numValues = numValues))
    + }
    >
    > s = summer()
    >
    > if(url.exists("http://www.omegahat.org/RCurl/matrix.data"))
    + getURL("http://www.omegahat.org/RCurl/matrix.data", write = chunkToLineReader(s$read)$read)
    Error in scan(file, what, nmax, sep, dec, quote, skip, nlines, na.strings, :
     scan() expected 'a real', got '<!--'
    Calls: getURL -> curlPerform -> .Call -> <Anonymous> -> f -> scan
    Execution halted
Flavors: r-devel-linux-x86_64-fedora-clang, r-devel-linux-x86_64-fedora-gcc, r-devel-osx-x86_64-clang, r-patched-solaris-sparc, r-patched-solaris-x86

Version: 1.95-4.7
Check: installed package size
Result: NOTE
     installed size is 6.2Mb
     sub-directories of 1Mb or more:
     libs 4.4Mb
Flavors: r-devel-windows-ix86+x86_64, r-release-windows-ix86+x86_64, r-oldrel-windows-ix86+x86_64

Version: 1.95-4.7
Check: running examples for arch ‘i386’
Result: ERROR
    Running examples in 'RCurl-Ex.R' failed
    The error most likely occurred in:
    
    > ### Name: chunkToLineReader
    > ### Title: Utility that collects data from the HTTP reply into lines and
    > ### calls user-provided function.
    > ### Aliases: chunkToLineReader
    > ### Keywords: IO
    >
    > ### ** Examples
    >
    > # Read a rectangular table of data into R from the URL
    > # and add up the values and the number of values read.
    >
    > summer =
    + function()
    + {
    + total = 0.0
    + numValues = 0
    +
    + list(read = function(txt) {
    + con = textConnection(txt)
    + on.exit(close(con))
    + els = scan(con)
    + numValues <<- numValues + length(els)
    + total <<- total + sum(els)
    +
    + ""
    + },
    + result = function() c(total = total, numValues = numValues))
    + }
    >
    > s = summer()
    >
    > if(url.exists("http://www.omegahat.org/RCurl/matrix.data"))
    + getURL("http://www.omegahat.org/RCurl/matrix.data", write = chunkToLineReader(s$read)$read)
    Error in scan(file, what, nmax, sep, dec, quote, skip, nlines, na.strings, :
     scan() expected 'a real', got '<!--'
    Calls: getURL -> curlPerform -> .Call -> <Anonymous> -> f -> scan
    Execution halted
Flavor: r-devel-windows-ix86+x86_64

Version: 1.95-4.7
Check: running examples for arch ‘x64’
Result: ERROR
    Running examples in 'RCurl-Ex.R' failed
    The error most likely occurred in:
    
    > ### Name: chunkToLineReader
    > ### Title: Utility that collects data from the HTTP reply into lines and
    > ### calls user-provided function.
    > ### Aliases: chunkToLineReader
    > ### Keywords: IO
    >
    > ### ** Examples
    >
    > # Read a rectangular table of data into R from the URL
    > # and add up the values and the number of values read.
    >
    > summer =
    + function()
    + {
    + total = 0.0
    + numValues = 0
    +
    + list(read = function(txt) {
    + con = textConnection(txt)
    + on.exit(close(con))
    + els = scan(con)
    + numValues <<- numValues + length(els)
    + total <<- total + sum(els)
    +
    + ""
    + },
    + result = function() c(total = total, numValues = numValues))
    + }
    >
    > s = summer()
    >
    > if(url.exists("http://www.omegahat.org/RCurl/matrix.data"))
    + getURL("http://www.omegahat.org/RCurl/matrix.data", write = chunkToLineReader(s$read)$read)
    Error in scan(file, what, nmax, sep, dec, quote, skip, nlines, na.strings, :
     scan() expected 'a real', got '<!--'
    Calls: getURL -> curlPerform -> .Call -> <Anonymous> -> f -> scan
    Execution halted
Flavor: r-devel-windows-ix86+x86_64