CRAN Package Check Results for Package RCurl

Last updated on 2019-01-19 15:48:00 CET.

Flavor Version Tinstall Tcheck Ttotal Status Flags
r-devel-linux-x86_64-debian-clang 1.95-4.11 15.98 37.50 53.48 NOTE
r-devel-linux-x86_64-debian-gcc 1.95-4.11 12.94 30.28 43.22 NOTE
r-devel-linux-x86_64-fedora-clang 1.95-4.11 64.53 NOTE
r-devel-linux-x86_64-fedora-gcc 1.95-4.11 61.32 NOTE
r-devel-windows-ix86+x86_64 1.95-4.11 37.00 116.00 153.00 NOTE
r-patched-linux-x86_64 1.95-4.11 14.47 35.49 49.96 NOTE
r-patched-solaris-x86 1.95-4.11 95.30 NOTE --no-examples
r-release-linux-x86_64 1.95-4.11 16.93 35.47 52.40 NOTE
r-release-windows-ix86+x86_64 1.95-4.11 34.00 111.00 145.00 NOTE
r-release-osx-x86_64 1.95-4.11 NOTE
r-oldrel-windows-ix86+x86_64 1.95-4.11 31.00 118.00 149.00 NOTE
r-oldrel-osx-x86_64 1.95-4.11 NOTE

Check Details

Version: 1.95-4.11
Check: DESCRIPTION meta-information
Result: NOTE
    Deprecated license: BSD
Flavors: r-devel-linux-x86_64-debian-clang, r-devel-linux-x86_64-debian-gcc, r-devel-linux-x86_64-fedora-clang, r-devel-linux-x86_64-fedora-gcc, r-patched-linux-x86_64, r-release-linux-x86_64, r-release-osx-x86_64, r-oldrel-osx-x86_64

Version: 1.95-4.11
Check: top-level files
Result: NOTE
    Non-standard files/directories found at top level:
     ‘Changes.html’ ‘CodeGeneration’ ‘README.windows’ ‘Todo.html’
     ‘dynGC.R’ ‘encoding.R’ ‘exampleCode’ ‘getURL.html’ ‘libcurlLicense’
     ‘post.R’ ‘postForm.html’
Flavors: r-devel-linux-x86_64-debian-clang, r-devel-linux-x86_64-debian-gcc, r-devel-linux-x86_64-fedora-clang, r-devel-linux-x86_64-fedora-gcc, r-patched-linux-x86_64, r-release-linux-x86_64

Version: 1.95-4.11
Check: for GNU extensions in Makefiles
Result: NOTE
    GNU make is a SystemRequirements.
Flavors: r-devel-linux-x86_64-debian-clang, r-devel-linux-x86_64-debian-gcc, r-devel-linux-x86_64-fedora-clang, r-devel-linux-x86_64-fedora-gcc, r-devel-windows-ix86+x86_64, r-patched-linux-x86_64, r-release-linux-x86_64, r-release-windows-ix86+x86_64, r-release-osx-x86_64, r-oldrel-windows-ix86+x86_64, r-oldrel-osx-x86_64

Version: 1.95-4.11
Check: package dependencies
Result: NOTE
    Package suggested but not available for checking: ‘Rcompression’
Flavors: r-devel-linux-x86_64-fedora-clang, r-devel-linux-x86_64-fedora-gcc, r-devel-windows-ix86+x86_64, r-release-windows-ix86+x86_64, r-release-osx-x86_64, r-oldrel-windows-ix86+x86_64, r-oldrel-osx-x86_64

Version: 1.95-4.11
Check: installed package size
Result: NOTE
     installed size is 6.3Mb
     sub-directories of 1Mb or more:
     libs 4.4Mb
Flavors: r-devel-windows-ix86+x86_64, r-release-windows-ix86+x86_64, r-oldrel-windows-ix86+x86_64

Version: 1.95-4.11
Flags: --no-examples
Check: package dependencies
Result: NOTE
    Package suggested but not available for checking: ‘Rcompression’
Flavor: r-patched-solaris-x86

Version: 1.95-4.11
Flags: --no-examples
Check: DESCRIPTION meta-information
Result: NOTE
    Deprecated license: BSD
Flavor: r-patched-solaris-x86

Version: 1.95-4.11
Flags: --no-examples
Check: for GNU extensions in Makefiles
Result: NOTE
    GNU make is a SystemRequirements.
Flavor: r-patched-solaris-x86