CRAN Package Check Results for Package RCurl

Last updated on 2014-12-18 11:50:14.

Flavor Version Tinstall Tcheck Ttotal Status Flags
r-devel-linux-x86_64-debian-clang 1.95-4.5 6.98 50.18 57.16 NOTE
r-devel-linux-x86_64-debian-gcc 1.95-4.5 7.31 50.73 58.04 NOTE
r-devel-linux-x86_64-fedora-clang 1.95-4.5 58.86 NOTE
r-devel-linux-x86_64-fedora-gcc 1.95-4.5 55.13 NOTE
r-devel-osx-x86_64-clang 1.95-4.5 88.49 NOTE
r-devel-windows-ix86+x86_64 1.95-4.5 32.00 152.00 184.00 NOTE
r-patched-linux-x86_64 1.95-4.5 7.64 50.19 57.82 NOTE
r-patched-solaris-sparc 1.95-4.5 306.10 NOTE
r-patched-solaris-x86 1.95-4.5 77.10 NOTE
r-release-linux-ix86 1.95-4.5 10.90 58.93 69.83 NOTE
r-release-linux-x86_64 1.95-4.5 7.42 51.29 58.72 NOTE
r-release-osx-x86_64-mavericks 1.95-4.5 NOTE
r-release-osx-x86_64-snowleopard 1.95-4.5 WARN
r-release-windows-ix86+x86_64 1.95-4.5 23.00 104.00 127.00 NOTE
r-oldrel-windows-ix86+x86_64 1.95-4.5 24.00 117.00 141.00 NOTE

Check Details

Version: 1.95-4.5
Check: DESCRIPTION meta-information
Result: NOTE
    Deprecated license: BSD
Flavors: r-devel-linux-x86_64-debian-clang, r-devel-linux-x86_64-debian-gcc, r-devel-linux-x86_64-fedora-clang, r-devel-linux-x86_64-fedora-gcc, r-devel-osx-x86_64-clang, r-patched-linux-x86_64, r-patched-solaris-sparc, r-patched-solaris-x86, r-release-linux-ix86, r-release-linux-x86_64, r-release-osx-x86_64-mavericks, r-release-osx-x86_64-snowleopard

Version: 1.95-4.5
Check: top-level files
Result: NOTE
    Non-standard files/directories found at top level:
     ‘Changes.html’ ‘CodeGeneration’ ‘FAQ.html’ ‘README.windows’
     ‘Todo.html’ ‘cacert.pem’ ‘dynGC.R’ ‘encoding.R’ ‘exampleCode’
     ‘getURL.html’ ‘libcurlLicense’ ‘post.R’ ‘postForm.html’
Flavors: r-devel-linux-x86_64-debian-clang, r-devel-linux-x86_64-debian-gcc, r-devel-linux-x86_64-fedora-clang, r-devel-linux-x86_64-fedora-gcc, r-patched-linux-x86_64, r-release-linux-x86_64

Version: 1.95-4.5
Check: Rd line widths
Result: NOTE
    Rd file 'basicTextGatherer.Rd':
     \examples lines wider than 100 characters:
     txt = getURL("http://www.omegahat.org/RCurl/index.html", header = TRUE, headerfunction = headers$update)
     uris = c("http://www.omegahat.org/RCurl/index.html", "http://www.omegahat.org/RCurl/philosophy.html")
     uris = c("http://www.omegahat.org/RCurl/index.html", "http://www.omegahat.org/RCurl/philosophy.html")
    
    Rd file 'curlPerform.Rd':
     \examples lines wider than 100 characters:
     httpheader=c(Accept="text/xml", Accept="multipart/*", SOAPAction='"http://www.soaplite.com/Demo#hi"',
    
    Rd file 'dynCurlReader.Rd':
     \examples lines wider than 100 characters:
     curlPerform(url = "http://www.omegahat.org/Rcartogram/demo.jpg", headerfunction = header$update, curl = header$curl())
     curlPerform(url = "http://www.omegahat.org/dd.gz", headerfunction = header$update, curl = header$curl())
    
    Rd file 'ftpUpload.Rd':
     \usage lines wider than 90 characters:
     ftpUpload(what, to, asText = inherits(what, "AsIs") || is.raw(what), ..., curl = getCurlHandle())
    
    Rd file 'getBinaryURL.Rd':
     \usage lines wider than 90 characters:
     getBinaryURL(url, ..., .opts = list(), curl = getCurlHandle(), .buf = binaryBuffer(.len), .len = 5000)
    
    Rd file 'getCurlHandle.Rd':
     \usage lines wider than 90 characters:
     getCurlHandle(..., .opts = NULL, .encoding = integer(), .defaults = getOption("RCurlOptions"))
    
    Rd file 'getURIAsynchronous.Rd':
     \examples lines wider than 100 characters:
     uris = c("http://www.omegahat.org/RCurl/index.html", "http://www.omegahat.org/RCurl/philosophy.xml")
    
    Rd file 'getURL.Rd':
     \examples lines wider than 100 characters:
     txt = getURL("http://www.omegahat.org/RCurl/index.html", header= TRUE, headerfunction = h$update,
     uris = c("http://www.omegahat.org/RCurl/index.html", "http://www.omegahat.org/RCurl/philosophy.xml")
    
    Rd file 'postForm.Rd':
     \examples lines wider than 100 characters:
     getForm("http://www.google.com/search", hl="en", lr="", ie="ISO-8859-1", q="RCurl", btnG="Search")
     getForm("http://www.google.com/search", .params = c(hl="en", lr="", ie="ISO-8859-1", q="RCurl", btnG="Search"))
     if(url.exists("http://wwwx.cs.unc.edu/~jbs/aw-wwwp/docs/resources/perl/perl-cgi/programs/cgi_stdin.cgi"))
    
    Rd file 'scp.Rd':
     \examples lines wider than 100 characters:
     x = scp("eeyore.ucdavis.edu", "/home/duncan/OmegaWeb/index.html", "My.SCP.Passphrase", binary = FALSE)
    
    These lines will be truncated in the PDF manual.
Flavors: r-devel-linux-x86_64-debian-clang, r-devel-linux-x86_64-debian-gcc, r-devel-linux-x86_64-fedora-clang, r-devel-linux-x86_64-fedora-gcc, r-patched-linux-x86_64, r-release-linux-x86_64

Version: 1.95-4.5
Check: package dependencies
Result: NOTE
    Package suggested but not available for checking: ‘Rcompression’
Flavors: r-devel-osx-x86_64-clang, r-devel-windows-ix86+x86_64, r-patched-solaris-sparc, r-patched-solaris-x86, r-release-osx-x86_64-mavericks, r-release-osx-x86_64-snowleopard, r-release-windows-ix86+x86_64, r-oldrel-windows-ix86+x86_64

Version: 1.95-4.5
Check: installed package size
Result: NOTE
     installed size is 5.9Mb
     sub-directories of 1Mb or more:
     libs 4.4Mb
Flavors: r-devel-windows-ix86+x86_64, r-release-windows-ix86+x86_64, r-oldrel-windows-ix86+x86_64

Version: 1.95-4.5
Check: whether package can be installed
Result: WARN
    Found the following significant warnings:
     base64.c:23: warning: assignment discards qualifiers from pointer target type
Flavor: r-release-osx-x86_64-snowleopard