CRAN Package Check Results for Package RCurl

Last updated on 2014-07-29 05:47:09.

Flavor Version Tinstall Tcheck Ttotal Status Flags
r-devel-linux-x86_64-debian-clang 1.95-4.1 7.30 55.09 62.40 WARN
r-devel-linux-x86_64-debian-gcc 1.95-4.1 7.81 54.42 62.23 WARN
r-devel-linux-x86_64-fedora-clang 1.95-4.2 33.73 WARN
r-devel-linux-x86_64-fedora-gcc 1.95-4.2 33.26 WARN
r-devel-osx-x86_64-clang 1.95-4.2 61.87 WARN
r-devel-windows-ix86+x86_64 1.95-4.1 27.00 127.00 154.00 NOTE
r-patched-linux-x86_64 1.95-4.1 7.73 53.53 61.26 WARN
r-patched-solaris-sparc 1.95-4.1 315.30 NOTE
r-patched-solaris-x86 1.95-4.2 80.30 NOTE
r-release-linux-ix86 1.95-4.1 12.84 64.65 77.50 WARN
r-release-linux-x86_64 1.95-4.1 7.90 56.40 64.30 WARN
r-release-osx-x86_64-mavericks 1.95-4.1 NOTE
r-release-windows-ix86+x86_64 1.95-4.2 22.00 138.00 160.00 NOTE
r-oldrel-windows-ix86+x86_64 1.95-4.1 27.00 132.00 159.00 NOTE

Memtest notes: ASAN valgrind

Check Details

Version: 1.95-4.1
Check: whether package can be installed
Result: WARNING
    Found the following significant warnings:
     curl.c:309:14: warning: arithmetic on a pointer to void is a GNU extension [-Wpointer-arith]
    Found the following additional warnings:
     json.c:51:1: warning: control may reach end of non-void function [-Wreturn-type]
    See /home/hornik/tmp/R.check/r-devel-clang/Work/PKGS/RCurl.Rcheck/00install.out for details.
Flavor: r-devel-linux-x86_64-debian-clang

Version: 1.95-4.1
Check: DESCRIPTION meta-information
Result: NOTE
    Deprecated license: BSD
    Package listed in more than one of Depends, Imports, Suggests, Enhances:
     methods
    A package should be listed in only one of these fields.
Flavors: r-devel-linux-x86_64-debian-clang, r-devel-linux-x86_64-debian-gcc, r-patched-linux-x86_64, r-patched-solaris-sparc, r-release-linux-ix86, r-release-linux-x86_64, r-release-osx-x86_64-mavericks

Version: 1.95-4.1
Check: dependencies in R code
Result: NOTE
    'library' or 'require' call to methods which was already attached by Depends.
     Please remove these calls from your code.
    Package in Depends field not imported from: bitops
     These packages need to be imported from (in the NAMESPACE file)
     for when this namespace is loaded but not attached.
    There are ::: calls to the package's namespace in its code. A package
     almost never needs to use ::: for its own objects:
     getHTTPErrorClass
    See the information on DESCRIPTION files in the chapter Creating R
    packages of the Writing R Extensions manual.
Flavors: r-devel-linux-x86_64-debian-clang, r-devel-linux-x86_64-debian-gcc, r-devel-windows-ix86+x86_64, r-patched-linux-x86_64, r-patched-solaris-sparc, r-release-linux-ix86, r-release-linux-x86_64, r-release-osx-x86_64-mavericks, r-oldrel-windows-ix86+x86_64

Version: 1.95-4.1
Check: R code for possible problems
Result: NOTE
    guessMIMEType: no visible binding for global variable
     mimeTypeExtensions
    
    Found the following calls to data() loading into the global environment:
    File RCurl/R/mime.R :
     data("mimeTypeExtensions")
    See section Good practice in ?data .
Flavors: r-devel-linux-x86_64-debian-clang, r-devel-linux-x86_64-debian-gcc, r-patched-linux-x86_64, r-release-linux-ix86, r-release-linux-x86_64

Version: 1.95-4.1
Check: compilation flags in Makevars
Result: NOTE
    Package has both src/Makevars.in and src/Makevars .
    Installation with --no-configure' is unlikely to work. If you intended
     src/Makevars to be used on Windows, rename it to src/Makevars.win
    otherwise remove it. If configure created src/Makevars , you need a
     cleanup script.
Flavors: r-devel-linux-x86_64-debian-clang, r-devel-linux-x86_64-debian-gcc, r-devel-windows-ix86+x86_64, r-patched-linux-x86_64, r-patched-solaris-sparc, r-release-linux-ix86, r-release-linux-x86_64, r-release-osx-x86_64-mavericks, r-oldrel-windows-ix86+x86_64

Version: 1.95-4.1
Check: whether package can be installed
Result: WARNING
    Found the following significant warnings:
     curl.c:309:14: warning: pointer of type void * used in arithmetic [-Wpointer-arith]
    See /home/hornik/tmp/R.check/r-devel-gcc/Work/PKGS/RCurl.Rcheck/00install.out for details.
Flavor: r-devel-linux-x86_64-debian-gcc

Version: 1.95-4.2
Check: whether package can be installed
Result: WARNING
    Found the following significant warnings:
     curl.c:309:14: warning: arithmetic on a pointer to void is a GNU extension [-Wpointer-arith]
    Found the following additional warnings:
     json.c:51:1: warning: control may reach end of non-void function [-Wreturn-type]
    See /data/gannet/ripley/R/packages/tests-clang/RCurl.Rcheck/00install.out for details.
Flavor: r-devel-linux-x86_64-fedora-clang

Version: 1.95-4.2
Check: DESCRIPTION meta-information
Result: NOTE
    Deprecated license: BSD
    Package listed in more than one of Depends, Imports, Suggests, Enhances:
     methods
    A package should be listed in only one of these fields.
Flavors: r-devel-linux-x86_64-fedora-clang, r-devel-linux-x86_64-fedora-gcc, r-devel-osx-x86_64-clang, r-patched-solaris-x86

Version: 1.95-4.2
Check: top-level files
Result: NOTE
    Non-standard files/directories found at top level:
     Changes.html CodeGeneration FAQ.html README.windows
     Todo.html cacert.pem dynGC.R encoding.R exampleCode
     getURL.html libcurlLicense post.R postForm.html
Flavors: r-devel-linux-x86_64-fedora-clang, r-devel-linux-x86_64-fedora-gcc

Version: 1.95-4.2
Check: dependencies in R code
Result: NOTE
    'library' or 'require' call to methods which was already attached by Depends.
     Please remove these calls from your code.
    Package in Depends field not imported from: bitops
     These packages need to be imported from (in the NAMESPACE file)
     for when this namespace is loaded but not attached.
    There are ::: calls to the package's namespace in its code. A package
     almost never needs to use ::: for its own objects:
     getHTTPErrorClass
    See the information on DESCRIPTION files in the chapter Creating R
    packages of the Writing R Extensions manual.
Flavors: r-devel-linux-x86_64-fedora-clang, r-devel-linux-x86_64-fedora-gcc, r-devel-osx-x86_64-clang, r-patched-solaris-x86, r-release-windows-ix86+x86_64

Version: 1.95-4.2
Check: R code for possible problems
Result: NOTE
    guessMIMEType: no visible binding for global variable
     mimeTypeExtensions
    
    Found the following calls to data() loading into the global environment:
    File RCurl/R/mime.R :
     data("mimeTypeExtensions")
    See section Good practice in ?data .
Flavors: r-devel-linux-x86_64-fedora-clang, r-devel-osx-x86_64-clang

Version: 1.95-4.2
Check: Rd line widths
Result: NOTE
    Rd file 'basicTextGatherer.Rd':
     \examples lines wider than 100 characters:
     txt = getURL("http://www.omegahat.org/RCurl/index.html", header = TRUE, headerfunction = headers$update)
     uris = c("http://www.omegahat.org/RCurl/index.html", "http://www.omegahat.org/RCurl/philosophy.html")
     uris = c("http://www.omegahat.org/RCurl/index.html", "http://www.omegahat.org/RCurl/philosophy.html")
    
    Rd file 'curlPerform.Rd':
     \examples lines wider than 100 characters:
     httpheader=c(Accept="text/xml", Accept="multipart/*", SOAPAction='"http://www.soaplite.com/Demo#hi"',
    
    Rd file 'dynCurlReader.Rd':
     \examples lines wider than 100 characters:
     curlPerform(url = "http://www.omegahat.org/Rcartogram/demo.jpg", headerfunction = header$update, curl = header$curl())
     curlPerform(url = "http://www.omegahat.org/dd.gz", headerfunction = header$update, curl = header$curl())
    
    Rd file 'ftpUpload.Rd':
     \usage lines wider than 90 characters:
     ftpUpload(what, to, asText = inherits(what, "AsIs") || is.raw(what), ..., curl = getCurlHandle())
    
    Rd file 'getBinaryURL.Rd':
     \usage lines wider than 90 characters:
     getBinaryURL(url, ..., .opts = list(), curl = getCurlHandle(), .buf = binaryBuffer(.len), .len = 5000)
    
    Rd file 'getCurlHandle.Rd':
     \usage lines wider than 90 characters:
     getCurlHandle(..., .opts = NULL, .encoding = integer(), .defaults = getOption("RCurlOptions"))
    
    Rd file 'getURIAsynchronous.Rd':
     \examples lines wider than 100 characters:
     uris = c("http://www.omegahat.org/RCurl/index.html", "http://www.omegahat.org/RCurl/philosophy.xml")
    
    Rd file 'getURL.Rd':
     \examples lines wider than 100 characters:
     txt = getURL("http://www.omegahat.org/RCurl/index.html", header= TRUE, headerfunction = h$update,
     uris = c("http://www.omegahat.org/RCurl/index.html", "http://www.omegahat.org/RCurl/philosophy.xml")
    
    Rd file 'postForm.Rd':
     \examples lines wider than 100 characters:
     getForm("http://www.google.com/search", hl="en", lr="", ie="ISO-8859-1", q="RCurl", btnG="Search")
     getForm("http://www.google.com/search", .params = c(hl="en", lr="", ie="ISO-8859-1", q="RCurl", btnG="Search"))
     if(url.exists("http://wwwx.cs.unc.edu/~jbs/aw-wwwp/docs/resources/perl/perl-cgi/programs/cgi_stdin.cgi"))
    
    Rd file 'scp.Rd':
     \examples lines wider than 100 characters:
     x = scp("eeyore.ucdavis.edu", "/home/duncan/OmegaWeb/index.html", "My.SCP.Passphrase", binary = FALSE)
    
    These lines will be truncated in the PDF manual.
Flavors: r-devel-linux-x86_64-fedora-clang, r-devel-linux-x86_64-fedora-gcc

Version: 1.95-4.2
Check: compilation flags in Makevars
Result: NOTE
    Package has both src/Makevars.in and src/Makevars .
    Installation with --no-configure' is unlikely to work. If you intended
     src/Makevars to be used on Windows, rename it to src/Makevars.win
    otherwise remove it. If configure created src/Makevars , you need a
     cleanup script.
Flavors: r-devel-linux-x86_64-fedora-clang, r-devel-linux-x86_64-fedora-gcc, r-devel-osx-x86_64-clang, r-patched-solaris-x86, r-release-windows-ix86+x86_64

Version: 1.95-4.2
Check: whether package can be installed
Result: WARNING
    Found the following significant warnings:
     curl.c:309:14: warning: pointer of type void * used in arithmetic [-Wpedantic]
    See /data/gannet/ripley/R/packages/tests-devel/RCurl.Rcheck/00install.out for details.
Flavor: r-devel-linux-x86_64-fedora-gcc

Version: 1.95-4.2
Check: R code for possible problems
Result: NOTE
    guessMIMEType: no visible binding for global variable
     mimeTypeExtensions
Flavors: r-devel-linux-x86_64-fedora-gcc, r-patched-solaris-x86, r-release-windows-ix86+x86_64

Version: 1.95-4.2
Check: package dependencies
Result: NOTE
    Package suggested but not available for checking: Rcompression
Flavors: r-devel-osx-x86_64-clang, r-patched-solaris-x86, r-release-windows-ix86+x86_64

Version: 1.95-4.2
Check: whether package can be installed
Result: WARNING
    Found the following significant warnings:
     curl.c:309:14: warning: arithmetic on a pointer to void is a GNU extension [-Wpointer-arith]
    Found the following additional warnings:
     json.c:51:1: warning: control may reach end of non-void function [-Wreturn-type]
    See /Users/ripley/R/packages/tests-devel/RCurl.Rcheck/00install.out for details.
Flavor: r-devel-osx-x86_64-clang

Version: 1.95-4.1
Check: package dependencies
Result: NOTE
    Package suggested but not available for checking: 'Rcompression'
Flavors: r-devel-windows-ix86+x86_64, r-patched-solaris-sparc, r-release-osx-x86_64-mavericks, r-oldrel-windows-ix86+x86_64

Version: 1.95-4.1
Check: installed package size
Result: NOTE
     installed size is 6.4Mb
     sub-directories of 1Mb or more:
     libs 4.9Mb
Flavors: r-devel-windows-ix86+x86_64, r-oldrel-windows-ix86+x86_64

Version: 1.95-4.1
Check: DESCRIPTION meta-information
Result: NOTE
    Package listed in more than one of Depends, Imports, Suggests, Enhances:
     'methods'
    A package should be listed in only one of these fields.
Flavors: r-devel-windows-ix86+x86_64, r-oldrel-windows-ix86+x86_64

Version: 1.95-4.1
Check: R code for possible problems
Result: NOTE
    guessMIMEType: no visible binding for global variable
     'mimeTypeExtensions'
Flavors: r-devel-windows-ix86+x86_64, r-patched-solaris-sparc, r-release-osx-x86_64-mavericks, r-oldrel-windows-ix86+x86_64

Version: 1.95-4.1
Check: whether package can be installed
Result: WARNING
    Found the following significant warnings:
     curl.c:309:14: warning: pointer of type void * used in arithmetic [-Wpointer-arith]
    See /home/hornik/tmp/R.check/r-patched-gcc/Work/PKGS/RCurl.Rcheck/00install.out for details.
Flavor: r-patched-linux-x86_64

Version: 1.95-4.1
Check: whether package can be installed
Result: WARNING
    Found the following significant warnings:
     curl.c:309:14: warning: pointer of type void * used in arithmetic [-Wpointer-arith]
    See /home/hornik/tmp/R.check/r-release-gcc/Work/PKGS/RCurl.Rcheck/00install.out for details.
Flavors: r-release-linux-ix86, r-release-linux-x86_64

Version: 1.95-4.2
Check: installed package size
Result: NOTE
     installed size is 6.4Mb
     sub-directories of 1Mb or more:
     libs 4.9Mb
Flavor: r-release-windows-ix86+x86_64

Version: 1.95-4.2
Check: DESCRIPTION meta-information
Result: NOTE
    Package listed in more than one of Depends, Imports, Suggests, Enhances:
     'methods'
    A package should be listed in only one of these fields.
Flavor: r-release-windows-ix86+x86_64