CRAN Package Check Results for Package RCurl

Last updated on 2015-09-03 19:47:26.

Flavor Version Tinstall Tcheck Ttotal Status Flags
r-devel-linux-x86_64-debian-clang 1.95-4.7 7.12 48.05 55.16 NOTE
r-devel-linux-x86_64-debian-gcc 1.95-4.7 7.04 47.54 54.59 NOTE
r-devel-linux-x86_64-fedora-clang 1.95-4.7 49.30 NOTE
r-devel-linux-x86_64-fedora-gcc 1.95-4.7 47.11 NOTE
r-devel-osx-x86_64-clang 1.95-4.7 78.15 NOTE
r-devel-windows-ix86+x86_64 1.95-4.7 33.00 107.00 140.00 NOTE
r-patched-linux-x86_64 1.95-4.7 7.46 48.40 55.85 NOTE
r-patched-solaris-sparc 1.95-4.7 326.50 NOTE
r-patched-solaris-x86 1.95-4.7 68.20 NOTE
r-release-linux-x86_64 1.95-4.7 7.58 47.66 55.23 NOTE
r-release-osx-x86_64-mavericks 1.95-4.7 NOTE
r-release-windows-ix86+x86_64 1.95-4.7 35.00 129.00 164.00 NOTE
r-oldrel-windows-ix86+x86_64 1.95-4.7 29.00 111.00 140.00 NOTE

Check Details

Version: 1.95-4.7
Check: DESCRIPTION meta-information
Result: NOTE
    Deprecated license: BSD
Flavors: r-devel-linux-x86_64-debian-clang, r-devel-linux-x86_64-debian-gcc, r-devel-linux-x86_64-fedora-clang, r-devel-linux-x86_64-fedora-gcc, r-devel-osx-x86_64-clang, r-patched-linux-x86_64, r-patched-solaris-sparc, r-patched-solaris-x86, r-release-linux-x86_64, r-release-osx-x86_64-mavericks

Version: 1.95-4.7
Check: top-level files
Result: NOTE
    Non-standard files/directories found at top level:
     ‘Changes.html’ ‘CodeGeneration’ ‘README.windows’ ‘Todo.html’
     ‘dynGC.R’ ‘encoding.R’ ‘exampleCode’ ‘getURL.html’ ‘libcurlLicense’
     ‘post.R’ ‘postForm.html’
Flavors: r-devel-linux-x86_64-debian-clang, r-devel-linux-x86_64-debian-gcc, r-devel-linux-x86_64-fedora-clang, r-devel-linux-x86_64-fedora-gcc, r-patched-linux-x86_64, r-release-linux-x86_64

Version: 1.95-4.7
Check: R code for possible problems
Result: NOTE
    guessMIMEType: no visible global function definition for ‘data’
    Undefined global functions or variables:
     data
    Consider adding
     importFrom("utils", "data")
    to your NAMESPACE.
Flavors: r-devel-linux-x86_64-debian-clang, r-devel-linux-x86_64-debian-gcc, r-devel-linux-x86_64-fedora-clang, r-devel-linux-x86_64-fedora-gcc, r-devel-windows-ix86+x86_64

Version: 1.95-4.7
Check: for GNU extensions in Makefiles
Result: NOTE
    GNU make is a SystemRequirements.
Flavors: r-devel-linux-x86_64-debian-clang, r-devel-linux-x86_64-debian-gcc, r-devel-linux-x86_64-fedora-clang, r-devel-linux-x86_64-fedora-gcc, r-devel-osx-x86_64-clang, r-devel-windows-ix86+x86_64, r-patched-linux-x86_64, r-patched-solaris-sparc, r-patched-solaris-x86, r-release-linux-x86_64, r-release-osx-x86_64-mavericks, r-release-windows-ix86+x86_64, r-oldrel-windows-ix86+x86_64

Version: 1.95-4.7
Check: package dependencies
Result: NOTE
    Package suggested but not available for checking: ‘Rcompression’
Flavors: r-devel-osx-x86_64-clang, r-devel-windows-ix86+x86_64, r-patched-solaris-sparc, r-patched-solaris-x86, r-release-osx-x86_64-mavericks, r-release-windows-ix86+x86_64, r-oldrel-windows-ix86+x86_64

Version: 1.95-4.7
Check: installed package size
Result: NOTE
     installed size is 6.2Mb
     sub-directories of 1Mb or more:
     libs 4.4Mb
Flavors: r-devel-windows-ix86+x86_64, r-release-windows-ix86+x86_64, r-oldrel-windows-ix86+x86_64