CRAN Package Check Results for Package RCurl

Last updated on 2018-04-25 01:47:08 CEST.

Flavor Version Tinstall Tcheck Ttotal Status Flags
r-devel-linux-x86_64-debian-clang 1.95-4.10 15.48 35.40 50.88 NOTE
r-devel-linux-x86_64-debian-gcc 1.95-4.10 13.10 28.04 41.14 NOTE
r-devel-linux-x86_64-fedora-clang 1.95-4.10 62.41 NOTE
r-devel-linux-x86_64-fedora-gcc 1.95-4.10 60.33 NOTE
r-devel-windows-ix86+x86_64 1.95-4.10 49.00 118.00 167.00 NOTE
r-patched-linux-x86_64 1.95-4.10 14.85 35.07 49.92 NOTE
r-patched-solaris-x86 1.95-4.10 89.40 NOTE --no-examples
r-release-linux-x86_64 1.95-4.10 15.90 35.04 50.94 NOTE
r-release-windows-ix86+x86_64 1.95-4.10 49.00 118.00 167.00 NOTE
r-release-osx-x86_64 1.95-4.10 ERROR
r-oldrel-windows-ix86+x86_64 1.95-4.10 59.00 144.00 203.00 NOTE
r-oldrel-osx-x86_64 1.95-4.10 NOTE

Check Details

Version: 1.95-4.10
Check: DESCRIPTION meta-information
Result: NOTE
    Deprecated license: BSD
Flavors: r-devel-linux-x86_64-debian-clang, r-devel-linux-x86_64-debian-gcc, r-devel-linux-x86_64-fedora-clang, r-devel-linux-x86_64-fedora-gcc, r-patched-linux-x86_64, r-release-linux-x86_64, r-release-osx-x86_64, r-oldrel-osx-x86_64

Version: 1.95-4.10
Check: top-level files
Result: NOTE
    Non-standard files/directories found at top level:
     ‘Changes.html’ ‘CodeGeneration’ ‘README.windows’ ‘Todo.html’
     ‘dynGC.R’ ‘encoding.R’ ‘exampleCode’ ‘getURL.html’ ‘libcurlLicense’
     ‘post.R’ ‘postForm.html’
Flavors: r-devel-linux-x86_64-debian-clang, r-devel-linux-x86_64-debian-gcc, r-devel-linux-x86_64-fedora-clang, r-devel-linux-x86_64-fedora-gcc, r-patched-linux-x86_64, r-release-linux-x86_64

Version: 1.95-4.10
Check: for GNU extensions in Makefiles
Result: NOTE
    GNU make is a SystemRequirements.
Flavors: r-devel-linux-x86_64-debian-clang, r-devel-linux-x86_64-debian-gcc, r-devel-linux-x86_64-fedora-clang, r-devel-linux-x86_64-fedora-gcc, r-devel-windows-ix86+x86_64, r-patched-linux-x86_64, r-release-linux-x86_64, r-release-windows-ix86+x86_64, r-release-osx-x86_64, r-oldrel-windows-ix86+x86_64, r-oldrel-osx-x86_64

Version: 1.95-4.10
Check: package dependencies
Result: NOTE
    Package suggested but not available for checking: ‘Rcompression’
Flavors: r-devel-linux-x86_64-fedora-clang, r-devel-linux-x86_64-fedora-gcc, r-devel-windows-ix86+x86_64, r-release-windows-ix86+x86_64, r-release-osx-x86_64, r-oldrel-windows-ix86+x86_64, r-oldrel-osx-x86_64

Version: 1.95-4.10
Check: installed package size
Result: NOTE
     installed size is 6.3Mb
     sub-directories of 1Mb or more:
     libs 4.4Mb
Flavors: r-devel-windows-ix86+x86_64, r-release-windows-ix86+x86_64, r-oldrel-windows-ix86+x86_64

Version: 1.95-4.10
Flags: --no-examples
Check: package dependencies
Result: NOTE
    Package suggested but not available for checking: ‘Rcompression’
Flavor: r-patched-solaris-x86

Version: 1.95-4.10
Flags: --no-examples
Check: DESCRIPTION meta-information
Result: NOTE
    Deprecated license: BSD
Flavor: r-patched-solaris-x86

Version: 1.95-4.10
Flags: --no-examples
Check: for GNU extensions in Makefiles
Result: NOTE
    GNU make is a SystemRequirements.
Flavor: r-patched-solaris-x86

Version: 1.95-4.10
Check: tests
Result: ERROR
     Running ‘dynSetReader.R’ [1s/32s]
    Running the tests in ‘tests/dynSetReader.R’ failed.
    Last 13 lines of output:
     > # This is an example of where we read the header and then set the options
     > # in the curl handle to read the body ofthe response.
     > #
     >
     > library(RCurl)
     Loading required package: bitops
     >
     > reader = dynCurlReader()
     > status = curlPerform(url = "http://ws.audioscrobbler.com/2.0/?method=library%2Egetartists&user=oso&api_key=de933ba987ea45f82a73acd0d82071c3",
     + headerfunction = reader$update,
     + curl = reader$curl())
     Error in function (type, msg, asError = TRUE) :
     Could not resolve host: ws.audioscrobbler.com
     Calls: curlPerform -> <Anonymous> -> fun
     Execution halted
Flavor: r-release-osx-x86_64