CRAN Package Check Results for Package RCurl

Last updated on 2017-06-22 17:48:07.

Flavor Version Tinstall Tcheck Ttotal Status Flags
r-devel-linux-x86_64-debian-clang 1.95-4.8 8.05 53.24 61.29 NOTE
r-devel-linux-x86_64-debian-gcc 1.95-4.8 8.66 49.61 58.27 NOTE
r-devel-linux-x86_64-fedora-clang 1.95-4.8 55.76 NOTE
r-devel-linux-x86_64-fedora-gcc 1.95-4.8 55.38 NOTE
r-devel-windows-ix86+x86_64 1.95-4.8 43.00 115.00 158.00 NOTE
r-patched-linux-x86_64 1.95-4.8 11.81 51.45 63.26 NOTE
r-patched-solaris-sparc 1.95-4.8 330.80 NOTE
r-patched-solaris-x86 1.95-4.8 69.10 NOTE
r-release-linux-x86_64 1.95-4.8 12.77 47.93 60.69 NOTE
r-release-windows-ix86+x86_64 1.95-4.8 71.00 131.00 202.00 NOTE
r-release-osx-x86_64 1.95-4.8 NOTE
r-oldrel-windows-ix86+x86_64 1.95-4.8 51.00 131.00 182.00 NOTE
r-oldrel-osx-x86_64 1.95-4.8 NOTE

Additional issues

rchk

Check Details

Version: 1.95-4.8
Check: DESCRIPTION meta-information
Result: NOTE
    Deprecated license: BSD
Flavors: r-devel-linux-x86_64-debian-clang, r-devel-linux-x86_64-debian-gcc, r-devel-linux-x86_64-fedora-clang, r-devel-linux-x86_64-fedora-gcc, r-patched-linux-x86_64, r-patched-solaris-sparc, r-patched-solaris-x86, r-release-linux-x86_64, r-release-osx-x86_64, r-oldrel-osx-x86_64

Version: 1.95-4.8
Check: top-level files
Result: NOTE
    Non-standard files/directories found at top level:
     ‘Changes.html’ ‘CodeGeneration’ ‘README.windows’ ‘Todo.html’
     ‘dynGC.R’ ‘encoding.R’ ‘exampleCode’ ‘getURL.html’ ‘libcurlLicense’
     ‘post.R’ ‘postForm.html’
Flavors: r-devel-linux-x86_64-debian-clang, r-devel-linux-x86_64-debian-gcc, r-devel-linux-x86_64-fedora-clang, r-devel-linux-x86_64-fedora-gcc, r-patched-linux-x86_64, r-release-linux-x86_64

Version: 1.95-4.8
Check: for GNU extensions in Makefiles
Result: NOTE
    GNU make is a SystemRequirements.
Flavors: r-devel-linux-x86_64-debian-clang, r-devel-linux-x86_64-debian-gcc, r-devel-linux-x86_64-fedora-clang, r-devel-linux-x86_64-fedora-gcc, r-devel-windows-ix86+x86_64, r-patched-linux-x86_64, r-patched-solaris-sparc, r-patched-solaris-x86, r-release-linux-x86_64, r-release-windows-ix86+x86_64, r-release-osx-x86_64, r-oldrel-windows-ix86+x86_64, r-oldrel-osx-x86_64

Version: 1.95-4.8
Check: package dependencies
Result: NOTE
    Package suggested but not available for checking: ‘Rcompression’
Flavors: r-devel-linux-x86_64-fedora-clang, r-devel-linux-x86_64-fedora-gcc, r-devel-windows-ix86+x86_64, r-patched-solaris-sparc, r-patched-solaris-x86, r-release-windows-ix86+x86_64, r-release-osx-x86_64, r-oldrel-windows-ix86+x86_64, r-oldrel-osx-x86_64

Version: 1.95-4.8
Check: installed package size
Result: NOTE
     installed size is 6.2Mb
     sub-directories of 1Mb or more:
     libs 4.4Mb
Flavors: r-devel-windows-ix86+x86_64, r-release-windows-ix86+x86_64, r-oldrel-windows-ix86+x86_64