CRAN Package Check Results for Package RCurl

Last updated on 2016-09-28 08:57:53.

Flavor Version Tinstall Tcheck Ttotal Status Flags
r-devel-linux-x86_64-debian-clang 1.95-4.8 8.15 49.32 57.48 NOTE
r-devel-linux-x86_64-debian-gcc 1.95-4.8 8.44 46.49 54.93 NOTE
r-devel-linux-x86_64-fedora-clang 1.95-4.8 49.79 NOTE
r-devel-linux-x86_64-fedora-gcc 1.95-4.8 46.17 NOTE
r-devel-macos-x86_64-clang 1.95-4.8 44.44 NOTE
r-devel-windows-ix86+x86_64 1.95-4.8 53.00 99.00 152.00 NOTE
r-patched-linux-x86_64 1.95-4.8 7.71 49.29 57.01 NOTE
r-patched-solaris-sparc 1.95-4.8 298.40 NOTE
r-patched-solaris-x86 1.95-4.8 62.90 NOTE
r-release-linux-x86_64 1.95-4.8 7.81 47.99 55.80 NOTE
r-release-osx-x86_64-mavericks 1.95-4.8 NOTE
r-release-windows-ix86+x86_64 1.95-4.8 34.00 114.00 148.00 NOTE
r-oldrel-windows-ix86+x86_64 1.95-4.8 34.00 112.00 146.00 NOTE

Check Details

Version: 1.95-4.8
Check: DESCRIPTION meta-information
Result: NOTE
    Deprecated license: BSD
Flavors: r-devel-linux-x86_64-debian-clang, r-devel-linux-x86_64-debian-gcc, r-devel-linux-x86_64-fedora-clang, r-devel-linux-x86_64-fedora-gcc, r-devel-macos-x86_64-clang, r-patched-linux-x86_64, r-patched-solaris-sparc, r-patched-solaris-x86, r-release-linux-x86_64, r-release-osx-x86_64-mavericks

Version: 1.95-4.8
Check: top-level files
Result: NOTE
    Non-standard files/directories found at top level:
     ‘Changes.html’ ‘CodeGeneration’ ‘README.windows’ ‘Todo.html’
     ‘dynGC.R’ ‘encoding.R’ ‘exampleCode’ ‘getURL.html’ ‘libcurlLicense’
     ‘post.R’ ‘postForm.html’
Flavors: r-devel-linux-x86_64-debian-clang, r-devel-linux-x86_64-debian-gcc, r-devel-linux-x86_64-fedora-clang, r-devel-linux-x86_64-fedora-gcc, r-patched-linux-x86_64, r-release-linux-x86_64

Version: 1.95-4.8
Check: for GNU extensions in Makefiles
Result: NOTE
    GNU make is a SystemRequirements.
Flavors: r-devel-linux-x86_64-debian-clang, r-devel-linux-x86_64-debian-gcc, r-devel-linux-x86_64-fedora-clang, r-devel-linux-x86_64-fedora-gcc, r-devel-macos-x86_64-clang, r-devel-windows-ix86+x86_64, r-patched-linux-x86_64, r-patched-solaris-sparc, r-patched-solaris-x86, r-release-linux-x86_64, r-release-osx-x86_64-mavericks, r-release-windows-ix86+x86_64, r-oldrel-windows-ix86+x86_64

Version: 1.95-4.8
Check: package dependencies
Result: NOTE
    Package suggested but not available for checking: ‘Rcompression’
Flavors: r-devel-linux-x86_64-fedora-clang, r-devel-linux-x86_64-fedora-gcc, r-devel-macos-x86_64-clang, r-devel-windows-ix86+x86_64, r-patched-solaris-sparc, r-patched-solaris-x86, r-release-osx-x86_64-mavericks, r-release-windows-ix86+x86_64, r-oldrel-windows-ix86+x86_64

Version: 1.95-4.8
Check: installed package size
Result: NOTE
     installed size is 6.2Mb
     sub-directories of 1Mb or more:
     libs 4.4Mb
Flavors: r-devel-windows-ix86+x86_64, r-release-windows-ix86+x86_64, r-oldrel-windows-ix86+x86_64