CRAN Package Check Results for Package RCzechia

Last updated on 2019-02-16 21:47:39 CET.

Flavor Version Tinstall Tcheck Ttotal Status Flags
r-devel-linux-x86_64-debian-clang 1.3.2 1.99 118.73 120.72 OK
r-devel-linux-x86_64-debian-gcc 1.3.2 1.53 83.51 85.04 OK
r-devel-linux-x86_64-fedora-clang 1.3.2 153.61 OK
r-devel-linux-x86_64-fedora-gcc 1.3.2 141.48 OK
r-devel-windows-ix86+x86_64 1.3.2 5.00 94.00 99.00 ERROR
r-patched-linux-x86_64 1.3.2 1.13 106.76 107.89 OK
r-patched-solaris-x86 1.3.2 256.90 OK
r-release-linux-x86_64 1.3.2 OK
r-release-windows-ix86+x86_64 1.3.2 3.00 150.00 153.00 OK
r-release-osx-x86_64 1.3.2 OK
r-oldrel-windows-ix86+x86_64 1.3.2 6.00 258.00 264.00 OK
r-oldrel-osx-x86_64 1.3.2 OK

Check Details

Version: 1.3.2
Check: tests
Result: ERROR
     Running 'testthat.R' [34s]
    Running the tests in 'tests/testthat.R' failed.
    Complete output:
     > library(testthat)
     >
     > test_check("RCzechia")
     Loading required package: RCzechia
     -- 1. Error: (unknown) (@test-1-data-structures.R#6) --------------------------
     Timeout was reached: Resolving timed out after 10000 milliseconds
     1: expect_that(is.data.frame(republika()), is_true()) at testthat/test-1-data-structures.R:6
     2: condition(object)
     3: expect_true(x)
     4: quasi_label(enquo(object), label)
     5: eval_bare(get_expr(quo), get_env(quo))
     6: is.data.frame(republika())
     7: republika()
     8: http_error(remote_file)
     9: http_error.character(remote_file)
     10: http_error(HEAD(x, ...))
     11: HEAD(x, ...)
     12: request_perform(req, hu$handle$handle)
     13: request_fetch(req$output, req$url, handle)
     14: request_fetch.write_memory(req$output, req$url, handle)
     15: curl::curl_fetch_memory(url, handle = handle)
    
     == testthat results ===========================================================
     OK: 8 SKIPPED: 0 FAILED: 1
     1. Error: (unknown) (@test-1-data-structures.R#6)
    
     Error: testthat unit tests failed
     Execution halted
Flavor: r-devel-windows-ix86+x86_64

Version: 1.3.2
Check: re-building of vignette outputs
Result: WARN
    Error(s) in re-building vignettes:
    --- re-building 'vignette.Rmd' using rmarkdown
    Warning in engine$weave(file, quiet = quiet, encoding = enc) :
     The vignette engine knitr::rmarkdown is not available, because the rmarkdown package is not installed. Please install it.
    
    Attaching package: 'dplyr'
    
    The following objects are masked from 'package:stats':
    
     filter, lag
    
    The following objects are masked from 'package:base':
    
     intersect, setdiff, setequal, union
    
    Linking to GEOS 3.6.1, GDAL 2.2.3, PROJ 4.9.3
    Quitting from lines 28-60 (vignette.Rmd)
    Error: processing vignette 'vignette.Rmd' failed with diagnostics:
    Failed to connect to raw.githubusercontent.com port 443: Connection refused
    --- failed re-building 'vignette.Rmd'
    
    SUMMARY: processing the following file failed:
     'vignette.Rmd'
    
    Error: Vignette re-building failed.
    Execution halted
Flavor: r-devel-windows-ix86+x86_64