CRAN Package Check Results for Package RCzechia

Last updated on 2019-05-20 08:52:22 CEST.

Flavor Version Tinstall Tcheck Ttotal Status Flags
r-devel-linux-x86_64-debian-clang 1.4.0 2.29 117.95 120.24 ERROR
r-devel-linux-x86_64-debian-gcc 1.4.0 1.98 88.35 90.33 OK
r-devel-linux-x86_64-fedora-clang 1.4.0 157.59 OK
r-devel-linux-x86_64-fedora-gcc 1.4.0 148.00 OK
r-devel-windows-ix86+x86_64 1.4.0 8.00 236.00 244.00 OK
r-patched-linux-x86_64 1.4.0 2.38 113.10 115.48 OK
r-patched-solaris-x86 1.4.0 282.30 OK
r-release-linux-x86_64 1.4.0 2.46 112.44 114.90 OK
r-release-windows-ix86+x86_64 1.4.0 9.00 202.00 211.00 OK
r-release-osx-x86_64 1.4.0 OK
r-oldrel-windows-ix86+x86_64 1.4.0 3.00 189.00 192.00 OK
r-oldrel-osx-x86_64 1.4.0 OK

Check Details

Version: 1.4.0
Check: whether package can be installed
Result: WARN
    Found the following significant warnings:
     Warning: unable to re-encode 'geocode.R' line 105
Flavor: r-devel-linux-x86_64-debian-clang

Version: 1.4.0
Check: examples
Result: ERROR
    Running examples in 'RCzechia-Ex.R' failed
    The error most likely occurred in:
    
    > base::assign(".ptime", proc.time(), pos = "CheckExEnv")
    > ### Name: geocode
    > ### Title: Geocode a Czech Address
    > ### Aliases: geocode
    >
    > ### ** Examples
    >
    > <ERROR: re-encoding failure from encoding 'UTF-8'>
    asdf <- geocode("Pod sídlišt...
    +
    +
    +
    +
    + base::assign(".dptime", (proc.time() - get(".ptime", pos = "CheckExEnv")), pos = "CheckExEnv")
    Error: unexpected symbol in:
    "
    base::assign(".dptime"
    Execution halted
Flavor: r-devel-linux-x86_64-debian-clang