CRAN Package Check Results for Package RDS

Last updated on 2017-02-20 16:47:33.

Flavor Version Tinstall Tcheck Ttotal Status Flags
r-devel-linux-x86_64-debian-clang 0.7-8 3.13 46.87 49.99 NOTE
r-devel-linux-x86_64-debian-gcc 0.7-8 3.10 47.96 51.05 NOTE
r-devel-linux-x86_64-fedora-clang 0.7-8 93.46 NOTE --no-stop-on-test-error
r-devel-linux-x86_64-fedora-gcc 0.7-8 91.88 NOTE --no-stop-on-test-error
r-devel-macos-x86_64-clang 0.7-8 76.62 NOTE --no-stop-on-test-error
r-devel-windows-ix86+x86_64 0.7-8 20.00 143.00 163.00 OK
r-patched-linux-x86_64 0.7-8 2.80 42.20 45.00 OK
r-patched-solaris-sparc 0.7-8 547.70 OK
r-patched-solaris-x86 0.7-8 109.00 OK
r-release-linux-x86_64 0.7-8 2.71 42.53 45.23 OK
r-release-osx-x86_64-mavericks 0.7-8 OK
r-release-windows-ix86+x86_64 0.7-8 11.00 100.00 111.00 OK
r-oldrel-windows-ix86+x86_64 0.7-8 14.00 107.00 121.00 OK

Check Details

Version: 0.7-8
Check: compiled code
Result: NOTE
    File ‘RDS/libs/RDS.so’:
     Found no calls to: ‘R_registerRoutines’, ‘R_useDynamicSymbols’
    
    It is good practice to register native routines and to disable symbol
    search.
    
    See ‘Writing portable packages’ in the ‘Writing R Extensions’ manual.
Flavors: r-devel-linux-x86_64-debian-clang, r-devel-linux-x86_64-debian-gcc

Version: 0.7-8
Flags: --no-stop-on-test-error
Check: compiled code
Result: NOTE
    File ‘RDS/libs/RDS.so’:
     Found no calls to: ‘R_registerRoutines’, ‘R_useDynamicSymbols’
    
    It is good practice to register native routines and to disable symbol
    search.
    
    See ‘Writing portable packages’ in the ‘Writing R Extensions’ manual.
Flavors: r-devel-linux-x86_64-fedora-clang, r-devel-linux-x86_64-fedora-gcc, r-devel-macos-x86_64-clang