CRAN Package Check Results for Package RDS

Last updated on 2015-05-05 05:47:43.

Flavor Version Tinstall Tcheck Ttotal Status Flags
r-devel-linux-x86_64-debian-clang 0.7-1 3.06 36.80 39.86 OK
r-devel-linux-x86_64-debian-gcc 0.7-1 2.76 36.42 39.18 OK
r-devel-linux-x86_64-fedora-clang 0.7-1 77.12 OK
r-devel-linux-x86_64-fedora-gcc 0.7-1 71.63 OK
r-devel-osx-x86_64-clang 0.7-1 64.80 OK
r-devel-windows-ix86+x86_64 0.7-1 14.00 75.00 89.00 OK
r-patched-linux-x86_64 0.7-1 2.83 36.37 39.20 OK
r-patched-solaris-sparc 0.7-1 446.30 OK
r-patched-solaris-x86 0.7-1 103.60 OK
r-release-linux-x86_64 0.7-1 2.85 36.28 39.13 OK
r-release-osx-x86_64-mavericks 0.7-1 OK
r-release-osx-x86_64-snowleopard 0.7-1 ERROR
r-release-windows-ix86+x86_64 0.7-1 13.00 78.00 91.00 OK
r-oldrel-windows-ix86+x86_64 0.7-1 14.00 92.00 106.00 OK

Check Details

Version: 0.7-1
Check: package dependencies
Result: ERROR
    Packages required but not available:
     ‘gridExtra’ ‘ggplot2’ ‘Hmisc’ ‘igraph’ ‘scales’
    
    Package suggested but not available for checking: ‘survey’
    
    See section ‘The DESCRIPTION file’ in the ‘Writing R Extensions’
    manual.
Flavor: r-release-osx-x86_64-snowleopard