CRAN Package Check Results for Package RDS

Last updated on 2017-06-25 18:47:58.

Flavor Version Tinstall Tcheck Ttotal Status Flags
r-devel-linux-x86_64-debian-clang 0.7-8 3.20 47.79 50.98 NOTE
r-devel-linux-x86_64-debian-gcc 0.7-8 2.96 47.62 50.58 NOTE
r-devel-linux-x86_64-fedora-clang 0.7-8 98.93 NOTE
r-devel-linux-x86_64-fedora-gcc 0.7-8 91.63 NOTE
r-devel-windows-ix86+x86_64 0.7-8 16.00 145.00 161.00 OK
r-patched-linux-x86_64 0.7-8 3.22 49.09 52.30 NOTE
r-patched-solaris-sparc 0.7-8 590.80 OK
r-patched-solaris-x86 0.7-8 119.60 OK
r-release-linux-x86_64 0.7-8 3.25 48.74 51.99 NOTE
r-release-windows-ix86+x86_64 0.7-8 22.00 172.00 194.00 OK
r-release-osx-x86_64 0.7-8 OK
r-oldrel-windows-ix86+x86_64 0.7-8 14.00 110.00 124.00 OK
r-oldrel-osx-x86_64 0.7-8 OK

Check Details

Version: 0.7-8
Check: compiled code
Result: NOTE
    File ‘RDS/libs/RDS.so’:
     Found no calls to: ‘R_registerRoutines’, ‘R_useDynamicSymbols’
    
    It is good practice to register native routines and to disable symbol
    search.
    
    See ‘Writing portable packages’ in the ‘Writing R Extensions’ manual.
Flavors: r-devel-linux-x86_64-debian-clang, r-devel-linux-x86_64-debian-gcc, r-devel-linux-x86_64-fedora-clang, r-devel-linux-x86_64-fedora-gcc, r-patched-linux-x86_64, r-release-linux-x86_64