CRAN Package Check Results for Package RDS

Last updated on 2017-08-18 17:48:05.

Flavor Version Tinstall Tcheck Ttotal Status Flags
r-devel-linux-x86_64-debian-clang 0.7-8 3.48 48.08 51.56 NOTE
r-devel-linux-x86_64-debian-gcc 0.7-8 3.16 46.25 49.41 NOTE
r-devel-linux-x86_64-fedora-clang 0.7-8 99.13 NOTE
r-devel-linux-x86_64-fedora-gcc 0.7-8 96.38 NOTE
r-devel-windows-ix86+x86_64 0.7-8 13.00 102.00 115.00 OK
r-patched-linux-x86_64 0.7-8 3.10 48.33 51.43 NOTE
r-patched-solaris-x86 0.7-8 119.60 OK
r-release-linux-x86_64 0.7-8 3.78 48.78 52.56 NOTE
r-release-windows-ix86+x86_64 0.7-8 16.00 105.00 121.00 OK
r-release-osx-x86_64 0.7-8 OK
r-oldrel-windows-ix86+x86_64 0.7-8 11.00 88.00 99.00 OK
r-oldrel-osx-x86_64 0.7-8 OK

Check Details

Version: 0.7-8
Check: compiled code
Result: NOTE
    File ‘RDS/libs/RDS.so’:
     Found no calls to: ‘R_registerRoutines’, ‘R_useDynamicSymbols’
    
    It is good practice to register native routines and to disable symbol
    search.
    
    See ‘Writing portable packages’ in the ‘Writing R Extensions’ manual.
Flavors: r-devel-linux-x86_64-debian-clang, r-devel-linux-x86_64-debian-gcc, r-devel-linux-x86_64-fedora-clang, r-devel-linux-x86_64-fedora-gcc, r-patched-linux-x86_64, r-release-linux-x86_64