CRAN Package Check Results for Package RDS

Last updated on 2017-04-26 23:53:19.

Flavor Version Tinstall Tcheck Ttotal Status Flags
r-devel-linux-x86_64-debian-clang 0.7-8 3.11 47.52 50.63 NOTE
r-devel-linux-x86_64-debian-gcc 0.7-8 3.10 46.35 49.46 NOTE
r-devel-linux-x86_64-fedora-clang 0.7-8 95.20 NOTE --no-stop-on-test-error
r-devel-linux-x86_64-fedora-gcc 0.7-8 90.89 NOTE --no-stop-on-test-error
r-devel-windows-ix86+x86_64 0.7-8 19.00 147.00 166.00 OK
r-patched-linux-x86_64 0.7-8 3.29 48.40 51.68 NOTE
r-patched-solaris-sparc 0.7-8 590.80 OK
r-patched-solaris-x86 0.7-8 119.20 OK
r-release-linux-x86_64 0.7-8 3.04 46.91 49.95 NOTE
r-release-windows-ix86+x86_64 0.7-8 11.00 115.00 126.00 OK
r-release-osx-x86_64 0.7-8 OK
r-oldrel-windows-ix86+x86_64 0.7-8 11.00 144.00 155.00 OK
r-oldrel-osx-x86_64 0.7-8 OK

Check Details

Version: 0.7-8
Check: compiled code
Result: NOTE
    File ‘RDS/libs/RDS.so’:
     Found no calls to: ‘R_registerRoutines’, ‘R_useDynamicSymbols’
    
    It is good practice to register native routines and to disable symbol
    search.
    
    See ‘Writing portable packages’ in the ‘Writing R Extensions’ manual.
Flavors: r-devel-linux-x86_64-debian-clang, r-devel-linux-x86_64-debian-gcc, r-patched-linux-x86_64, r-release-linux-x86_64

Version: 0.7-8
Flags: --no-stop-on-test-error
Check: compiled code
Result: NOTE
    File ‘RDS/libs/RDS.so’:
     Found no calls to: ‘R_registerRoutines’, ‘R_useDynamicSymbols’
    
    It is good practice to register native routines and to disable symbol
    search.
    
    See ‘Writing portable packages’ in the ‘Writing R Extensions’ manual.
Flavors: r-devel-linux-x86_64-fedora-clang, r-devel-linux-x86_64-fedora-gcc