CRAN Package Check Results for Package RDS

Last updated on 2017-03-26 21:48:08.

Flavor Version Tinstall Tcheck Ttotal Status Flags
r-devel-linux-x86_64-debian-clang 0.7-8 3.36 47.68 51.04 NOTE
r-devel-linux-x86_64-debian-gcc 0.7-8 3.22 48.37 51.58 NOTE
r-devel-linux-x86_64-fedora-clang 0.7-8 93.87 NOTE --no-stop-on-test-error
r-devel-linux-x86_64-fedora-gcc 0.7-8 91.53 NOTE --no-stop-on-test-error
r-devel-macos-x86_64-clang 0.7-8 75.59 NOTE --no-stop-on-test-error
r-patched-linux-x86_64 0.7-8 3.10 47.59 50.68 NOTE
r-patched-solaris-sparc 0.7-8 590.80 OK
r-patched-solaris-x86 0.7-8 120.80 OK
r-release-linux-x86_64 0.7-8 2.90 42.72 45.62 OK
r-release-osx-x86_64-mavericks 0.7-8 OK
r-release-windows-ix86+x86_64 0.7-8 17.00 103.00 120.00 OK
r-oldrel-windows-ix86+x86_64 0.7-8 13.00 96.00 109.00 OK

Check Details

Version: 0.7-8
Check: compiled code
Result: NOTE
    File ‘RDS/libs/RDS.so’:
     Found no calls to: ‘R_registerRoutines’, ‘R_useDynamicSymbols’
    
    It is good practice to register native routines and to disable symbol
    search.
    
    See ‘Writing portable packages’ in the ‘Writing R Extensions’ manual.
Flavors: r-devel-linux-x86_64-debian-clang, r-devel-linux-x86_64-debian-gcc, r-patched-linux-x86_64

Version: 0.7-8
Flags: --no-stop-on-test-error
Check: compiled code
Result: NOTE
    File ‘RDS/libs/RDS.so’:
     Found no calls to: ‘R_registerRoutines’, ‘R_useDynamicSymbols’
    
    It is good practice to register native routines and to disable symbol
    search.
    
    See ‘Writing portable packages’ in the ‘Writing R Extensions’ manual.
Flavors: r-devel-linux-x86_64-fedora-clang, r-devel-linux-x86_64-fedora-gcc, r-devel-macos-x86_64-clang