CRAN Package Check Results for Package RDS

Last updated on 2017-12-15 08:48:58 CET.

Flavor Version Tinstall Tcheck Ttotal Status Flags
r-devel-linux-x86_64-debian-clang 0.8-1 8.22 86.74 94.96 FAIL
r-devel-linux-x86_64-debian-gcc 0.8-1 6.51 132.95 139.46 OK
r-devel-linux-x86_64-fedora-clang 0.8-1 216.76 OK
r-devel-linux-x86_64-fedora-gcc 0.8-1 208.28 OK
r-devel-windows-ix86+x86_64 0.8-1 29.00 230.00 259.00 OK
r-patched-linux-x86_64 0.8-1 9.19 185.44 194.63 OK
r-patched-solaris-x86 0.8-1 317.40 OK
r-release-linux-x86_64 0.8-1 10.47 184.49 194.96 OK
r-release-windows-ix86+x86_64 0.8-1 27.00 251.00 278.00 OK
r-release-osx-x86_64 0.8-1 OK
r-oldrel-windows-ix86+x86_64 0.8-1 32.00 384.00 416.00 OK
r-oldrel-osx-x86_64 0.8-1 OK

Check Details

Version: 0.8-1
Check: pragmas in C/C++ headers and code
Result: FAIL
    
Flavor: r-devel-linux-x86_64-debian-clang