CRAN Package Check Results for Package RDS

Last updated on 2015-07-05 22:47:42.

Flavor Version Tinstall Tcheck Ttotal Status Flags
r-devel-linux-x86_64-debian-clang 0.7-2 2.57 37.18 39.74 NOTE
r-devel-linux-x86_64-debian-gcc 0.7-2 2.65 37.21 39.86 NOTE
r-devel-linux-x86_64-fedora-clang 0.7-2 78.18 NOTE
r-devel-linux-x86_64-fedora-gcc 0.7-2 71.60 NOTE
r-devel-osx-x86_64-clang 0.7-2 67.35 OK
r-devel-windows-ix86+x86_64 0.7-2 25.00 86.00 111.00 NOTE
r-patched-linux-x86_64 0.7-2 2.78 36.88 39.66 OK
r-patched-solaris-sparc 0.7-2 498.30 OK
r-patched-solaris-x86 0.7-2 108.50 OK
r-release-linux-x86_64 0.7-2 2.80 38.15 40.96 OK
r-release-osx-x86_64-mavericks 0.7-2 OK
r-release-windows-ix86+x86_64 0.7-2 18.00 78.00 96.00 OK
r-oldrel-windows-ix86+x86_64 0.7-2 26.00 103.00 129.00 OK

Check Details

Version: 0.7-2
Check: R code for possible problems
Result: NOTE
    .arrangeGrob_RDS: no visible global function definition for ‘n2mfrow’
    EL.est: no visible global function definition for ‘median’
    EL.se: no visible global function definition for ‘median’
    LRT.trend: no visible global function definition for ‘rnorm’
    LRT.trend: no visible global function definition for ‘quantile’
    LRT.trend: no visible global function definition for ‘spline’
    LRT.trend: no visible global function definition for ‘abline’
    LRT.trend.null: no visible global function definition for ‘rnorm’
    LRT.trend.null: no visible global function definition for ‘quantile’
    LRT.trend.null: no visible global function definition for ‘spline’
    LRT.trend.null: no visible global function definition for ‘abline’
    RDS.bootstrap.intervals.local: no visible global function definition
     for ‘qnorm’
    RDS.bootstrap.intervals.local: no visible binding for global variable
     ‘quantile’
    RDS.compare.two.proportions: no visible global function definition for
     ‘par’
    RDS.compare.two.proportions: no visible global function definition for
     ‘quantile’
    RDS.compare.two.proportions: no visible global function definition for
     ‘spline’
    RDS.compare.two.proportions: no visible global function definition for
     ‘abline’
    RDS.estimates.local: no visible global function definition for ‘xtabs’
    RDS.estimates.local: no visible global function definition for ‘var’
    SSBS.estimates: no visible global function definition for ‘qnorm’
    SSBS.estimates: no visible binding for global variable ‘sd’
    bgk_kde: no visible global function definition for ‘hist’
    bgk_kde : dct1d: no visible global function definition for ‘fft’
    bgk_kde: no visible global function definition for ‘uniroot’
    bgk_kde : idct1d: no visible global function definition for ‘fft’
    errorbar: no visible global function definition for ‘par’
    errorbar: no visible global function definition for ‘strwidth’
    errorbar: no visible global function definition for ‘plot’
    errorbar: no visible global function definition for ‘axis’
    errorbar: no visible global function definition for ‘points’
    errorbar: no visible global function definition for ‘segments’
    errorbar: no visible global function definition for ‘abline’
    errorbar: no visible global function definition for ‘lines’
    gile.ss.weights: no visible global function definition for ‘approx’
    impute.degree : moving.median: no visible global function definition
     for ‘median’
    memle: no visible global function definition for ‘optim’
    orWaldCI: no visible global function definition for ‘qnorm’
    print.summary.me: no visible global function definition for
     ‘printCoefmat’
    print.summary.svyglm.RDS: no visible global function definition for
     ‘printCoefmat’
    print.summary.svyglm.RDS: no visible global function definition for
     ‘symnum’
    read.rdsat: no visible global function definition for ‘read.table’
    reingold.tilford.plot: no visible global function definition for
     ‘runif’
    reingold.tilford.plot: no visible global function definition for
     ‘legend’
    reingold.tilford.plot: no visible global function definition for
     ‘symbols’
    salganik.bootstrap.se: no visible global function definition for ‘var’
    spps.est: no visible global function definition for ‘approx’
    spps.est.keep: no visible global function definition for ‘approx’
    sppsboot4ppsreal: no visible global function definition for ‘approx’
    sppsboot4ppsreal: no visible binding for global variable ‘sd’
    summary.me: no visible global function definition for ‘pt’
    summary.svyglm: no visible global function definition for ‘resid’
    summary.svyglm: no visible global function definition for ‘coef’
    summary.svyglm: no visible global function definition for ‘vcov’
    summary.svyglm: no visible global function definition for ‘qt’
    summary.svyglm: no visible global function definition for ‘pnorm’
    summary.svyglm: no visible global function definition for ‘pt’
    summary.svyglm: no visible global function definition for ‘residuals’
    write.netdraw: no visible global function definition for ‘write.table’
    write.rdsat: no visible global function definition for ‘write.table’
    Undefined global functions or variables:
     abline approx axis coef fft hist legend lines median n2mfrow optim
     par plot pnorm points printCoefmat pt qnorm qt quantile read.table
     resid residuals rnorm runif sd segments spline strwidth symbols
     symnum uniroot var vcov write.table xtabs
Flavors: r-devel-linux-x86_64-debian-clang, r-devel-linux-x86_64-debian-gcc, r-devel-linux-x86_64-fedora-clang, r-devel-linux-x86_64-fedora-gcc, r-devel-windows-ix86+x86_64