CRAN Package Check Results for Package RDSTK

Last updated on 2017-01-20 23:50:45.

Flavor Version Tinstall Tcheck Ttotal Status Flags
r-devel-linux-x86_64-debian-clang 1.1 1.07 16.01 17.08 NOTE
r-devel-linux-x86_64-debian-gcc 1.1 1.13 15.78 16.91 NOTE
r-devel-linux-x86_64-fedora-clang 1.1 31.00 NOTE --no-stop-on-test-error
r-devel-linux-x86_64-fedora-gcc 1.1 29.24 NOTE --no-stop-on-test-error
r-devel-macos-x86_64-clang 1.1 25.88 NOTE --no-stop-on-test-error
r-devel-windows-ix86+x86_64 1.1 7.00 58.00 65.00 NOTE
r-patched-linux-x86_64 1.1 0.97 13.80 14.77 NOTE
r-patched-solaris-sparc 1.1 177.30 NOTE
r-patched-solaris-x86 1.1 38.90 NOTE
r-release-linux-x86_64 1.1 0.98 14.31 15.29 NOTE
r-release-osx-x86_64-mavericks 1.1 NOTE
r-release-windows-ix86+x86_64 1.1 4.00 48.00 52.00 NOTE
r-oldrel-windows-ix86+x86_64 1.1 6.00 69.00 75.00 OK

Check Details

Version: 1.1
Check: R code for possible problems
Result: NOTE
    ip2coordinates: no visible global function definition for ‘URLencode’
    street2coordinates: no visible global function definition for
     ‘URLencode’
    Undefined global functions or variables:
     URLencode
    Consider adding
     importFrom("utils", "URLencode")
    to your NAMESPACE file.
Flavors: r-devel-linux-x86_64-debian-clang, r-devel-linux-x86_64-debian-gcc, r-devel-windows-ix86+x86_64, r-patched-linux-x86_64, r-patched-solaris-sparc, r-patched-solaris-x86, r-release-linux-x86_64, r-release-osx-x86_64-mavericks, r-release-windows-ix86+x86_64

Version: 1.1
Flags: --no-stop-on-test-error
Check: R code for possible problems
Result: NOTE
    ip2coordinates: no visible global function definition for ‘URLencode’
    street2coordinates: no visible global function definition for
     ‘URLencode’
    Undefined global functions or variables:
     URLencode
    Consider adding
     importFrom("utils", "URLencode")
    to your NAMESPACE file.
Flavors: r-devel-linux-x86_64-fedora-clang, r-devel-linux-x86_64-fedora-gcc, r-devel-macos-x86_64-clang