CRAN Package Check Results for Package RDSTK

Last updated on 2017-02-27 23:48:25.

Flavor Version Tinstall Tcheck Ttotal Status Flags
r-devel-linux-x86_64-debian-clang 1.1 1.16 16.56 17.72 NOTE
r-devel-linux-x86_64-debian-gcc 1.1 1.04 17.16 18.20 NOTE
r-devel-linux-x86_64-fedora-clang 1.1 30.64 NOTE --no-stop-on-test-error
r-devel-linux-x86_64-fedora-gcc 1.1 29.30 NOTE --no-stop-on-test-error
r-devel-macos-x86_64-clang 1.1 27.05 NOTE --no-stop-on-test-error
r-devel-windows-ix86+x86_64 1.1 4.00 47.00 51.00 NOTE
r-patched-linux-x86_64 1.1 1.01 14.05 15.07 NOTE
r-patched-solaris-sparc 1.1 177.30 NOTE
r-patched-solaris-x86 1.1 38.60 NOTE
r-release-linux-x86_64 1.1 0.97 14.02 14.99 NOTE
r-release-osx-x86_64-mavericks 1.1 NOTE
r-release-windows-ix86+x86_64 1.1 6.00 45.00 51.00 NOTE
r-oldrel-windows-ix86+x86_64 1.1 5.00 41.00 46.00 OK

Check Details

Version: 1.1
Check: R code for possible problems
Result: NOTE
    ip2coordinates: no visible global function definition for ‘URLencode’
    street2coordinates: no visible global function definition for
     ‘URLencode’
    Undefined global functions or variables:
     URLencode
    Consider adding
     importFrom("utils", "URLencode")
    to your NAMESPACE file.
Flavors: r-devel-linux-x86_64-debian-clang, r-devel-linux-x86_64-debian-gcc, r-devel-windows-ix86+x86_64, r-patched-linux-x86_64, r-patched-solaris-sparc, r-patched-solaris-x86, r-release-linux-x86_64, r-release-osx-x86_64-mavericks, r-release-windows-ix86+x86_64

Version: 1.1
Flags: --no-stop-on-test-error
Check: R code for possible problems
Result: NOTE
    ip2coordinates: no visible global function definition for ‘URLencode’
    street2coordinates: no visible global function definition for
     ‘URLencode’
    Undefined global functions or variables:
     URLencode
    Consider adding
     importFrom("utils", "URLencode")
    to your NAMESPACE file.
Flavors: r-devel-linux-x86_64-fedora-clang, r-devel-linux-x86_64-fedora-gcc, r-devel-macos-x86_64-clang