CRAN Package Check Results for Package RDSTK

Last updated on 2016-12-05 12:51:48.

Flavor Version Tinstall Tcheck Ttotal Status Flags
r-devel-linux-x86_64-debian-clang 1.1 1.14 15.94 17.08 NOTE
r-devel-linux-x86_64-debian-gcc 1.1 1.20 15.97 17.17 NOTE
r-devel-linux-x86_64-fedora-clang 1.1 34.93 NOTE --no-stop-on-test-error
r-devel-linux-x86_64-fedora-gcc 1.1 31.04 NOTE --no-stop-on-test-error
r-devel-macos-x86_64-clang 1.1 27.04 NOTE
r-devel-windows-ix86+x86_64 1.1 4.00 62.00 66.00 NOTE
r-patched-linux-x86_64 1.1 1.00 14.03 15.03 NOTE
r-patched-solaris-sparc 1.1 172.40 NOTE
r-patched-solaris-x86 1.1 39.10 NOTE
r-release-linux-x86_64 1.1 1.00 14.13 15.13 NOTE
r-release-osx-x86_64-mavericks 1.1 NOTE
r-release-windows-ix86+x86_64 1.1 6.00 32.00 38.00 NOTE
r-oldrel-windows-ix86+x86_64 1.1 7.00 30.00 37.00 OK

Check Details

Version: 1.1
Check: R code for possible problems
Result: NOTE
    ip2coordinates: no visible global function definition for ‘URLencode’
    street2coordinates: no visible global function definition for
     ‘URLencode’
    Undefined global functions or variables:
     URLencode
    Consider adding
     importFrom("utils", "URLencode")
    to your NAMESPACE file.
Flavors: r-devel-linux-x86_64-debian-clang, r-devel-linux-x86_64-debian-gcc, r-devel-macos-x86_64-clang, r-devel-windows-ix86+x86_64, r-patched-linux-x86_64, r-patched-solaris-sparc, r-patched-solaris-x86, r-release-linux-x86_64, r-release-osx-x86_64-mavericks, r-release-windows-ix86+x86_64

Version: 1.1
Flags: --no-stop-on-test-error
Check: R code for possible problems
Result: NOTE
    ip2coordinates: no visible global function definition for ‘URLencode’
    street2coordinates: no visible global function definition for
     ‘URLencode’
    Undefined global functions or variables:
     URLencode
    Consider adding
     importFrom("utils", "URLencode")
    to your NAMESPACE file.
Flavors: r-devel-linux-x86_64-fedora-clang, r-devel-linux-x86_64-fedora-gcc