CRAN Package Check Results for Package RDSTK

Last updated on 2017-10-21 18:47:28.

Flavor Version Tinstall Tcheck Ttotal Status Flags
r-devel-linux-x86_64-debian-clang 1.1 1.08 16.03 17.11 NOTE
r-devel-linux-x86_64-debian-gcc 1.1 1.16 18.37 19.53 NOTE
r-devel-linux-x86_64-fedora-clang 1.1 32.66 NOTE
r-devel-linux-x86_64-fedora-gcc 1.1 30.75 NOTE
r-devel-windows-ix86+x86_64 1.1 4.00 35.00 39.00 NOTE
r-patched-linux-x86_64 1.1 1.06 16.69 17.75 NOTE
r-patched-solaris-x86 1.1 46.60 NOTE
r-release-linux-x86_64 1.1 1.07 16.57 17.64 NOTE
r-release-windows-ix86+x86_64 1.1 6.00 37.00 43.00 NOTE
r-release-osx-x86_64 1.1 NOTE
r-oldrel-windows-ix86+x86_64 1.1 4.00 44.00 48.00 NOTE
r-oldrel-osx-x86_64 1.1 NOTE

Check Details

Version: 1.1
Check: R code for possible problems
Result: NOTE
    ip2coordinates: no visible global function definition for ‘URLencode’
    street2coordinates: no visible global function definition for
     ‘URLencode’
    Undefined global functions or variables:
     URLencode
    Consider adding
     importFrom("utils", "URLencode")
    to your NAMESPACE file.
Flavors: r-devel-linux-x86_64-debian-clang, r-devel-linux-x86_64-debian-gcc, r-devel-linux-x86_64-fedora-clang, r-devel-linux-x86_64-fedora-gcc, r-devel-windows-ix86+x86_64, r-patched-linux-x86_64, r-patched-solaris-x86, r-release-linux-x86_64, r-release-windows-ix86+x86_64, r-release-osx-x86_64, r-oldrel-windows-ix86+x86_64, r-oldrel-osx-x86_64