CRAN Package Check Results for Package RDSTK

Last updated on 2015-08-05 06:47:55.

Flavor Version Tinstall Tcheck Ttotal Status Flags
r-devel-linux-x86_64-debian-clang 1.1 1.01 14.53 15.54 NOTE
r-devel-linux-x86_64-debian-gcc 1.1 1.02 13.88 14.90 NOTE
r-devel-linux-x86_64-fedora-clang 1.1 29.84 NOTE
r-devel-linux-x86_64-fedora-gcc 1.1 27.44 NOTE
r-devel-osx-x86_64-clang 1.1 27.68 OK
r-devel-windows-ix86+x86_64 1.1 6.00 23.00 29.00 NOTE
r-patched-linux-x86_64 1.1 1.11 14.29 15.40 OK
r-patched-solaris-sparc 1.1 200.00 OK
r-patched-solaris-x86 1.1 44.80 OK
r-release-linux-x86_64 1.1 1.04 14.41 15.45 OK
r-release-osx-x86_64-mavericks 1.1 OK
r-release-windows-ix86+x86_64 1.1 5.00 34.00 39.00 OK
r-oldrel-windows-ix86+x86_64 1.1 8.00 51.00 59.00 OK

Check Details

Version: 1.1
Check: R code for possible problems
Result: NOTE
    ip2coordinates: no visible global function definition for ‘URLencode’
    street2coordinates: no visible global function definition for
     ‘URLencode’
    Undefined global functions or variables:
     URLencode
    Consider adding
     importFrom("utils", "URLencode")
    to your NAMESPACE.
Flavors: r-devel-linux-x86_64-debian-clang, r-devel-linux-x86_64-debian-gcc, r-devel-linux-x86_64-fedora-clang, r-devel-linux-x86_64-fedora-gcc, r-devel-windows-ix86+x86_64