CRAN Package Check Results for Package RDSTK

Last updated on 2018-05-25 07:51:26 CEST.

Flavor Version Tinstall Tcheck Ttotal Status Flags
r-devel-linux-x86_64-debian-clang 1.1 1.94 24.88 26.82 NOTE
r-devel-linux-x86_64-debian-gcc 1.1 1.38 22.63 24.01 NOTE
r-devel-linux-x86_64-fedora-clang 1.1 35.76 NOTE
r-devel-linux-x86_64-fedora-gcc 1.1 33.85 NOTE
r-devel-windows-ix86+x86_64 1.1 4.00 41.00 45.00 NOTE
r-patched-linux-x86_64 1.1 1.76 25.32 27.08 NOTE
r-patched-solaris-x86 1.1 52.50 NOTE
r-release-linux-x86_64 1.1 1.77 25.06 26.83 NOTE
r-release-windows-ix86+x86_64 1.1 5.00 43.00 48.00 NOTE
r-release-osx-x86_64 1.1 NOTE
r-oldrel-windows-ix86+x86_64 1.1 6.00 36.00 42.00 NOTE
r-oldrel-osx-x86_64 1.1 NOTE

Check Details

Version: 1.1
Check: R code for possible problems
Result: NOTE
    ip2coordinates: no visible global function definition for ‘URLencode’
    street2coordinates: no visible global function definition for
     ‘URLencode’
    Undefined global functions or variables:
     URLencode
    Consider adding
     importFrom("utils", "URLencode")
    to your NAMESPACE file.
Flavors: r-devel-linux-x86_64-debian-clang, r-devel-linux-x86_64-debian-gcc, r-devel-linux-x86_64-fedora-clang, r-devel-linux-x86_64-fedora-gcc, r-devel-windows-ix86+x86_64, r-patched-linux-x86_64, r-patched-solaris-x86, r-release-linux-x86_64, r-release-windows-ix86+x86_64, r-release-osx-x86_64, r-oldrel-windows-ix86+x86_64, r-oldrel-osx-x86_64