CRAN Package Check Results for Package RDSTK

Last updated on 2016-05-01 01:47:34.

Flavor Version Tinstall Tcheck Ttotal Status Flags
r-devel-linux-x86_64-debian-gcc 1.1 1.00 13.92 14.92 NOTE
r-devel-linux-x86_64-fedora-clang 1.1 26.86 NOTE
r-devel-linux-x86_64-fedora-gcc 1.1 25.27 NOTE
r-devel-osx-x86_64-clang 1.1 30.53 NOTE
r-devel-windows-ix86+x86_64 1.1 4.00 32.00 36.00 NOTE
r-patched-linux-x86_64 1.1 0.98 13.79 14.77 NOTE
r-patched-solaris-sparc 1.1 193.10 NOTE
r-patched-solaris-x86 1.1 40.50 NOTE
r-release-linux-x86_64 1.1 1.26 15.72 16.98 OK
r-release-osx-x86_64-mavericks 1.1 OK
r-release-windows-ix86+x86_64 1.1 6.00 39.00 45.00 OK
r-oldrel-windows-ix86+x86_64 1.1 8.00 53.00 61.00 OK

Check Details

Version: 1.1
Check: R code for possible problems
Result: NOTE
    ip2coordinates: no visible global function definition for ‘URLencode’
    street2coordinates: no visible global function definition for
     ‘URLencode’
    Undefined global functions or variables:
     URLencode
    Consider adding
     importFrom("utils", "URLencode")
    to your NAMESPACE file.
Flavors: r-devel-linux-x86_64-debian-gcc, r-devel-linux-x86_64-fedora-clang, r-devel-linux-x86_64-fedora-gcc, r-devel-osx-x86_64-clang, r-devel-windows-ix86+x86_64, r-patched-linux-x86_64, r-patched-solaris-sparc, r-patched-solaris-x86