CRAN Package Check Results for Package RDSTK

Last updated on 2016-07-29 15:47:39.

Flavor Version Tinstall Tcheck Ttotal Status Flags
r-devel-linux-x86_64-debian-clang 1.1 1.00 14.26 15.26 NOTE
r-devel-linux-x86_64-debian-gcc 1.1 1.36 15.62 16.98 NOTE
r-devel-linux-x86_64-fedora-clang 1.1 27.18 NOTE
r-devel-linux-x86_64-fedora-gcc 1.1 24.90 NOTE
r-devel-osx-x86_64-clang 1.1 23.42 NOTE
r-devel-windows-ix86+x86_64 1.1 6.00 32.00 38.00 NOTE
r-patched-linux-x86_64 1.1 1.14 16.74 17.88 NOTE
r-patched-solaris-sparc 1.1 172.40 NOTE
r-patched-solaris-x86 1.1 39.30 NOTE
r-release-linux-x86_64 1.1 1.22 16.09 17.32 NOTE
r-release-osx-x86_64-mavericks 1.1 NOTE
r-release-windows-ix86+x86_64 1.1 6.00 32.00 38.00 NOTE
r-oldrel-windows-ix86+x86_64 1.1 6.00 30.00 36.00 OK

Check Details

Version: 1.1
Check: R code for possible problems
Result: NOTE
    ip2coordinates: no visible global function definition for ‘URLencode’
    street2coordinates: no visible global function definition for
     ‘URLencode’
    Undefined global functions or variables:
     URLencode
    Consider adding
     importFrom("utils", "URLencode")
    to your NAMESPACE file.
Flavors: r-devel-linux-x86_64-debian-clang, r-devel-linux-x86_64-debian-gcc, r-devel-linux-x86_64-fedora-clang, r-devel-linux-x86_64-fedora-gcc, r-devel-osx-x86_64-clang, r-devel-windows-ix86+x86_64, r-patched-linux-x86_64, r-patched-solaris-sparc, r-patched-solaris-x86, r-release-linux-x86_64, r-release-osx-x86_64-mavericks, r-release-windows-ix86+x86_64