CRAN Package Check Results for Package RDSTK

Last updated on 2017-12-14 17:48:49 CET.

Flavor Version Tinstall Tcheck Ttotal Status Flags
r-devel-linux-x86_64-debian-clang 1.1 1.43 22.24 23.67 NOTE
r-devel-linux-x86_64-debian-gcc 1.1 1.15 20.56 21.71 NOTE
r-devel-linux-x86_64-fedora-clang 1.1 31.51 NOTE
r-devel-linux-x86_64-fedora-gcc 1.1 30.27 NOTE
r-devel-windows-ix86+x86_64 1.1 6.00 48.00 54.00 NOTE
r-patched-linux-x86_64 1.1 1.43 24.78 26.21 NOTE
r-patched-solaris-x86 1.1 43.80 NOTE
r-release-linux-x86_64 1.1 1.65 24.12 25.77 NOTE
r-release-windows-ix86+x86_64 1.1 4.00 39.00 43.00 NOTE
r-release-osx-x86_64 1.1 NOTE
r-oldrel-windows-ix86+x86_64 1.1 4.00 42.00 46.00 NOTE
r-oldrel-osx-x86_64 1.1 NOTE

Check Details

Version: 1.1
Check: R code for possible problems
Result: NOTE
    ip2coordinates: no visible global function definition for ‘URLencode’
    street2coordinates: no visible global function definition for
     ‘URLencode’
    Undefined global functions or variables:
     URLencode
    Consider adding
     importFrom("utils", "URLencode")
    to your NAMESPACE file.
Flavors: r-devel-linux-x86_64-debian-clang, r-devel-linux-x86_64-debian-gcc, r-devel-linux-x86_64-fedora-clang, r-devel-linux-x86_64-fedora-gcc, r-devel-windows-ix86+x86_64, r-patched-linux-x86_64, r-patched-solaris-x86, r-release-linux-x86_64, r-release-windows-ix86+x86_64, r-release-osx-x86_64, r-oldrel-windows-ix86+x86_64, r-oldrel-osx-x86_64