CRAN Package Check Results for Package RDSTK

Last updated on 2016-09-27 03:51:03.

Flavor Version Tinstall Tcheck Ttotal Status Flags
r-devel-linux-x86_64-debian-clang 1.1 0.97 14.03 15.00 NOTE
r-devel-linux-x86_64-debian-gcc 1.1 0.99 14.51 15.50 NOTE
r-devel-linux-x86_64-fedora-clang 1.1 27.38 NOTE
r-devel-linux-x86_64-fedora-gcc 1.1 24.84 NOTE
r-devel-macos-x86_64-clang 1.1 22.58 NOTE
r-devel-windows-ix86+x86_64 1.1 5.00 44.00 49.00 NOTE
r-patched-linux-x86_64 1.1 0.98 13.89 14.87 NOTE
r-patched-solaris-sparc 1.1 172.40 NOTE
r-patched-solaris-x86 1.1 38.60 NOTE
r-release-linux-x86_64 1.1 1.06 14.71 15.77 NOTE
r-release-osx-x86_64-mavericks 1.1 NOTE
r-release-windows-ix86+x86_64 1.1 6.00 52.00 58.00 NOTE
r-oldrel-windows-ix86+x86_64 1.1 5.00 50.00 55.00 OK

Check Details

Version: 1.1
Check: R code for possible problems
Result: NOTE
    ip2coordinates: no visible global function definition for ‘URLencode’
    street2coordinates: no visible global function definition for
     ‘URLencode’
    Undefined global functions or variables:
     URLencode
    Consider adding
     importFrom("utils", "URLencode")
    to your NAMESPACE file.
Flavors: r-devel-linux-x86_64-debian-clang, r-devel-linux-x86_64-debian-gcc, r-devel-linux-x86_64-fedora-clang, r-devel-linux-x86_64-fedora-gcc, r-devel-macos-x86_64-clang, r-devel-windows-ix86+x86_64, r-patched-linux-x86_64, r-patched-solaris-sparc, r-patched-solaris-x86, r-release-linux-x86_64, r-release-osx-x86_64-mavericks, r-release-windows-ix86+x86_64