CRAN Package Check Results for Package RDSTK

Last updated on 2017-04-26 21:47:34.

Flavor Version Tinstall Tcheck Ttotal Status Flags
r-devel-linux-x86_64-debian-clang 1.1 1.08 16.45 17.52 NOTE
r-devel-linux-x86_64-debian-gcc 1.1 1.06 16.03 17.09 NOTE
r-devel-linux-x86_64-fedora-clang 1.1 31.72 NOTE --no-stop-on-test-error
r-devel-linux-x86_64-fedora-gcc 1.1 29.91 NOTE --no-stop-on-test-error
r-devel-windows-ix86+x86_64 1.1 6.00 49.00 55.00 NOTE
r-patched-linux-x86_64 1.1 1.06 16.47 17.53 NOTE
r-patched-solaris-sparc 1.1 188.50 NOTE
r-patched-solaris-x86 1.1 44.20 NOTE
r-release-linux-x86_64 1.1 1.05 16.19 17.24 NOTE
r-release-windows-ix86+x86_64 1.1 4.00 38.00 42.00 NOTE
r-release-osx-x86_64 1.1 NOTE
r-oldrel-windows-ix86+x86_64 1.1 3.00 45.00 48.00 NOTE
r-oldrel-osx-x86_64 1.1 NOTE

Check Details

Version: 1.1
Check: R code for possible problems
Result: NOTE
    ip2coordinates: no visible global function definition for ‘URLencode’
    street2coordinates: no visible global function definition for
     ‘URLencode’
    Undefined global functions or variables:
     URLencode
    Consider adding
     importFrom("utils", "URLencode")
    to your NAMESPACE file.
Flavors: r-devel-linux-x86_64-debian-clang, r-devel-linux-x86_64-debian-gcc, r-devel-windows-ix86+x86_64, r-patched-linux-x86_64, r-patched-solaris-sparc, r-patched-solaris-x86, r-release-linux-x86_64, r-release-windows-ix86+x86_64, r-release-osx-x86_64, r-oldrel-windows-ix86+x86_64, r-oldrel-osx-x86_64

Version: 1.1
Flags: --no-stop-on-test-error
Check: R code for possible problems
Result: NOTE
    ip2coordinates: no visible global function definition for ‘URLencode’
    street2coordinates: no visible global function definition for
     ‘URLencode’
    Undefined global functions or variables:
     URLencode
    Consider adding
     importFrom("utils", "URLencode")
    to your NAMESPACE file.
Flavors: r-devel-linux-x86_64-fedora-clang, r-devel-linux-x86_64-fedora-gcc