CRAN Package Check Results for Package RDSTK

Last updated on 2017-08-16 16:47:01.

Flavor Version Tinstall Tcheck Ttotal Status Flags
r-devel-linux-x86_64-debian-clang 1.1 1.21 16.41 17.63 NOTE
r-devel-linux-x86_64-debian-gcc 1.1 1.16 16.61 17.77 NOTE
r-devel-linux-x86_64-fedora-clang 1.1 33.89 NOTE
r-devel-linux-x86_64-fedora-gcc 1.1 31.55 NOTE
r-devel-windows-ix86+x86_64 1.1 4.00 36.00 40.00 NOTE
r-patched-linux-x86_64 1.1 1.08 17.51 18.59 NOTE
r-patched-solaris-x86 1.1 44.70 NOTE
r-release-linux-x86_64 1.1 1.20 17.07 18.27 NOTE
r-release-windows-ix86+x86_64 1.1 4.00 47.00 51.00 NOTE
r-release-osx-x86_64 1.1 NOTE
r-oldrel-windows-ix86+x86_64 1.1 5.00 33.00 38.00 NOTE
r-oldrel-osx-x86_64 1.1 NOTE

Check Details

Version: 1.1
Check: R code for possible problems
Result: NOTE
    ip2coordinates: no visible global function definition for ‘URLencode’
    street2coordinates: no visible global function definition for
     ‘URLencode’
    Undefined global functions or variables:
     URLencode
    Consider adding
     importFrom("utils", "URLencode")
    to your NAMESPACE file.
Flavors: r-devel-linux-x86_64-debian-clang, r-devel-linux-x86_64-debian-gcc, r-devel-linux-x86_64-fedora-clang, r-devel-linux-x86_64-fedora-gcc, r-devel-windows-ix86+x86_64, r-patched-linux-x86_64, r-patched-solaris-x86, r-release-linux-x86_64, r-release-windows-ix86+x86_64, r-release-osx-x86_64, r-oldrel-windows-ix86+x86_64, r-oldrel-osx-x86_64