CRAN Package Check Results for Package RDSTK

Last updated on 2015-07-03 21:46:45.

Flavor Version Tinstall Tcheck Ttotal Status Flags
r-devel-linux-x86_64-debian-clang 1.1 1.05 14.65 15.70 NOTE
r-devel-linux-x86_64-debian-gcc 1.1 1.01 13.83 14.84 NOTE
r-devel-linux-x86_64-fedora-clang 1.1 29.36 NOTE
r-devel-linux-x86_64-fedora-gcc 1.1 27.80 NOTE
r-devel-osx-x86_64-clang 1.1 29.29 OK
r-devel-windows-ix86+x86_64 1.1 4.00 25.00 29.00 NOTE
r-patched-linux-x86_64 1.1 1.04 14.27 15.30 OK
r-patched-solaris-sparc 1.1 200.70 OK
r-patched-solaris-x86 1.1 46.40 OK
r-release-linux-x86_64 1.1 1.37 14.09 15.46 OK
r-release-osx-x86_64-mavericks 1.1 OK
r-release-windows-ix86+x86_64 1.1 5.00 36.00 41.00 OK
r-oldrel-windows-ix86+x86_64 1.1 6.00 50.00 56.00 OK

Check Details

Version: 1.1
Check: R code for possible problems
Result: NOTE
    ip2coordinates: no visible global function definition for ‘URLencode’
    street2coordinates: no visible global function definition for
     ‘URLencode’
    Undefined global functions or variables:
     URLencode
Flavors: r-devel-linux-x86_64-debian-clang, r-devel-linux-x86_64-debian-gcc, r-devel-linux-x86_64-fedora-clang, r-devel-linux-x86_64-fedora-gcc, r-devel-windows-ix86+x86_64