CRAN Package Check Results for Package RDSTK

Last updated on 2016-02-09 01:48:15.

Flavor Version Tinstall Tcheck Ttotal Status Flags
r-devel-linux-x86_64-debian-gcc 1.1 1.13 12.89 14.02 NOTE
r-devel-linux-x86_64-fedora-clang 1.1 27.18 NOTE
r-devel-linux-x86_64-fedora-gcc 1.1 25.51 NOTE
r-devel-osx-x86_64-clang 1.1 29.54 NOTE
r-devel-windows-ix86+x86_64 1.1 5.00 34.00 39.00 NOTE
r-patched-linux-x86_64 1.1 1.12 14.33 15.45 OK
r-patched-solaris-sparc 1.1 179.90 OK
r-patched-solaris-x86 1.1 40.40 OK
r-release-linux-x86_64 1.1 1.11 14.38 15.49 OK
r-release-osx-x86_64-mavericks 1.1 OK
r-release-windows-ix86+x86_64 1.1 5.00 27.00 32.00 OK
r-oldrel-windows-ix86+x86_64 1.1 9.00 33.00 42.00 OK

Check Details

Version: 1.1
Check: R code for possible problems
Result: NOTE
    ip2coordinates: no visible global function definition for ‘URLencode’
    street2coordinates: no visible global function definition for
     ‘URLencode’
    Undefined global functions or variables:
     URLencode
    Consider adding
     importFrom("utils", "URLencode")
    to your NAMESPACE file.
Flavors: r-devel-linux-x86_64-debian-gcc, r-devel-linux-x86_64-fedora-clang, r-devel-linux-x86_64-fedora-gcc, r-devel-osx-x86_64-clang, r-devel-windows-ix86+x86_64