CRAN Package Check Results for Package RDSTK

Last updated on 2016-06-28 06:47:16.

Flavor Version Tinstall Tcheck Ttotal Status Flags
r-devel-linux-x86_64-debian-gcc 1.1 0.99 14.40 15.39 NOTE
r-devel-linux-x86_64-fedora-clang 1.1 27.11 NOTE
r-devel-linux-x86_64-fedora-gcc 1.1 25.05 NOTE
r-devel-osx-x86_64-clang 1.1 23.25 NOTE
r-devel-windows-ix86+x86_64 1.1 5.00 60.00 65.00 NOTE
r-patched-linux-x86_64 1.1 0.99 14.92 15.91 NOTE
r-patched-solaris-sparc 1.1 172.40 NOTE
r-patched-solaris-x86 1.1 40.30 NOTE
r-release-linux-x86_64 1.1 1.03 14.01 15.04 NOTE
r-release-osx-x86_64-mavericks 1.1 NOTE
r-release-windows-ix86+x86_64 1.1 7.00 44.00 51.00 NOTE
r-oldrel-windows-ix86+x86_64 1.1 6.00 47.00 53.00 OK

Check Details

Version: 1.1
Check: R code for possible problems
Result: NOTE
    ip2coordinates: no visible global function definition for ‘URLencode’
    street2coordinates: no visible global function definition for
     ‘URLencode’
    Undefined global functions or variables:
     URLencode
    Consider adding
     importFrom("utils", "URLencode")
    to your NAMESPACE file.
Flavors: r-devel-linux-x86_64-debian-gcc, r-devel-linux-x86_64-fedora-clang, r-devel-linux-x86_64-fedora-gcc, r-devel-osx-x86_64-clang, r-devel-windows-ix86+x86_64, r-patched-linux-x86_64, r-patched-solaris-sparc, r-patched-solaris-x86, r-release-linux-x86_64, r-release-osx-x86_64-mavericks, r-release-windows-ix86+x86_64