CRAN Package Check Results for Package RDieHarder

Last updated on 2014-04-24 09:49:08.

Flavor Version Tinstall Tcheck Ttotal Status Flags
r-devel-linux-x86_64-debian-clang 0.1.3 3.66 14.07 17.73 OK
r-devel-linux-x86_64-debian-gcc 0.1.3 4.59 13.74 18.34 OK
r-devel-linux-x86_64-fedora-clang 0.1.3 19.40 NOTE --install=fake
r-devel-linux-x86_64-fedora-gcc 0.1.3 18.91 NOTE --install=fake
r-devel-osx-x86_64-gcc 0.1.3 ERROR
r-patched-linux-x86_64 0.1.3 4.61 13.76 18.37 OK
r-release-linux-ix86 0.1.3 10.00 33.00 43.00 OK
r-release-linux-x86_64 0.1.3 4.41 13.73 18.14 OK
r-release-osx-x86_64-mavericks 0.1.3 ERROR
r-release-osx-x86_64-snowleopard 0.1.3 ERROR

Check Details

Version: 0.1.3
Flags: --install=fake
Check: R code for possible problems
Result: NOTE
    dieharder.default: no visible binding for global variable
     ‘.dieharder.generators’
    dieharder.default: no visible binding for global variable
     ‘.dieharder.tests’
Flavors: r-devel-linux-x86_64-fedora-clang, r-devel-linux-x86_64-fedora-gcc

Version: 0.1.3
Check: whether package can be installed
Result: ERROR
    Installation failed.
    See ‘/Volumes/XT3/Builds/R-dev-web/QA/Simon/packages/snowleopard-x86_64/results/3.2/RDieHarder.Rcheck/00install.out’ for details.
Flavor: r-devel-osx-x86_64-gcc

Version: 0.1.3
Check: whether package can be installed
Result: ERROR
    Installation failed.
    See ‘/Builds/CRAN-QA-Simon/packages/mavericks-x86_64/results/3.1/RDieHarder.Rcheck/00install.out’ for details.
Flavor: r-release-osx-x86_64-mavericks

Version: 0.1.3
Check: whether package can be installed
Result: ERROR
    Installation failed.
    See ‘/Volumes/XT3/Builds/R-dev-web/QA/Simon/packages/snowleopard-x86_64/results/3.1/RDieHarder.Rcheck/00install.out’ for details.
Flavor: r-release-osx-x86_64-snowleopard