CRAN Package Check Results for Package RDieHarder

Last updated on 2015-03-30 07:48:37.

Flavor Version Tinstall Tcheck Ttotal Status Flags
r-devel-linux-x86_64-debian-clang 0.1.3 3.80 15.03 18.83 NOTE
r-devel-linux-x86_64-debian-gcc 0.1.3 5.92 14.82 20.74 NOTE
r-devel-linux-x86_64-fedora-clang 0.1.3 17.40 NOTE --install=fake
r-devel-linux-x86_64-fedora-gcc 0.1.3 16.32 NOTE --install=fake
r-prerel-linux-x86_64 0.1.3 5.98 14.68 20.67 NOTE
r-release-linux-x86_64 0.1.3 5.95 16.39 22.34 OK
r-release-osx-x86_64-mavericks 0.1.3 ERROR
r-release-osx-x86_64-snowleopard 0.1.3 ERROR

Check Details

Version: 0.1.3
Check: S3 generic/method consistency
Result: NOTE
    Found the following apparent S3 methods exported but not registered:
     dieharder.default plot.dieharder print.dieharder summary.dieharder
    See section ‘Registering S3 methods’ in the ‘Writing R Extensions’
    manual.
Flavors: r-devel-linux-x86_64-debian-clang, r-devel-linux-x86_64-debian-gcc, r-prerel-linux-x86_64

Version: 0.1.3
Flags: --install=fake
Check: S3 generic/method consistency
Result: NOTE
    Found the following apparent S3 methods exported but not registered:
     dieharder.default plot.dieharder print.dieharder summary.dieharder
    See section ‘Registering S3 methods’ in the ‘Writing R Extensions’
    manual.
Flavors: r-devel-linux-x86_64-fedora-clang, r-devel-linux-x86_64-fedora-gcc

Version: 0.1.3
Flags: --install=fake
Check: R code for possible problems
Result: NOTE
    dieharder.default: no visible binding for global variable
     ‘.dieharder.generators’
    dieharder.default: no visible binding for global variable
     ‘.dieharder.tests’
Flavors: r-devel-linux-x86_64-fedora-clang, r-devel-linux-x86_64-fedora-gcc

Version: 0.1.3
Check: whether package can be installed
Result: ERROR
    Installation failed.
Flavors: r-release-osx-x86_64-mavericks, r-release-osx-x86_64-snowleopard