CRAN Package Check Results for Package RDieHarder

Last updated on 2015-09-04 23:56:24.

Flavor Version Tinstall Tcheck Ttotal Status Flags
r-devel-linux-x86_64-debian-clang 0.1.3 3.87 14.38 18.25 NOTE
r-devel-linux-x86_64-debian-gcc 0.1.3 5.91 14.56 20.48 NOTE
r-devel-linux-x86_64-fedora-clang 0.1.3 16.73 NOTE --install=fake
r-devel-linux-x86_64-fedora-gcc 0.1.3 15.28 NOTE --install=fake
r-patched-linux-x86_64 0.1.3 5.98 15.20 21.18 NOTE
r-release-linux-x86_64 0.1.3 5.92 14.76 20.68 NOTE
r-release-osx-x86_64-mavericks 0.1.3 ERROR

Check Details

Version: 0.1.3
Check: S3 generic/method consistency
Result: NOTE
    Found the following apparent S3 methods exported but not registered:
     dieharder.default plot.dieharder print.dieharder summary.dieharder
    See section ‘Registering S3 methods’ in the ‘Writing R Extensions’
    manual.
Flavors: r-devel-linux-x86_64-debian-clang, r-devel-linux-x86_64-debian-gcc, r-patched-linux-x86_64, r-release-linux-x86_64

Version: 0.1.3
Check: R code for possible problems
Result: NOTE
    plot.dieharder: no visible global function definition for ‘par’
    plot.dieharder: no visible global function definition for ‘hist’
    plot.dieharder: no visible global function definition for ‘lines’
    plot.dieharder: no visible global function definition for ‘density’
    plot.dieharder: no visible global function definition for ‘plot’
    plot.dieharder: no visible global function definition for ‘ecdf’
    plot.dieharder: no visible global function definition for ‘segments’
    plot.dieharder: no visible global function definition for ‘mtext’
    plot.dieharder: no visible global function definition for ‘ks.test’
    plot.dieharder: no visible global function definition for ‘wilcox.test’
    summary.dieharder: no visible global function definition for ‘stem’
    summary.dieharder: no visible global function definition for ‘ks.test’
    summary.dieharder: no visible global function definition for
     ‘wilcox.test’
    Undefined global functions or variables:
     density ecdf hist ks.test lines mtext par plot segments stem
     wilcox.test
    Consider adding
     importFrom("graphics", "hist", "lines", "mtext", "par", "plot",
     "segments", "stem")
     importFrom("stats", "density", "ecdf", "ks.test", "wilcox.test")
    to your NAMESPACE.
Flavors: r-devel-linux-x86_64-debian-clang, r-devel-linux-x86_64-debian-gcc

Version: 0.1.3
Flags: --install=fake
Check: S3 generic/method consistency
Result: NOTE
    Found the following apparent S3 methods exported but not registered:
     dieharder.default plot.dieharder print.dieharder summary.dieharder
    See section ‘Registering S3 methods’ in the ‘Writing R Extensions’
    manual.
Flavors: r-devel-linux-x86_64-fedora-clang, r-devel-linux-x86_64-fedora-gcc

Version: 0.1.3
Flags: --install=fake
Check: R code for possible problems
Result: NOTE
    dieharder.default: no visible binding for global variable
     ‘.dieharder.generators’
    dieharder.default: no visible binding for global variable
     ‘.dieharder.tests’
    plot.dieharder: no visible global function definition for ‘par’
    plot.dieharder: no visible global function definition for ‘hist’
    plot.dieharder: no visible global function definition for ‘lines’
    plot.dieharder: no visible global function definition for ‘density’
    plot.dieharder: no visible global function definition for ‘plot’
    plot.dieharder: no visible global function definition for ‘ecdf’
    plot.dieharder: no visible global function definition for ‘segments’
    plot.dieharder: no visible global function definition for ‘mtext’
    plot.dieharder: no visible global function definition for ‘ks.test’
    plot.dieharder: no visible global function definition for ‘wilcox.test’
    summary.dieharder: no visible global function definition for ‘stem’
    summary.dieharder: no visible global function definition for ‘ks.test’
    summary.dieharder: no visible global function definition for
     ‘wilcox.test’
    Undefined global functions or variables:
     .dieharder.generators .dieharder.tests density ecdf hist ks.test
     lines mtext par plot segments stem wilcox.test
    Consider adding
     importFrom("graphics", "hist", "lines", "mtext", "par", "plot",
     "segments", "stem")
     importFrom("stats", "density", "ecdf", "ks.test", "wilcox.test")
    to your NAMESPACE.
Flavors: r-devel-linux-x86_64-fedora-clang, r-devel-linux-x86_64-fedora-gcc

Version: 0.1.3
Check: whether package can be installed
Result: ERROR
    Installation failed.
Flavor: r-release-osx-x86_64-mavericks