CRAN Package Check Results for Package RDieHarder

Last updated on 2014-08-28 14:47:38.

Flavor Version Tinstall Tcheck Ttotal Status Flags
r-devel-linux-x86_64-debian-clang 0.1.3 3.72 14.10 17.82 OK
r-devel-linux-x86_64-debian-gcc 0.1.3 5.94 13.68 19.62 OK
r-devel-linux-x86_64-fedora-clang 0.1.3 20.53 NOTE --install=fake
r-devel-linux-x86_64-fedora-gcc 0.1.3 17.35 NOTE --install=fake
r-patched-linux-x86_64 0.1.3 5.92 14.19 20.12 OK
r-release-linux-ix86 0.1.3 8.60 25.31 33.91 OK
r-release-linux-x86_64 0.1.3 5.88 14.97 20.85 OK
r-release-osx-x86_64-mavericks 0.1.3 ERROR
r-release-osx-x86_64-snowleopard 0.1.3 ERROR

Check Details

Version: 0.1.3
Flags: --install=fake
Check: R code for possible problems
Result: NOTE
    dieharder.default: no visible binding for global variable
     ‘.dieharder.generators’
    dieharder.default: no visible binding for global variable
     ‘.dieharder.tests’
Flavors: r-devel-linux-x86_64-fedora-clang, r-devel-linux-x86_64-fedora-gcc

Version: 0.1.3
Check: whether package can be installed
Result: ERROR
    Installation failed.
Flavors: r-release-osx-x86_64-mavericks, r-release-osx-x86_64-snowleopard