CRAN Package Check Results for Package RDieHarder

Last updated on 2018-01-16 19:49:20 CET.

Flavor Version Tinstall Tcheck Ttotal Status Flags
r-devel-linux-x86_64-debian-clang 0.1.3 7.16 24.83 31.99 NOTE
r-devel-linux-x86_64-debian-gcc 0.1.3 7.22 19.87 27.09 NOTE
r-devel-windows-ix86+x86_64 0.1.3 1.00 3.00 4.00 ERROR
r-patched-linux-x86_64 0.1.3 9.54 22.97 32.51 NOTE
r-release-linux-x86_64 0.1.3 9.97 23.11 33.08 NOTE
r-release-osx-x86_64 0.1.3 ERROR
r-oldrel-windows-ix86+x86_64 0.1.3 1.00 3.00 4.00 ERROR
r-oldrel-osx-x86_64 0.1.3 ERROR

Check Details

Version: 0.1.3
Check: S3 generic/method consistency
Result: NOTE
    Found the following apparent S3 methods exported but not registered:
     dieharder.default plot.dieharder print.dieharder summary.dieharder
    See section ‘Registering S3 methods’ in the ‘Writing R Extensions’
    manual.
Flavors: r-devel-linux-x86_64-debian-clang, r-devel-linux-x86_64-debian-gcc, r-patched-linux-x86_64, r-release-linux-x86_64

Version: 0.1.3
Check: R code for possible problems
Result: NOTE
    plot.dieharder: no visible global function definition for ‘par’
    plot.dieharder: no visible global function definition for ‘hist’
    plot.dieharder: no visible global function definition for ‘lines’
    plot.dieharder: no visible global function definition for ‘density’
    plot.dieharder: no visible global function definition for ‘plot’
    plot.dieharder: no visible global function definition for ‘ecdf’
    plot.dieharder: no visible global function definition for ‘segments’
    plot.dieharder: no visible global function definition for ‘mtext’
    plot.dieharder: no visible global function definition for ‘ks.test’
    plot.dieharder: no visible global function definition for ‘wilcox.test’
    summary.dieharder: no visible global function definition for ‘stem’
    summary.dieharder: no visible global function definition for ‘ks.test’
    summary.dieharder: no visible global function definition for
     ‘wilcox.test’
    Undefined global functions or variables:
     density ecdf hist ks.test lines mtext par plot segments stem
     wilcox.test
    Consider adding
     importFrom("graphics", "hist", "lines", "mtext", "par", "plot",
     "segments", "stem")
     importFrom("stats", "density", "ecdf", "ks.test", "wilcox.test")
    to your NAMESPACE file.
Flavors: r-devel-linux-x86_64-debian-clang, r-devel-linux-x86_64-debian-gcc, r-patched-linux-x86_64, r-release-linux-x86_64

Version: 0.1.3
Check: compiled code
Result: NOTE
    File ‘RDieHarder/libs/RDieHarder.so’:
     Found no calls to: ‘R_registerRoutines’, ‘R_useDynamicSymbols’
    
    It is good practice to register native routines and to disable symbol
    search.
    
    See ‘Writing portable packages’ in the ‘Writing R Extensions’ manual.
Flavors: r-devel-linux-x86_64-debian-clang, r-devel-linux-x86_64-debian-gcc, r-patched-linux-x86_64, r-release-linux-x86_64

Version: 0.1.3
Check: whether package can be installed
Result: ERROR
    Installation failed.
Flavors: r-devel-windows-ix86+x86_64, r-release-osx-x86_64, r-oldrel-windows-ix86+x86_64, r-oldrel-osx-x86_64