CRAN Package Check Results for Package RDieHarder

Last updated on 2015-01-30 18:51:37.

Flavor Version Tinstall Tcheck Ttotal Status Flags
r-devel-linux-x86_64-debian-clang 0.1.3 3.65 14.81 18.46 NOTE
r-devel-linux-x86_64-debian-gcc 0.1.3 6.00 15.14 21.14 NOTE
r-devel-linux-x86_64-fedora-clang 0.1.3 18.54 NOTE --install=fake
r-devel-linux-x86_64-fedora-gcc 0.1.3 18.16 NOTE --install=fake
r-patched-linux-x86_64 0.1.3 6.09 15.77 21.86 OK
r-release-linux-ix86 0.1.3 8.35 24.72 33.08 OK
r-release-linux-x86_64 0.1.3 6.22 15.50 21.73 OK
r-release-osx-x86_64-mavericks 0.1.3 ERROR
r-release-osx-x86_64-snowleopard 0.1.3 ERROR

Check Details

Version: 0.1.3
Check: S3 generic/method consistency
Result: NOTE
    Found the following apparent S3 methods exported but not registered:
     dieharder.default print.dieharder summary.dieharder plot.dieharder
    See section ‘Registering S3 methods’ in the ‘Writing R Extensions’
    manual.
Flavors: r-devel-linux-x86_64-debian-clang, r-devel-linux-x86_64-debian-gcc

Version: 0.1.3
Flags: --install=fake
Check: S3 generic/method consistency
Result: NOTE
    Found the following apparent S3 methods exported but not registered:
     dieharder.default print.dieharder summary.dieharder plot.dieharder
    See section ‘Registering S3 methods’ in the ‘Writing R Extensions’
    manual.
Flavors: r-devel-linux-x86_64-fedora-clang, r-devel-linux-x86_64-fedora-gcc

Version: 0.1.3
Flags: --install=fake
Check: R code for possible problems
Result: NOTE
    dieharder.default: no visible binding for global variable
     ‘.dieharder.generators’
    dieharder.default: no visible binding for global variable
     ‘.dieharder.tests’
Flavors: r-devel-linux-x86_64-fedora-clang, r-devel-linux-x86_64-fedora-gcc

Version: 0.1.3
Check: whether package can be installed
Result: ERROR
    Installation failed.
Flavors: r-release-osx-x86_64-mavericks, r-release-osx-x86_64-snowleopard