CRAN Package Check Results for Package RDieHarder

Last updated on 2014-12-20 15:46:33.

Flavor Version Tinstall Tcheck Ttotal Status Flags
r-devel-linux-x86_64-debian-clang 0.1.3 3.74 15.99 19.74 OK
r-devel-linux-x86_64-debian-gcc 0.1.3 5.94 15.57 21.51 OK
r-devel-linux-x86_64-fedora-clang 0.1.3 20.31 NOTE --install=fake
r-devel-linux-x86_64-fedora-gcc 0.1.3 18.23 NOTE --install=fake
r-patched-linux-x86_64 0.1.3 6.03 15.86 21.89 OK
r-release-linux-ix86 0.1.3 8.31 24.89 33.20 OK
r-release-linux-x86_64 0.1.3 5.93 15.30 21.23 OK
r-release-osx-x86_64-mavericks 0.1.3 ERROR
r-release-osx-x86_64-snowleopard 0.1.3 ERROR

Check Details

Version: 0.1.3
Flags: --install=fake
Check: R code for possible problems
Result: NOTE
    dieharder.default: no visible binding for global variable
     ‘.dieharder.generators’
    dieharder.default: no visible binding for global variable
     ‘.dieharder.tests’
Flavors: r-devel-linux-x86_64-fedora-clang, r-devel-linux-x86_64-fedora-gcc

Version: 0.1.3
Check: whether package can be installed
Result: ERROR
    Installation failed.
Flavors: r-release-osx-x86_64-mavericks, r-release-osx-x86_64-snowleopard