CRAN Package Check Results for Package RDieHarder

Last updated on 2015-04-21 02:48:43.

Flavor Version Tinstall Tcheck Ttotal Status Flags
r-devel-linux-x86_64-debian-clang 0.1.3 3.76 14.90 18.65 NOTE
r-devel-linux-x86_64-debian-gcc 0.1.3 6.10 14.72 20.82 NOTE
r-devel-linux-x86_64-fedora-clang 0.1.3 17.63 NOTE --install=fake
r-devel-linux-x86_64-fedora-gcc 0.1.3 16.16 NOTE --install=fake
r-patched-linux-x86_64 0.1.3 6.04 15.52 21.56 NOTE
r-release-linux-x86_64 0.1.3 5.80 14.62 20.43 NOTE
r-release-osx-x86_64-mavericks 0.1.3 ERROR
r-release-osx-x86_64-snowleopard 0.1.3 ERROR

Check Details

Version: 0.1.3
Check: S3 generic/method consistency
Result: NOTE
    Found the following apparent S3 methods exported but not registered:
     dieharder.default plot.dieharder print.dieharder summary.dieharder
    See section ‘Registering S3 methods’ in the ‘Writing R Extensions’
    manual.
Flavors: r-devel-linux-x86_64-debian-clang, r-devel-linux-x86_64-debian-gcc, r-patched-linux-x86_64, r-release-linux-x86_64

Version: 0.1.3
Flags: --install=fake
Check: S3 generic/method consistency
Result: NOTE
    Found the following apparent S3 methods exported but not registered:
     dieharder.default plot.dieharder print.dieharder summary.dieharder
    See section ‘Registering S3 methods’ in the ‘Writing R Extensions’
    manual.
Flavors: r-devel-linux-x86_64-fedora-clang, r-devel-linux-x86_64-fedora-gcc

Version: 0.1.3
Flags: --install=fake
Check: R code for possible problems
Result: NOTE
    dieharder.default: no visible binding for global variable
     ‘.dieharder.generators’
    dieharder.default: no visible binding for global variable
     ‘.dieharder.tests’
Flavors: r-devel-linux-x86_64-fedora-clang, r-devel-linux-x86_64-fedora-gcc

Version: 0.1.3
Check: whether package can be installed
Result: ERROR
    Installation failed.
Flavors: r-release-osx-x86_64-mavericks, r-release-osx-x86_64-snowleopard