CRAN Package Check Results for Package RDieHarder

Last updated on 2018-05-21 02:46:56 CEST.

Flavor Version Tinstall Tcheck Ttotal Status Flags
r-devel-linux-x86_64-debian-clang 0.1.4 7.74 22.02 29.76 OK
r-devel-linux-x86_64-debian-gcc 0.1.4 7.28 20.05 27.33 OK
r-patched-linux-x86_64 0.1.4 9.66 24.08 33.74 OK
r-release-linux-x86_64 0.1.4 10.01 24.07 34.08 OK
r-release-windows-ix86+x86_64 0.1.3 1.00 3.00 4.00 ERROR
r-release-osx-x86_64 0.1.4 ERROR
r-oldrel-osx-x86_64 0.1.4 ERROR

Check Details

Version: 0.1.3
Check: whether package can be installed
Result: ERROR
    Installation failed.
Flavor: r-release-windows-ix86+x86_64

Version: 0.1.4
Check: whether package can be installed
Result: ERROR
    Installation failed.
Flavors: r-release-osx-x86_64, r-oldrel-osx-x86_64