CRAN Package Check Results for Package RDieHarder

Last updated on 2014-11-21 01:47:56.

Flavor Version Tinstall Tcheck Ttotal Status Flags
r-devel-linux-x86_64-debian-clang 0.1.3 3.81 15.73 19.54 OK
r-devel-linux-x86_64-debian-gcc 0.1.3 5.98 15.40 21.38 OK
r-devel-linux-x86_64-fedora-clang 0.1.3 19.10 NOTE --install=fake
r-devel-linux-x86_64-fedora-gcc 0.1.3 17.96 NOTE --install=fake
r-patched-linux-x86_64 0.1.3 6.09 15.92 22.01 OK
r-release-linux-ix86 0.1.3 8.34 24.93 33.27 OK
r-release-linux-x86_64 0.1.3 5.86 16.07 21.93 OK
r-release-osx-x86_64-mavericks 0.1.3 ERROR
r-release-osx-x86_64-snowleopard 0.1.3 ERROR

Check Details

Version: 0.1.3
Flags: --install=fake
Check: R code for possible problems
Result: NOTE
    dieharder.default: no visible binding for global variable
     ‘.dieharder.generators’
    dieharder.default: no visible binding for global variable
     ‘.dieharder.tests’
Flavors: r-devel-linux-x86_64-fedora-clang, r-devel-linux-x86_64-fedora-gcc

Version: 0.1.3
Check: whether package can be installed
Result: ERROR
    Installation failed.
Flavors: r-release-osx-x86_64-mavericks, r-release-osx-x86_64-snowleopard