CRAN Package Check Results for Package RDieHarder

Last updated on 2014-10-23 19:47:45.

Flavor Version Tinstall Tcheck Ttotal Status Flags
r-devel-linux-x86_64-debian-clang 0.1.3 3.74 16.11 19.85 OK
r-devel-linux-x86_64-debian-gcc 0.1.3 5.98 15.59 21.58 OK
r-devel-linux-x86_64-fedora-clang 0.1.3 20.07 NOTE --install=fake
r-devel-linux-x86_64-fedora-gcc 0.1.3 18.51 NOTE --install=fake
r-patched-linux-x86_64 0.1.3 6.00 15.54 21.54 OK
r-release-linux-ix86 0.1.3 8.44 25.37 33.80 OK
r-release-linux-x86_64 0.1.3 5.87 15.45 21.32 OK
r-release-osx-x86_64-mavericks 0.1.3 ERROR
r-release-osx-x86_64-snowleopard 0.1.3 ERROR

Check Details

Version: 0.1.3
Flags: --install=fake
Check: R code for possible problems
Result: NOTE
    dieharder.default: no visible binding for global variable
     ‘.dieharder.generators’
    dieharder.default: no visible binding for global variable
     ‘.dieharder.tests’
Flavors: r-devel-linux-x86_64-fedora-clang, r-devel-linux-x86_64-fedora-gcc

Version: 0.1.3
Check: whether package can be installed
Result: ERROR
    Installation failed.
Flavors: r-release-osx-x86_64-mavericks, r-release-osx-x86_64-snowleopard