CRAN Package Check Results for Package RDieHarder

Last updated on 2014-07-26 11:52:26.

Flavor Version Tinstall Tcheck Ttotal Status Flags
r-devel-linux-x86_64-debian-clang 0.1.3 3.46 14.31 17.77 OK
r-devel-linux-x86_64-debian-gcc 0.1.3 5.86 14.17 20.02 OK
r-devel-linux-x86_64-fedora-clang 0.1.3 19.70 NOTE --install=fake
r-devel-linux-x86_64-fedora-gcc 0.1.3 17.95 NOTE --install=fake
r-patched-linux-x86_64 0.1.3 5.94 13.97 19.91 OK
r-release-linux-ix86 0.1.3 8.65 25.25 33.90 OK
r-release-linux-x86_64 0.1.3 5.95 14.41 20.36 OK
r-release-osx-x86_64-mavericks 0.1.3 ERROR
r-release-osx-x86_64-snowleopard 0.1.3 ERROR

Check Details

Version: 0.1.3
Flags: --install=fake
Check: R code for possible problems
Result: NOTE
    dieharder.default: no visible binding for global variable
     ‘.dieharder.generators’
    dieharder.default: no visible binding for global variable
     ‘.dieharder.tests’
Flavors: r-devel-linux-x86_64-fedora-clang, r-devel-linux-x86_64-fedora-gcc

Version: 0.1.3
Check: whether package can be installed
Result: ERROR
    Installation failed.
    See ‘/Builds/CRAN-QA-Simon/packages/mavericks-x86_64/results/3.1/RDieHarder.Rcheck/00install.out’ for details.
Flavor: r-release-osx-x86_64-mavericks

Version: 0.1.3
Check: whether package can be installed
Result: ERROR
    Installation failed.
    See ‘/Volumes/XT3/Builds/R-dev-web/QA/Simon/packages/snowleopard-x86_64/results/3.1/RDieHarder.Rcheck/00install.out’ for details.
Flavor: r-release-osx-x86_64-snowleopard