CRAN Package Check Results for Package RDieHarder

Last updated on 2014-09-02 23:47:39.

Flavor Version Tinstall Tcheck Ttotal Status Flags
r-devel-linux-x86_64-debian-clang 0.1.3 3.45 14.26 17.71 OK
r-devel-linux-x86_64-debian-gcc 0.1.3 5.86 13.85 19.71 OK
r-devel-linux-x86_64-fedora-clang 0.1.3 19.68 NOTE --install=fake
r-devel-linux-x86_64-fedora-gcc 0.1.3 18.04 NOTE --install=fake
r-patched-linux-x86_64 0.1.3 5.88 14.43 20.30 OK
r-release-linux-ix86 0.1.3 8.54 25.52 34.06 OK
r-release-linux-x86_64 0.1.3 5.92 15.11 21.03 OK
r-release-osx-x86_64-mavericks 0.1.3 ERROR
r-release-osx-x86_64-snowleopard 0.1.3 ERROR

Check Details

Version: 0.1.3
Flags: --install=fake
Check: R code for possible problems
Result: NOTE
    dieharder.default: no visible binding for global variable
     ‘.dieharder.generators’
    dieharder.default: no visible binding for global variable
     ‘.dieharder.tests’
Flavors: r-devel-linux-x86_64-fedora-clang, r-devel-linux-x86_64-fedora-gcc

Version: 0.1.3
Check: whether package can be installed
Result: ERROR
    Installation failed.
Flavors: r-release-osx-x86_64-mavericks, r-release-osx-x86_64-snowleopard