Last updated on 2023-09-21 10:55:30 CEST.
Flavor | Version | Tinstall | Tcheck | Ttotal | Status | Flags |
---|---|---|---|---|---|---|
r-devel-linux-x86_64-debian-clang | 0.8.2 | 2.00 | 24.54 | 26.54 | NOTE | |
r-devel-linux-x86_64-debian-gcc | 0.8.2 | 1.85 | 19.52 | 21.37 | NOTE | |
r-devel-linux-x86_64-fedora-clang | 0.8.2 | 34.17 | NOTE | |||
r-devel-linux-x86_64-fedora-gcc | 0.8.2 | 271.55 | NOTE | |||
r-devel-windows-x86_64 | 0.8.2 | 4.00 | 44.00 | 48.00 | NOTE | |
r-patched-linux-x86_64 | 0.8.2 | 2.49 | 24.28 | 26.77 | OK | |
r-release-linux-x86_64 | 0.8.2 | 2.30 | 24.84 | 27.14 | OK | |
r-release-macos-arm64 | 0.8.2 | 160.00 | OK | |||
r-release-macos-x86_64 | 0.8.2 | 747.00 | OK | |||
r-release-windows-x86_64 | 0.8.2 | 4.00 | 43.00 | 47.00 | OK | |
r-oldrel-macos-arm64 | 0.8.2 | 239.00 | OK | |||
r-oldrel-macos-x86_64 | 0.8.2 | 347.00 | OK | |||
r-oldrel-windows-x86_64 | 0.8.2 | 4.00 | 44.00 | 48.00 | OK |
Version: 0.8.2
Check: Rd contents
Result: NOTE
Auto-generated content requiring editing in Rd object 'RDocumentation-package':
\details: ‘...o use the package, including the most important functions ~~’
Flavors: r-devel-linux-x86_64-debian-clang, r-devel-linux-x86_64-debian-gcc, r-devel-linux-x86_64-fedora-clang, r-devel-linux-x86_64-fedora-gcc, r-devel-windows-x86_64