CRAN Package Check Results for Package REBayes

Last updated on 2015-05-28 15:47:45.

Flavor Version Tinstall Tcheck Ttotal Status Flags
r-devel-linux-x86_64-debian-clang 0.50 7.87 7.87 NOTE --install=no
r-devel-linux-x86_64-debian-gcc 0.50 7.69 7.69 NOTE --install=no
r-devel-linux-x86_64-fedora-clang 0.50 79.80 NOTE
r-patched-linux-x86_64 0.50 7.70 7.70 NOTE --install=no
r-release-linux-x86_64 0.50 7.65 7.65 NOTE --install=no
r-release-osx-x86_64-mavericks 0.50 ERROR
r-release-osx-x86_64-snowleopard 0.50 ERROR

Check Details

Version: 0.50
Flags: --install=no
Check: S3 generic/method consistency
Result: NOTE
    Found the following apparent S3 methods exported but not registered:
     plot.medde predict.GLmix
    See section ‘Registering S3 methods’ in the ‘Writing R Extensions’
    manual.
Flavors: r-devel-linux-x86_64-debian-clang, r-devel-linux-x86_64-debian-gcc, r-patched-linux-x86_64, r-release-linux-x86_64

Version: 0.50
Check: S3 generic/method consistency
Result: NOTE
    Found the following apparent S3 methods exported but not registered:
     plot.medde predict.GLmix
    See section ‘Registering S3 methods’ in the ‘Writing R Extensions’
    manual.
Flavor: r-devel-linux-x86_64-fedora-clang

Version: 0.50
Check: package dependencies
Result: ERROR
    Package required but not available: ‘Rmosek’
    
    See section ‘The DESCRIPTION file’ in the ‘Writing R Extensions’
    manual.
Flavors: r-release-osx-x86_64-mavericks, r-release-osx-x86_64-snowleopard