CRAN Package Check Results for Package REBayes

Last updated on 2016-09-01 03:50:37.

Flavor Version Tinstall Tcheck Ttotal Status Flags
r-devel-linux-x86_64-debian-clang 0.63 11.47 11.47 OK --install=no
r-devel-linux-x86_64-debian-gcc 0.63 11.59 11.59 OK --install=no
r-devel-linux-x86_64-fedora-clang 0.63 75.80 OK
r-devel-osx-x86_64-clang 0.63 58.35 OK
r-patched-linux-x86_64 0.63 11.89 11.89 OK --install=no
r-release-linux-x86_64 0.63 11.50 11.50 OK --install=no
r-release-osx-x86_64-mavericks 0.63 ERROR
r-release-windows-ix86+x86_64 0.62 1.00 4.00 5.00 ERROR

Check Details

Version: 0.63
Check: package dependencies
Result: ERROR
    Package required but not available: ‘Rmosek’
    
    See section ‘The DESCRIPTION file’ in the ‘Writing R Extensions’
    manual.
Flavor: r-release-osx-x86_64-mavericks

Version: 0.62
Check: package dependencies
Result: ERROR
    Package required but not available: 'Rmosek'
    
    See section 'The DESCRIPTION file' in the 'Writing R Extensions'
    manual.
Flavor: r-release-windows-ix86+x86_64