CRAN Package Check Results for Package REBayes

Last updated on 2018-05-22 12:49:31 CEST.

Flavor Version Tinstall Tcheck Ttotal Status Flags
r-devel-linux-x86_64-debian-clang 1.3 0.37 22.55 22.92 OK --install=no
r-devel-linux-x86_64-debian-gcc 1.3 0.48 17.57 18.05 OK --install=no
r-patched-linux-x86_64 1.3 0.40 21.77 22.17 OK --install=no
r-release-linux-x86_64 1.3 0.57 21.82 22.39 OK --install=no
r-release-windows-ix86+x86_64 1.2 1.00 5.00 6.00 ERROR
r-release-osx-x86_64 1.3 ERROR
r-oldrel-osx-x86_64 1.3 ERROR

Check Details

Version: 1.2
Check: package dependencies
Result: ERROR
    Package required but not available: 'Rmosek'
    
    See section 'The DESCRIPTION file' in the 'Writing R Extensions'
    manual.
Flavor: r-release-windows-ix86+x86_64

Version: 1.3
Check: package dependencies
Result: ERROR
    Package required but not available: ‘Rmosek’
    
    See section ‘The DESCRIPTION file’ in the ‘Writing R Extensions’
    manual.
Flavors: r-release-osx-x86_64, r-oldrel-osx-x86_64