CRAN Package Check Results for Package REBayes

Last updated on 2014-10-31 20:48:18.

Flavor Version Tinstall Tcheck Ttotal Status Flags
r-devel-linux-x86_64-debian-clang 0.50 8.20 8.20 OK --install=no
r-devel-linux-x86_64-debian-gcc 0.50 8.13 8.13 OK --install=no
r-devel-linux-x86_64-fedora-clang 0.50 105.80 OK
r-devel-linux-x86_64-fedora-gcc 0.50 100.12 OK
r-patched-linux-x86_64 0.50 8.01 8.01 OK --install=no
r-release-linux-ix86 0.50 11.20 11.20 OK --install=no
r-release-linux-x86_64 0.50 7.94 7.94 OK --install=no
r-release-osx-x86_64-mavericks 0.50 ERROR
r-release-osx-x86_64-snowleopard 0.50 ERROR
r-oldrel-windows-ix86+x86_64 0.32 0.00 1.00 1.00 ERROR

Check Details

Version: 0.50
Check: package dependencies
Result: ERROR
    Package required but not available: ‘Rmosek’
    
    See the information on DESCRIPTION files in the chapter ‘Creating R
    packages’ of the ‘Writing R Extensions’ manual.
Flavors: r-release-osx-x86_64-mavericks, r-release-osx-x86_64-snowleopard

Version: 0.32
Check: package dependencies
Result: ERROR
    Package required but not available: 'Rmosek'
    
    See the information on DESCRIPTION files in the chapter 'Creating R
    packages' of the 'Writing R Extensions' manual.
Flavor: r-oldrel-windows-ix86+x86_64