CRAN Package Check Results for Package REBayes

Last updated on 2017-12-17 23:53:21 CET.

Flavor Version Tinstall Tcheck Ttotal Status Flags
r-devel-linux-x86_64-debian-clang 1.1 19.12 19.12 OK --install=no
r-devel-linux-x86_64-debian-gcc OK --install=no
r-devel-linux-x86_64-fedora-clang 1.1 88.59 WARN
r-patched-linux-x86_64 1.1 22.28 22.28 OK --install=no
r-release-linux-x86_64 1.1 22.04 22.04 OK --install=no
r-release-osx-x86_64 1.1 ERROR
r-oldrel-windows-ix86+x86_64 0.62 1.00 4.00 5.00 ERROR
r-oldrel-osx-x86_64 1.1 ERROR

Check Details

Version: 1.1
Check: re-building of vignette outputs
Result: WARN
    Error in re-building vignettes:
     ...
    Loading required package: REBayes
    Loading required package: Matrix
    Loading required package: splines
    Quitting from lines 212-310 (Bdecon.Rnw)
    Timing stopped at: 0.121 0.016 0.138
    Error: processing vignette 'Bdecon.Rnw' failed with diagnostics:
    non-conformable arguments
    Execution halted
Flavor: r-devel-linux-x86_64-fedora-clang

Version: 1.1
Check: package dependencies
Result: ERROR
    Package required but not available: ‘Rmosek’
    
    See section ‘The DESCRIPTION file’ in the ‘Writing R Extensions’
    manual.
Flavors: r-release-osx-x86_64, r-oldrel-osx-x86_64

Version: 0.62
Check: package dependencies
Result: ERROR
    Package required but not available: 'Rmosek'
    
    See section 'The DESCRIPTION file' in the 'Writing R Extensions'
    manual.
Flavor: r-oldrel-windows-ix86+x86_64