CRAN Package Check Results for Package REBayes

Last updated on 2016-12-09 09:52:44.

Flavor Version Tinstall Tcheck Ttotal Status Flags
r-devel-linux-x86_64-debian-clang 0.73 13.82 13.82 OK --install=no
r-devel-linux-x86_64-debian-gcc 0.73 13.80 13.80 OK --install=no
r-devel-linux-x86_64-fedora-clang 0.73 95.86 WARN --no-stop-on-test-error
r-devel-macos-x86_64-clang 0.73 69.31 WARN
r-patched-linux-x86_64 0.73 12.71 12.71 OK --install=no
r-release-linux-x86_64 0.73 12.65 12.65 OK --install=no
r-release-osx-x86_64-mavericks 0.73 ERROR
r-release-windows-ix86+x86_64 0.62 1.00 4.00 5.00 ERROR

Check Details

Version: 0.73
Flags: --no-stop-on-test-error
Check: re-building of vignette outputs
Result: WARN
    Error in re-building vignettes:
     ...
    Loading required package: REBayes
    Loading required package: Matrix
    Quitting from lines 291-315 (medde.Rnw)
    Error: processing vignette 'medde.Rnw' failed with diagnostics:
    argument is of length zero
    Execution halted
Flavor: r-devel-linux-x86_64-fedora-clang

Version: 0.73
Check: re-building of vignette outputs
Result: WARN
    Error in re-building vignettes:
     ...
    Loading required package: REBayes
    Loading required package: Matrix
    Quitting from lines 291-315 (medde.Rnw)
    Error: processing vignette 'medde.Rnw' failed with diagnostics:
    argument is of length zero
    Execution halted
Flavor: r-devel-macos-x86_64-clang

Version: 0.73
Check: package dependencies
Result: ERROR
    Package required but not available: ‘Rmosek’
    
    See section ‘The DESCRIPTION file’ in the ‘Writing R Extensions’
    manual.
Flavor: r-release-osx-x86_64-mavericks

Version: 0.62
Check: package dependencies
Result: ERROR
    Package required but not available: 'Rmosek'
    
    See section 'The DESCRIPTION file' in the 'Writing R Extensions'
    manual.
Flavor: r-release-windows-ix86+x86_64