CRAN Package Check Results for Package REBayes

Last updated on 2017-04-28 06:49:03.

Flavor Version Tinstall Tcheck Ttotal Status Flags
r-devel-linux-x86_64-debian-clang 0.73 14.44 14.44 OK --install=no
r-devel-linux-x86_64-debian-gcc 0.73 14.05 14.05 OK --install=no
r-devel-linux-x86_64-fedora-clang 0.73 95.49 WARN --no-stop-on-test-error
r-patched-linux-x86_64 0.73 14.15 14.15 OK --install=no
r-release-linux-x86_64 0.73 14.65 14.65 OK --install=no
r-release-osx-x86_64 0.73 ERROR
r-oldrel-windows-ix86+x86_64 0.62 1.00 4.00 5.00 ERROR
r-oldrel-osx-x86_64 0.73 ERROR

Check Details

Version: 0.73
Flags: --no-stop-on-test-error
Check: re-building of vignette outputs
Result: WARN
    Error in re-building vignettes:
     ...
    Loading required package: REBayes
    Loading required package: Matrix
    Quitting from lines 291-315 (medde.Rnw)
    Error: processing vignette 'medde.Rnw' failed with diagnostics:
    argument is of length zero
    Execution halted
Flavor: r-devel-linux-x86_64-fedora-clang

Version: 0.73
Check: package dependencies
Result: ERROR
    Package required but not available: ‘Rmosek’
    
    See section ‘The DESCRIPTION file’ in the ‘Writing R Extensions’
    manual.
Flavors: r-release-osx-x86_64, r-oldrel-osx-x86_64

Version: 0.62
Check: package dependencies
Result: ERROR
    Package required but not available: 'Rmosek'
    
    See section 'The DESCRIPTION file' in the 'Writing R Extensions'
    manual.
Flavor: r-oldrel-windows-ix86+x86_64