CRAN Package Check Results for Package REBayes

Last updated on 2016-02-12 09:50:54.

Flavor Version Tinstall Tcheck Ttotal Status Flags
r-devel-linux-x86_64-debian-gcc 0.62 10.83 10.83 OK --install=no
r-devel-linux-x86_64-fedora-clang 0.62 72.93 NOTE
r-devel-osx-x86_64-clang 0.62 70.68 NOTE
r-patched-linux-x86_64 0.62 11.39 11.39 OK --install=no
r-release-linux-x86_64 0.62 11.41 11.41 OK --install=no
r-release-osx-x86_64-mavericks 0.62 ERROR

Check Details

Version: 0.62
Check: R code for possible problems
Result: NOTE
    Pmix: no visible binding for global variable ‘dpois’
    Undefined global functions or variables:
     dpois
    Consider adding
     importFrom("stats", "dpois")
    to your NAMESPACE file.
Flavors: r-devel-linux-x86_64-fedora-clang, r-devel-osx-x86_64-clang

Version: 0.62
Check: package dependencies
Result: ERROR
    Package required but not available: ‘Rmosek’
    
    See section ‘The DESCRIPTION file’ in the ‘Writing R Extensions’
    manual.
Flavor: r-release-osx-x86_64-mavericks