CRAN Package Check Results for Package REBayes

Last updated on 2014-08-28 14:47:38.

Flavor Version Tinstall Tcheck Ttotal Status Flags
r-devel-linux-x86_64-debian-clang 0.48 7.41 7.41 OK --install=no
r-devel-linux-x86_64-debian-gcc 0.48 7.24 7.24 OK --install=no
r-devel-linux-x86_64-fedora-clang 0.48 113.01 NOTE
r-devel-linux-x86_64-fedora-gcc 0.48 101.35 NOTE
r-patched-linux-x86_64 0.48 7.30 7.30 OK --install=no
r-release-linux-ix86 0.48 10.70 10.70 OK --install=no
r-release-linux-x86_64 0.48 7.66 7.66 OK --install=no
r-release-osx-x86_64-mavericks 0.48 ERROR
r-release-osx-x86_64-snowleopard 0.48 ERROR
r-oldrel-windows-ix86+x86_64 0.32 0.00 1.00 1.00 ERROR

Check Details

Version: 0.48
Check: R code for possible problems
Result: NOTE
    Gompertzmix: no visible global function definition for ‘dgompertz’
Flavors: r-devel-linux-x86_64-fedora-clang, r-devel-linux-x86_64-fedora-gcc

Version: 0.48
Check: package dependencies
Result: ERROR
    Package required but not available: ‘Rmosek’
    
    See the information on DESCRIPTION files in the chapter ‘Creating R
    packages’ of the ‘Writing R Extensions’ manual.
Flavors: r-release-osx-x86_64-mavericks, r-release-osx-x86_64-snowleopard

Version: 0.32
Check: package dependencies
Result: ERROR
    Package required but not available: 'Rmosek'
    
    See the information on DESCRIPTION files in the chapter 'Creating R
    packages' of the 'Writing R Extensions' manual.
Flavor: r-oldrel-windows-ix86+x86_64