CRAN Package Check Results for Package REBayes

Last updated on 2015-06-30 15:47:21.

Flavor Version Tinstall Tcheck Ttotal Status Flags
r-devel-linux-x86_64-debian-clang 0.50 7.82 7.82 NOTE --install=no
r-devel-linux-x86_64-debian-gcc 0.50 7.52 7.52 NOTE --install=no
r-devel-linux-x86_64-fedora-clang 0.50 77.01 NOTE
r-patched-linux-x86_64 0.50 7.66 7.66 NOTE --install=no
r-release-linux-x86_64 0.50 7.70 7.70 NOTE --install=no
r-release-osx-x86_64-mavericks 0.50 ERROR

Check Details

Version: 0.50
Flags: --install=no
Check: S3 generic/method consistency
Result: NOTE
    Found the following apparent S3 methods exported but not registered:
     plot.medde predict.GLmix
    See section ‘Registering S3 methods’ in the ‘Writing R Extensions’
    manual.
Flavors: r-devel-linux-x86_64-debian-clang, r-devel-linux-x86_64-debian-gcc, r-patched-linux-x86_64, r-release-linux-x86_64

Version: 0.50
Check: S3 generic/method consistency
Result: NOTE
    Found the following apparent S3 methods exported but not registered:
     plot.medde predict.GLmix
    See section ‘Registering S3 methods’ in the ‘Writing R Extensions’
    manual.
Flavor: r-devel-linux-x86_64-fedora-clang

Version: 0.50
Check: R code for possible problems
Result: NOTE
    Bmix : <anonymous>: no visible global function definition for ‘dbinom’
    GLmix: no visible global function definition for ‘dnorm’
    GLmix: no visible global function definition for ‘approxfun’
    L1norm: no visible global function definition for ‘is.stepfun’
    L1norm: no visible global function definition for ‘knots’
    TLVmix: no visible global function definition for ‘dt’
    TLmix: no visible global function definition for ‘dt’
    WGLVmix: no visible global function definition for ‘dnorm’
    WTLVmix: no visible global function definition for ‘dt’
    Weibullmix: no visible global function definition for ‘dweibull’
    medde: no visible global function definition for ‘as’
    mesh1: no visible global function definition for ‘new’
    mesh1: no visible global function definition for ‘as’
    plot.medde: no visible global function definition for ‘plot.default’
    predict.GLmix: no visible global function definition for ‘dnorm’
    rmedde: no visible global function definition for ‘runif’
    rmedde: no visible global function definition for ‘var’
    rmedde: no visible global function definition for ‘rnorm’
Flavor: r-devel-linux-x86_64-fedora-clang

Version: 0.50
Check: package dependencies
Result: ERROR
    Package required but not available: ‘Rmosek’
    
    See section ‘The DESCRIPTION file’ in the ‘Writing R Extensions’
    manual.
Flavor: r-release-osx-x86_64-mavericks