CRAN Package Check Results for Package REBayes

Last updated on 2016-10-01 12:48:00.

Flavor Version Tinstall Tcheck Ttotal Status Flags
r-devel-linux-x86_64-debian-clang 0.63 12.22 12.22 OK --install=no
r-devel-linux-x86_64-debian-gcc 0.63 12.13 12.13 OK --install=no
r-devel-linux-x86_64-fedora-clang 0.63 89.22 OK
r-devel-macos-x86_64-clang 0.63 54.13 OK
r-patched-linux-x86_64 0.63 11.77 11.77 OK --install=no
r-release-linux-x86_64 0.63 11.47 11.47 OK --install=no
r-release-osx-x86_64-mavericks 0.63 ERROR
r-release-windows-ix86+x86_64 0.62 1.00 4.00 5.00 ERROR

Check Details

Version: 0.63
Check: package dependencies
Result: ERROR
    Package required but not available: ‘Rmosek’
    
    See section ‘The DESCRIPTION file’ in the ‘Writing R Extensions’
    manual.
Flavor: r-release-osx-x86_64-mavericks

Version: 0.62
Check: package dependencies
Result: ERROR
    Package required but not available: 'Rmosek'
    
    See section 'The DESCRIPTION file' in the 'Writing R Extensions'
    manual.
Flavor: r-release-windows-ix86+x86_64