CRAN Package Check Results for Package REBayes

Last updated on 2015-01-31 05:48:54.

Flavor Version Tinstall Tcheck Ttotal Status Flags
r-devel-linux-x86_64-debian-clang 0.50 7.78 7.78 NOTE --install=no
r-devel-linux-x86_64-debian-gcc 0.50 7.56 7.56 NOTE --install=no
r-devel-linux-x86_64-fedora-clang 0.50 103.62 NOTE
r-devel-linux-x86_64-fedora-gcc 0.50 98.98 NOTE
r-patched-linux-x86_64 0.50 8.13 8.13 OK --install=no
r-release-linux-ix86 0.50 10.76 10.76 OK --install=no
r-release-linux-x86_64 0.50 8.17 8.17 OK --install=no
r-release-osx-x86_64-mavericks 0.50 ERROR
r-release-osx-x86_64-snowleopard 0.50 ERROR
r-oldrel-windows-ix86+x86_64 0.32 0.00 1.00 1.00 ERROR

Check Details

Version: 0.50
Flags: --install=no
Check: S3 generic/method consistency
Result: NOTE
    Found the following apparent S3 methods exported but not registered:
     plot.medde predict.GLmix
    See section ‘Registering S3 methods’ in the ‘Writing R Extensions’
    manual.
Flavors: r-devel-linux-x86_64-debian-clang, r-devel-linux-x86_64-debian-gcc

Version: 0.50
Check: S3 generic/method consistency
Result: NOTE
    Found the following apparent S3 methods exported but not registered:
     plot.medde predict.GLmix
    See section ‘Registering S3 methods’ in the ‘Writing R Extensions’
    manual.
Flavors: r-devel-linux-x86_64-fedora-clang, r-devel-linux-x86_64-fedora-gcc

Version: 0.50
Check: package dependencies
Result: ERROR
    Package required but not available: ‘Rmosek’
    
    See the information on DESCRIPTION files in the chapter ‘Creating R
    packages’ of the ‘Writing R Extensions’ manual.
Flavors: r-release-osx-x86_64-mavericks, r-release-osx-x86_64-snowleopard

Version: 0.32
Check: package dependencies
Result: ERROR
    Package required but not available: 'Rmosek'
    
    See the information on DESCRIPTION files in the chapter 'Creating R
    packages' of the 'Writing R Extensions' manual.
Flavor: r-oldrel-windows-ix86+x86_64