CRAN Package Check Results for Package REBayes

Last updated on 2017-10-16 23:47:44.

Flavor Version Tinstall Tcheck Ttotal Status Flags
r-devel-linux-x86_64-debian-clang 0.85 14.20 14.20 OK --install=no
r-devel-linux-x86_64-debian-gcc 0.85 14.59 14.59 OK --install=no
r-devel-linux-x86_64-fedora-clang 0.85 98.01 WARN
r-patched-linux-x86_64 0.85 14.52 14.52 OK --install=no
r-release-linux-x86_64 0.85 14.78 14.78 OK --install=no
r-release-osx-x86_64 0.85 ERROR
r-oldrel-windows-ix86+x86_64 0.62 1.00 4.00 5.00 ERROR
r-oldrel-osx-x86_64 0.85 ERROR

Check Details

Version: 0.85
Check: re-building of vignette outputs
Result: WARN
    Error in re-building vignettes:
     ...
    Loading required package: REBayes
    Loading required package: Matrix
    Loading required package: splines
    Quitting from lines 212-310 (Bdecon.Rnw)
    Timing stopped at: 0.119 0.01 0.133
    Error: processing vignette 'Bdecon.Rnw' failed with diagnostics:
    non-conformable arguments
    Execution halted
Flavor: r-devel-linux-x86_64-fedora-clang

Version: 0.85
Check: package dependencies
Result: ERROR
    Package required but not available: ‘Rmosek’
    
    See section ‘The DESCRIPTION file’ in the ‘Writing R Extensions’
    manual.
Flavors: r-release-osx-x86_64, r-oldrel-osx-x86_64

Version: 0.62
Check: package dependencies
Result: ERROR
    Package required but not available: 'Rmosek'
    
    See section 'The DESCRIPTION file' in the 'Writing R Extensions'
    manual.
Flavor: r-oldrel-windows-ix86+x86_64