CRAN Package Check Results for Package REBayes

Last updated on 2016-06-27 03:47:48.

Flavor Version Tinstall Tcheck Ttotal Status Flags
r-devel-linux-x86_64-debian-gcc 0.62 10.97 10.97 OK --install=no
r-devel-linux-x86_64-fedora-clang 0.62 73.11 NOTE
r-devel-osx-x86_64-clang 0.62 51.88 NOTE
r-patched-linux-x86_64 0.62 13.12 13.12 OK --install=no
r-release-linux-x86_64 0.62 11.72 11.72 OK --install=no
r-release-osx-x86_64-mavericks 0.62 ERROR
r-release-windows-ix86+x86_64 0.62 1.00 4.00 5.00 ERROR

Check Details

Version: 0.62
Check: R code for possible problems
Result: NOTE
    Pmix: no visible binding for global variable ‘dpois’
    Undefined global functions or variables:
     dpois
    Consider adding
     importFrom("stats", "dpois")
    to your NAMESPACE file.
Flavors: r-devel-linux-x86_64-fedora-clang, r-devel-osx-x86_64-clang

Version: 0.62
Check: package dependencies
Result: ERROR
    Package required but not available: ‘Rmosek’
    
    See section ‘The DESCRIPTION file’ in the ‘Writing R Extensions’
    manual.
Flavors: r-release-osx-x86_64-mavericks, r-release-windows-ix86+x86_64