CRAN Package Check Results for Package REBayes

Last updated on 2014-04-19 18:47:47.

Flavor Version Tinstall Tcheck Ttotal Status Flags
r-devel-linux-x86_64-debian-clang 0.40 7.45 7.45 NOTE --install=no
r-devel-linux-x86_64-debian-gcc 0.40 7.58 7.58 NOTE --install=no
r-devel-linux-x86_64-fedora-clang 0.40 109.76 NOTE
r-devel-linux-x86_64-fedora-gcc 0.40 101.90 NOTE
r-devel-macosx-x86_64-gcc 0.40 ERROR
r-patched-linux-x86_64 0.40 7.79 7.79 NOTE --install=no
r-release-linux-ix86 NOTE --install=no
r-release-linux-x86_64 0.40 7.54 7.54 NOTE --install=no
r-release-macosx-x86_64 0.40 ERROR
r-oldrel-windows-ix86+x86_64 0.32 0.00 1.00 1.00 ERROR

Check Details

Version: 0.40
Flags: --install=no
Check: dependencies in R code
Result: NOTE
    Packages in Depends field not imported from:
     ‘Rmosek’ ‘SparseM’
     These packages need to be imported from (in the NAMESPACE file)
     for when this namespace is loaded but not attached.
    See the information on DESCRIPTION files in the chapter ‘Creating R
    packages’ of the ‘Writing R Extensions’ manual.
Flavors: r-devel-linux-x86_64-debian-clang, r-devel-linux-x86_64-debian-gcc, r-patched-linux-x86_64, r-release-linux-ix86, r-release-linux-x86_64

Version: 0.40
Check: dependencies in R code
Result: NOTE
    Packages in Depends field not imported from:
     ‘Rmosek’ ‘SparseM’
     These packages need to be imported from (in the NAMESPACE file)
     for when this namespace is loaded but not attached.
    See the information on DESCRIPTION files in the chapter ‘Creating R
    packages’ of the ‘Writing R Extensions’ manual.
Flavors: r-devel-linux-x86_64-fedora-clang, r-devel-linux-x86_64-fedora-gcc

Version: 0.40
Check: package dependencies
Result: ERROR
    Package required but not available: ‘Rmosek’
    
    See the information on DESCRIPTION files in the chapter ‘Creating R
    packages’ of the ‘Writing R Extensions’ manual.
Flavors: r-devel-macosx-x86_64-gcc, r-release-macosx-x86_64

Version: 0.32
Check: package dependencies
Result: ERROR
    Package required but not available: 'Rmosek'
    
    See the information on DESCRIPTION files in the chapter 'Creating R
    packages' of the 'Writing R Extensions' manual.
Flavor: r-oldrel-windows-ix86+x86_64