CRAN Package Check Results for Package REEMtree

Last updated on 2014-04-21 04:48:46.

Flavor Version Tinstall Tcheck Ttotal Status Flags
r-devel-linux-x86_64-debian-clang 0.90.3 0.96 19.75 20.70 NOTE
r-devel-linux-x86_64-debian-gcc 0.90.3 0.98 19.94 20.92 NOTE
r-devel-linux-x86_64-fedora-clang 0.90.3 41.57 NOTE
r-devel-linux-x86_64-fedora-gcc 0.90.3 38.91 NOTE
r-devel-macosx-x86_64-clang 0.90.3 37.86 NOTE
r-devel-macosx-x86_64-gcc 0.90.3 ERROR
r-devel-windows-ix86+x86_64 0.90.3 3.00 33.00 36.00 NOTE
r-patched-linux-x86_64 0.90.3 0.98 20.05 21.03 NOTE
r-patched-solaris-sparc 0.90.3 233.00 NOTE
r-patched-solaris-x86 0.90.3 56.70 NOTE
r-release-linux-ix86 NOTE
r-release-linux-x86_64 0.90.3 0.94 19.78 20.72 NOTE
r-release-macosx-x86_64 0.90.3 NOTE
r-release-windows-ix86+x86_64 0.90.3 4.00 32.00 36.00 NOTE
r-oldrel-windows-ix86+x86_64 0.90.3 4.00 32.00 36.00 NOTE

Check Details

Version: 0.90.3
Check: R code for possible problems
Result: NOTE
    REEMtree: no visible binding for global variable ‘SubsetVector’
Flavors: r-devel-linux-x86_64-debian-clang, r-devel-linux-x86_64-debian-gcc, r-devel-linux-x86_64-fedora-clang, r-devel-linux-x86_64-fedora-gcc, r-devel-macosx-x86_64-clang, r-devel-macosx-x86_64-gcc, r-devel-windows-ix86+x86_64, r-patched-linux-x86_64, r-patched-solaris-sparc, r-patched-solaris-x86, r-release-linux-ix86, r-release-linux-x86_64, r-release-macosx-x86_64, r-release-windows-ix86+x86_64, r-oldrel-windows-ix86+x86_64

Version: 0.90.3
Check: Rd \usage sections
Result: NOTE
    S3 methods shown with full name in documentation object 'fitted.REEMtree':
     ‘fitted.REEMtree’
    
    S3 methods shown with full name in documentation object 'logLik':
     ‘logLik.REEMtree’
    
    S3 methods shown with full name in documentation object 'plot':
     ‘plot.REEMtree’
    
    S3 methods shown with full name in documentation object 'predict':
     ‘predict.REEMtree’
    
    S3 methods shown with full name in documentation object 'print':
     ‘print.REEMtree’
    
    S3 methods shown with full name in documentation object 'ranef.REEMtree':
     ‘ranef.REEMtree’
    
    S3 methods shown with full name in documentation object 'residuals.REEMtree':
     ‘residuals.REEMtree’
    
    The \usage entries for S3 methods should use the \method markup and not
    their full name.
    See the chapter ‘Writing R documentation files’ in the ‘Writing R
    Extensions’ manual.
Flavors: r-devel-linux-x86_64-debian-clang, r-devel-linux-x86_64-debian-gcc, r-devel-linux-x86_64-fedora-clang, r-devel-linux-x86_64-fedora-gcc, r-devel-macosx-x86_64-clang, r-devel-macosx-x86_64-gcc, r-devel-windows-ix86+x86_64, r-patched-linux-x86_64, r-patched-solaris-sparc, r-patched-solaris-x86, r-release-linux-ix86, r-release-linux-x86_64, r-release-macosx-x86_64, r-release-windows-ix86+x86_64, r-oldrel-windows-ix86+x86_64

Version: 0.90.3
Check: Rd line widths
Result: NOTE
    Rd file 'REEMtree.Rd':
     \usage lines wider than 90 characters:
     ErrorTolerance=0.001, MaxIterations=1000, verbose=FALSE, tree.control=rpart.control(),
     lme.control=lmeControl(returnObject=TRUE), method="REML", correlation=NULL)
    
    These lines will be truncated in the PDF manual.
Flavors: r-devel-linux-x86_64-fedora-clang, r-devel-linux-x86_64-fedora-gcc

Version: 0.90.3
Check: package dependencies
Result: NOTE
    Package suggested but not available for checking: ‘AER’
Flavor: r-devel-macosx-x86_64-gcc

Version: 0.90.3
Check: examples
Result: ERROR
    Running examples in ‘REEMtree-Ex.R’ failed
    The error most likely occurred in:
    
    > ### Name: REEMtree
    > ### Title: Create a RE-EM tree
    > ### Aliases: REEMtree
    > ### Keywords: tree models
    >
    > ### ** Examples
    >
    > data(simpleREEMdata)
    > REEMresult<-REEMtree(Y~D+t+X, data=simpleREEMdata, random=~1|ID)
    >
    > # Estimation allowing for autocorrelation
    > REEMresult<-REEMtree(Y~D+t+X, data=simpleREEMdata, random=~1|ID,
    + correlation=corAR1())
    >
    > # Random parameters model for the random effects
    > REEMresult<-REEMtree(Y~D+t+X, data=simpleREEMdata, random=~1+X|ID)
    >
    > # Estimation with a subset
    > sub <- rep(c(rep(TRUE, 10), rep(FALSE, 2)), 50)
    > REEMresult<-REEMtree(Y~D+t+X, data=simpleREEMdata, random=~1|ID,
    + subset=sub)
    >
    > # Dataset from the R library "AER"
    > data("Grunfeld", package = "AER")
    Error in find.package(package, lib.loc, verbose = verbose) :
     there is no package called ‘AER’
    Calls: data -> find.package
    Execution halted
Flavor: r-devel-macosx-x86_64-gcc