CRAN Package Check Results for Package REEMtree

Last updated on 2014-09-03 01:47:56.

Flavor Version Tinstall Tcheck Ttotal Status Flags
r-devel-linux-x86_64-debian-clang 0.90.3 0.84 18.69 19.53 NOTE
r-devel-linux-x86_64-debian-gcc 0.90.3 0.84 18.06 18.90 NOTE
r-devel-linux-x86_64-fedora-clang 0.90.3 38.95 NOTE
r-devel-linux-x86_64-fedora-gcc 0.90.3 34.10 NOTE
r-devel-osx-x86_64-clang 0.90.3 33.52 NOTE
r-devel-windows-ix86+x86_64 0.90.3 4.00 29.00 33.00 NOTE
r-patched-linux-x86_64 0.90.3 0.90 19.27 20.17 NOTE
r-patched-solaris-sparc 0.90.3 253.20 NOTE
r-patched-solaris-x86 0.90.3 54.20 NOTE
r-release-linux-ix86 0.90.3 1.23 27.19 28.42 NOTE
r-release-linux-x86_64 0.90.3 0.97 19.44 20.41 NOTE
r-release-osx-x86_64-mavericks 0.90.3 NOTE
r-release-osx-x86_64-snowleopard 0.90.3 NOTE
r-release-windows-ix86+x86_64 0.90.3 4.00 37.00 41.00 NOTE
r-oldrel-windows-ix86+x86_64 0.90.3 4.00 35.00 39.00 NOTE

Check Details

Version: 0.90.3
Check: R code for possible problems
Result: NOTE
    REEMtree: no visible binding for global variable ‘SubsetVector’
Flavors: r-devel-linux-x86_64-debian-clang, r-devel-linux-x86_64-debian-gcc, r-devel-linux-x86_64-fedora-clang, r-devel-linux-x86_64-fedora-gcc, r-devel-osx-x86_64-clang, r-devel-windows-ix86+x86_64, r-patched-linux-x86_64, r-patched-solaris-sparc, r-patched-solaris-x86, r-release-linux-ix86, r-release-linux-x86_64, r-release-osx-x86_64-mavericks, r-release-osx-x86_64-snowleopard, r-release-windows-ix86+x86_64, r-oldrel-windows-ix86+x86_64

Version: 0.90.3
Check: Rd \usage sections
Result: NOTE
    S3 methods shown with full name in documentation object 'fitted.REEMtree':
     ‘fitted.REEMtree’
    
    S3 methods shown with full name in documentation object 'logLik':
     ‘logLik.REEMtree’
    
    S3 methods shown with full name in documentation object 'plot':
     ‘plot.REEMtree’
    
    S3 methods shown with full name in documentation object 'predict':
     ‘predict.REEMtree’
    
    S3 methods shown with full name in documentation object 'print':
     ‘print.REEMtree’
    
    S3 methods shown with full name in documentation object 'ranef.REEMtree':
     ‘ranef.REEMtree’
    
    S3 methods shown with full name in documentation object 'residuals.REEMtree':
     ‘residuals.REEMtree’
    
    The \usage entries for S3 methods should use the \method markup and not
    their full name.
    See the chapter ‘Writing R documentation files’ in the ‘Writing R
    Extensions’ manual.
Flavors: r-devel-linux-x86_64-debian-clang, r-devel-linux-x86_64-debian-gcc, r-devel-linux-x86_64-fedora-clang, r-devel-linux-x86_64-fedora-gcc, r-devel-osx-x86_64-clang, r-devel-windows-ix86+x86_64, r-patched-linux-x86_64, r-patched-solaris-sparc, r-patched-solaris-x86, r-release-linux-ix86, r-release-linux-x86_64, r-release-osx-x86_64-mavericks, r-release-osx-x86_64-snowleopard, r-release-windows-ix86+x86_64, r-oldrel-windows-ix86+x86_64

Version: 0.90.3
Check: Rd line widths
Result: NOTE
    Rd file 'REEMtree.Rd':
     \usage lines wider than 90 characters:
     ErrorTolerance=0.001, MaxIterations=1000, verbose=FALSE, tree.control=rpart.control(),
     lme.control=lmeControl(returnObject=TRUE), method="REML", correlation=NULL)
    
    These lines will be truncated in the PDF manual.
Flavors: r-devel-linux-x86_64-fedora-clang, r-devel-linux-x86_64-fedora-gcc