CRAN Package Check Results for Package REEMtree

Last updated on 2015-08-28 06:47:31.

Flavor Version Tinstall Tcheck Ttotal Status Flags
r-devel-linux-x86_64-debian-clang 0.90.3 0.99 15.53 16.52 NOTE
r-devel-linux-x86_64-debian-gcc 0.90.3 0.70 15.41 16.12 NOTE
r-devel-linux-x86_64-fedora-clang 0.90.3 32.17 NOTE
r-devel-linux-x86_64-fedora-gcc 0.90.3 31.01 NOTE
r-devel-osx-x86_64-clang 0.90.3 27.53 NOTE
r-devel-windows-ix86+x86_64 0.90.3 6.00 33.00 39.00 NOTE
r-patched-linux-x86_64 0.90.3 0.78 16.62 17.40 NOTE
r-patched-solaris-sparc 0.90.3 224.00 NOTE
r-patched-solaris-x86 0.90.3 49.10 NOTE
r-release-linux-x86_64 0.90.3 0.79 16.28 17.08 NOTE
r-release-osx-x86_64-mavericks 0.90.3 NOTE
r-release-windows-ix86+x86_64 0.90.3 5.00 31.00 36.00 NOTE
r-oldrel-windows-ix86+x86_64 0.90.3 5.00 38.00 43.00 NOTE

Check Details

Version: 0.90.3
Check: R code for possible problems
Result: NOTE
    AutoCorrelationLRtest: no visible global function definition for
     ‘logLik’
    AutoCorrelationLRtest: no visible global function definition for
     ‘pchisq’
    REEMtree: no visible global function definition for ‘terms’
    REEMtree: no visible binding for global variable ‘SubsetVector’
    REEMtree: no visible global function definition for ‘predict’
    REEMtree: no visible global function definition for ‘logLik’
    fitted.REEMtree: no visible global function definition for ‘fitted’
    plot.REEMtree: no visible global function definition for ‘plot’
    predict.REEMtree: no visible global function definition for ‘predict’
    residuals.REEMtree: no visible global function definition for
     ‘residuals’
    Undefined global functions or variables:
     SubsetVector fitted logLik pchisq plot predict residuals terms
    Consider adding
     importFrom("graphics", "plot")
     importFrom("stats", "fitted", "logLik", "pchisq", "predict",
     "residuals", "terms")
    to your NAMESPACE.
Flavors: r-devel-linux-x86_64-debian-clang, r-devel-linux-x86_64-debian-gcc, r-devel-linux-x86_64-fedora-clang, r-devel-linux-x86_64-fedora-gcc, r-devel-windows-ix86+x86_64

Version: 0.90.3
Check: Rd line widths
Result: NOTE
    Rd file 'REEMtree.Rd':
     \usage lines wider than 90 characters:
     ErrorTolerance=0.001, MaxIterations=1000, verbose=FALSE, tree.control=rpart.control(),
     lme.control=lmeControl(returnObject=TRUE), method="REML", correlation=NULL)
    
    These lines will be truncated in the PDF manual.
Flavors: r-devel-linux-x86_64-debian-clang, r-devel-linux-x86_64-debian-gcc, r-devel-linux-x86_64-fedora-clang, r-devel-linux-x86_64-fedora-gcc, r-patched-linux-x86_64, r-release-linux-x86_64

Version: 0.90.3
Check: Rd \usage sections
Result: NOTE
    S3 methods shown with full name in documentation object 'fitted.REEMtree':
     ‘fitted.REEMtree’
    
    S3 methods shown with full name in documentation object 'logLik':
     ‘logLik.REEMtree’
    
    S3 methods shown with full name in documentation object 'plot':
     ‘plot.REEMtree’
    
    S3 methods shown with full name in documentation object 'predict':
     ‘predict.REEMtree’
    
    S3 methods shown with full name in documentation object 'print':
     ‘print.REEMtree’
    
    S3 methods shown with full name in documentation object 'ranef.REEMtree':
     ‘ranef.REEMtree’
    
    S3 methods shown with full name in documentation object 'residuals.REEMtree':
     ‘residuals.REEMtree’
    
    The \usage entries for S3 methods should use the \method markup and not
    their full name.
    See chapter ‘Writing R documentation files’ in the ‘Writing R
    Extensions’ manual.
Flavors: r-devel-linux-x86_64-debian-clang, r-devel-linux-x86_64-debian-gcc, r-devel-linux-x86_64-fedora-clang, r-devel-linux-x86_64-fedora-gcc, r-devel-osx-x86_64-clang, r-devel-windows-ix86+x86_64, r-patched-linux-x86_64, r-patched-solaris-sparc, r-patched-solaris-x86, r-release-linux-x86_64, r-release-osx-x86_64-mavericks, r-release-windows-ix86+x86_64, r-oldrel-windows-ix86+x86_64

Version: 0.90.3
Check: R code for possible problems
Result: NOTE
    REEMtree: no visible binding for global variable ‘SubsetVector’
    Undefined global functions or variables:
     SubsetVector
Flavor: r-devel-osx-x86_64-clang

Version: 0.90.3
Check: R code for possible problems
Result: NOTE
    REEMtree: no visible binding for global variable ‘SubsetVector’
Flavors: r-patched-linux-x86_64, r-patched-solaris-sparc, r-patched-solaris-x86, r-release-linux-x86_64, r-release-osx-x86_64-mavericks, r-release-windows-ix86+x86_64, r-oldrel-windows-ix86+x86_64