CRAN Package Check Results for Package REPLesentR

Last updated on 2022-01-29 01:49:48 CET.

Flavor Version Tinstall Tcheck Ttotal Status Flags
r-devel-linux-x86_64-debian-clang 0.4.1 3.84 50.25 54.09 NOTE
r-devel-linux-x86_64-debian-gcc 0.4.1 3.74 37.29 41.03 NOTE
r-devel-linux-x86_64-fedora-clang 0.4.1 63.20 NOTE
r-devel-linux-x86_64-fedora-gcc 0.4.1 52.26 NOTE
r-devel-windows-x86_64-new-UL 0.4.1 31.00 67.00 98.00 NOTE
r-devel-windows-x86_64-new-TK 0.4.1 NOTE
r-patched-linux-x86_64 0.4.1 2.88 44.72 47.60 NOTE
r-release-linux-x86_64 0.4.1 3.27 44.82 48.09 NOTE
r-release-macos-arm64 0.4.1 NOTE
r-release-macos-x86_64 0.4.1 NOTE
r-release-windows-ix86+x86_64 0.4.1 9.00 53.00 62.00 NOTE
r-oldrel-macos-x86_64 0.4.1 OK
r-oldrel-windows-ix86+x86_64 0.4.1 9.00 57.00 66.00 OK

Check Details

Version: 0.4.1
Check: LazyData
Result: NOTE
     'LazyData' is specified without a 'data' directory
Flavors: r-devel-linux-x86_64-debian-clang, r-devel-linux-x86_64-debian-gcc, r-devel-linux-x86_64-fedora-clang, r-devel-linux-x86_64-fedora-gcc, r-devel-windows-x86_64-new-UL, r-devel-windows-x86_64-new-TK, r-patched-linux-x86_64, r-release-linux-x86_64, r-release-macos-arm64, r-release-macos-x86_64, r-release-windows-ix86+x86_64