CRAN Package Check Results for Package REPPlab

Last updated on 2014-09-01 19:46:33.

Flavor Version Tinstall Tcheck Ttotal Status Flags
r-devel-linux-x86_64-debian-clang 0.2 1.84 30.47 32.31 OK
r-devel-linux-x86_64-debian-gcc 0.2 1.77 29.91 31.68 OK
r-devel-linux-x86_64-fedora-clang 0.2 68.35 OK
r-devel-linux-x86_64-fedora-gcc 0.2 63.28 OK
r-devel-osx-x86_64-clang 0.2 55.00 OK
r-devel-windows-ix86+x86_64 0.2 5.00 47.00 52.00 OK
r-patched-linux-x86_64 0.2 1.97 31.12 33.09 OK
r-patched-solaris-sparc 0.2 482.50 OK
r-patched-solaris-x86 0.2 99.10 OK
r-release-linux-ix86 0.2 2.38 40.43 42.82 OK
r-release-linux-x86_64 0.2 1.90 31.47 33.37 OK
r-release-osx-x86_64-mavericks 0.2 OK
r-release-osx-x86_64-snowleopard 0.2 WARN
r-release-windows-ix86+x86_64 0.2 6.00 50.00 56.00 OK
r-oldrel-windows-ix86+x86_64 0.2 7.00 46.00 53.00 OK

Check Details

Version: 0.2
Check: examples
Result: WARN
    checking a package with encoding 'latin1' in an ASCII locale
    
     OK
Flavor: r-release-osx-x86_64-snowleopard