CRAN Package Check Results for Package REPPlab

Last updated on 2014-08-22 13:47:01.

Flavor Version Tinstall Tcheck Ttotal Status Flags
r-devel-linux-x86_64-debian-clang 0.2 1.97 30.80 32.78 OK
r-devel-linux-x86_64-debian-gcc 0.2 1.77 30.33 32.10 OK
r-devel-linux-x86_64-fedora-clang 0.2 67.59 OK
r-devel-linux-x86_64-fedora-gcc 0.2 62.76 OK
r-devel-osx-x86_64-clang 0.2 57.20 OK
r-devel-windows-ix86+x86_64 0.2 5.00 46.00 51.00 OK
r-patched-linux-x86_64 0.2 1.86 30.96 32.82 OK
r-patched-solaris-sparc 0.2 482.50 OK
r-patched-solaris-x86 0.2 99.10 OK
r-release-linux-ix86 0.2 2.29 40.45 42.74 OK
r-release-linux-x86_64 0.2 1.91 32.00 33.91 OK
r-release-osx-x86_64-mavericks 0.2 OK
r-release-osx-x86_64-snowleopard 0.2 WARN
r-release-windows-ix86+x86_64 0.2 6.00 45.00 51.00 OK
r-oldrel-windows-ix86+x86_64 0.2 7.00 44.00 51.00 OK

Check Details

Version: 0.2
Check: examples
Result: WARN
    checking a package with encoding 'latin1' in an ASCII locale
    
     OK
Flavor: r-release-osx-x86_64-snowleopard