CRAN Package Check Results for Package REPPlab

Last updated on 2014-07-31 03:48:39.

Flavor Version Tinstall Tcheck Ttotal Status Flags
r-devel-linux-x86_64-debian-clang 0.2 2.38 30.78 33.16 OK
r-devel-linux-x86_64-debian-gcc 0.2 1.86 30.72 32.58 OK
r-devel-linux-x86_64-fedora-clang 0.2 68.29 OK
r-devel-linux-x86_64-fedora-gcc 0.2 63.80 OK
r-devel-osx-x86_64-clang 0.2 56.63 OK
r-devel-windows-ix86+x86_64 0.2 5.00 47.00 52.00 OK
r-patched-linux-x86_64 0.2 1.85 30.48 32.33 OK
r-patched-solaris-sparc 0.2 482.50 OK
r-patched-solaris-x86 0.2 99.70 OK
r-release-linux-ix86 0.2 2.29 39.98 42.27 OK
r-release-linux-x86_64 0.2 1.91 31.31 33.22 OK
r-release-osx-x86_64-mavericks 0.2 OK
r-release-osx-x86_64-snowleopard 0.2 WARN
r-release-windows-ix86+x86_64 0.2 9.00 62.00 71.00 OK
r-oldrel-windows-ix86+x86_64 0.2 9.00 63.00 72.00 OK

Check Details

Version: 0.2
Check: examples
Result: WARNING
    checking a package with encoding 'latin1' in an ASCII locale
    
     OK
Flavor: r-release-osx-x86_64-snowleopard