CRAN Package Check Results for Package REPPlab

Last updated on 2015-05-27 05:47:50.

Flavor Version Tinstall Tcheck Ttotal Status Flags
r-devel-linux-x86_64-debian-clang 0.9.1 1.47 28.84 30.31 OK
r-devel-linux-x86_64-debian-gcc 0.9.1 1.52 27.85 29.38 OK
r-devel-linux-x86_64-fedora-clang 0.9.1 59.89 OK
r-devel-linux-x86_64-fedora-gcc 0.9.1 55.20 OK
r-devel-osx-x86_64-clang 0.9.1 53.01 OK
r-devel-windows-ix86+x86_64 0.9.1 5.00 43.00 48.00 OK
r-patched-linux-x86_64 0.9.1 1.42 27.37 28.79 OK
r-patched-solaris-sparc 0.9.1 435.50 OK
r-patched-solaris-x86 0.9.1 91.50 OK
r-release-linux-x86_64 0.9.1 1.53 27.37 28.90 OK
r-release-osx-x86_64-mavericks 0.9.1 OK
r-release-osx-x86_64-snowleopard 0.9.1 ERROR
r-release-windows-ix86+x86_64 0.9.1 6.00 44.00 50.00 OK
r-oldrel-windows-ix86+x86_64 0.9.1 6.00 47.00 53.00 OK

Check Details

Version: 0.9.1
Check: package dependencies
Result: NOTE
    Package suggested but not available for checking: ‘tourr’
Flavor: r-release-osx-x86_64-snowleopard

Version: 0.9.1
Check: examples
Result: ERROR
    Running examples in ‘REPPlab-Ex.R’ failed
    The error most likely occurred in:
    
    > ### Name: EPPlab
    > ### Title: Function for Exploratory Projection Pursuit.
    > ### Aliases: EPPlab
    > ### Keywords: multivariate
    >
    > ### ** Examples
    >
    > library(tourr)
    Error in library(tourr) : there is no package called ‘tourr’
    Execution halted
Flavor: r-release-osx-x86_64-snowleopard