CRAN Package Check Results for Package REPPlab

Last updated on 2016-02-09 10:48:06.

Flavor Version Tinstall Tcheck Ttotal Status Flags
r-devel-linux-x86_64-debian-gcc 0.9.3 1.53 31.26 32.79 OK
r-devel-linux-x86_64-fedora-clang 0.9.3 60.71 OK
r-devel-linux-x86_64-fedora-gcc 0.9.3 58.15 OK
r-devel-osx-x86_64-clang 0.9.3 62.06 OK
r-devel-windows-ix86+x86_64 0.9.3 8.00 52.00 60.00 OK
r-patched-linux-x86_64 0.9.3 1.61 33.42 35.03 OK
r-patched-solaris-sparc 0.9.3 478.80 OK
r-patched-solaris-x86 0.9.3 88.40 OK
r-release-linux-x86_64 0.9.3 1.65 33.03 34.68 OK
r-release-osx-x86_64-mavericks 0.9.3 OK
r-release-windows-ix86+x86_64 0.9.3 7.00 75.00 82.00 OK
r-oldrel-windows-ix86+x86_64 0.9.3 4.00 2.00 6.00 ERROR

Check Details

Version: 0.9.3
Check: package dependencies
Result: ERROR
    Package required and available but unsuitable version: 'LDRTools'
    
    See section 'The DESCRIPTION file' in the 'Writing R Extensions'
    manual.
Flavor: r-oldrel-windows-ix86+x86_64