CRAN Package Check Results for Package REPPlab

Last updated on 2014-04-25 09:52:22.

Flavor Version Tinstall Tcheck Ttotal Status Flags
r-devel-linux-x86_64-debian-clang 0.2 2.06 32.22 34.27 OK
r-devel-linux-x86_64-debian-gcc 0.2 1.97 32.30 34.27 OK
r-devel-linux-x86_64-fedora-clang 0.2 69.58 OK
r-devel-linux-x86_64-fedora-gcc 0.2 66.88 OK
r-devel-osx-x86_64-clang 0.2 55.85 OK
r-devel-osx-x86_64-gcc 0.2 ERROR
r-devel-windows-ix86+x86_64 0.2 7.00 48.00 55.00 OK
r-patched-linux-x86_64 0.2 1.95 31.89 33.84 OK
r-patched-solaris-sparc 0.2 468.30 OK
r-patched-solaris-x86 0.2 99.90 OK
r-release-linux-ix86 0.2 3.00 56.00 59.00 OK
r-release-linux-x86_64 0.2 2.10 32.04 34.14 OK
r-release-osx-x86_64-mavericks 0.2 OK
r-release-osx-x86_64-snowleopard 0.2 WARN
r-release-windows-ix86+x86_64 0.2 6.00 48.00 54.00 OK
r-oldrel-windows-ix86+x86_64 0.2 6.00 50.00 56.00 OK

Check Details

Version: 0.2
Check: package dependencies
Result: NOTE
    Package suggested but not available for checking: ‘tourr’
Flavor: r-devel-osx-x86_64-gcc

Version: 0.2
Check: examples
Result: ERROR
    Running examples in ‘REPPlab-Ex.R’ failed
    The error most likely occurred in:
    
    > ### Name: EPPlab
    > ### Title: Function for Explanatory Projection Pursuit.
    > ### Aliases: EPPlab
    > ### Keywords: multivariate
    >
    > ### ** Examples
    >
    > library(tourr)
    Error in library(tourr) : there is no package called ‘tourr’
    Execution halted
Flavor: r-devel-osx-x86_64-gcc

Version: 0.2
Check: examples
Result: WARNING
    checking a package with encoding 'latin1' in an ASCII locale
    
     OK
Flavor: r-release-osx-x86_64-snowleopard