CRAN Package Check Results for Package REPPlab

Last updated on 2015-08-29 06:47:52.

Flavor Version Tinstall Tcheck Ttotal Status Flags
r-devel-linux-x86_64-debian-clang 0.9.1 1.38 26.81 28.19 NOTE
r-devel-linux-x86_64-debian-gcc 0.9.1 1.35 26.36 27.71 NOTE
r-devel-linux-x86_64-fedora-clang 0.9.1 56.27 NOTE
r-devel-linux-x86_64-fedora-gcc 0.9.1 54.33 NOTE
r-devel-osx-x86_64-clang 0.9.1 47.04 OK
r-devel-windows-ix86+x86_64 0.9.1 7.00 49.00 56.00 NOTE
r-patched-linux-x86_64 0.9.1 1.54 28.06 29.60 OK
r-patched-solaris-sparc 0.9.1 447.80 OK
r-patched-solaris-x86 0.9.1 98.50 OK
r-release-linux-x86_64 0.9.1 1.56 28.26 29.82 OK
r-release-osx-x86_64-mavericks 0.9.1 OK
r-release-windows-ix86+x86_64 0.9.1 8.00 46.00 54.00 OK
r-oldrel-windows-ix86+x86_64 0.9.1 10.00 76.00 86.00 OK

Check Details

Version: 0.9.1
Check: R code for possible problems
Result: NOTE
    pairs.epplab: no visible global function definition for ‘pairs’
    plot.epplab: no visible global function definition for ‘stack’
    plot.epplabOutlier: no visible global function definition for ‘image’
    plot.epplabOutlier: no visible global function definition for ‘box’
    plot.epplabOutlier: no visible global function definition for ‘axis’
    screeplot.epplab: no visible global function definition for ‘barplot’
    screeplot.epplab: no visible global function definition for ‘plot’
    Undefined global functions or variables:
     axis barplot box image pairs plot stack
    Consider adding
     importFrom("graphics", "axis", "barplot", "box", "image", "pairs",
     "plot")
     importFrom("utils", "stack")
    to your NAMESPACE.
Flavors: r-devel-linux-x86_64-debian-clang, r-devel-linux-x86_64-debian-gcc, r-devel-linux-x86_64-fedora-clang, r-devel-linux-x86_64-fedora-gcc, r-devel-windows-ix86+x86_64