CRAN Package Check Results for Package REPPlab

Last updated on 2015-04-19 23:49:25.

Flavor Version Tinstall Tcheck Ttotal Status Flags
r-devel-linux-x86_64-debian-clang 0.9.1 1.56 27.86 29.42 OK
r-devel-linux-x86_64-debian-gcc 0.9.1 1.46 27.23 28.69 OK
r-devel-linux-x86_64-fedora-clang 0.9.1 59.23 OK
r-devel-linux-x86_64-fedora-gcc 0.9.1 56.60 OK
r-devel-osx-x86_64-clang 0.9.1 54.47 OK
r-devel-windows-ix86+x86_64 0.9.1 9.00 59.00 68.00 OK
r-patched-linux-x86_64 0.9.1 1.56 27.98 29.54 OK
r-patched-solaris-sparc 0.9.1 442.10 OK
r-patched-solaris-x86 0.9.1 91.10 OK
r-release-linux-x86_64 0.9.1 1.75 27.56 29.31 OK
r-release-osx-x86_64-mavericks 0.9.1 OK
r-release-osx-x86_64-snowleopard 0.9.1 ERROR
r-release-windows-ix86+x86_64 0.9.1 5.00 43.00 48.00 OK
r-oldrel-windows-ix86+x86_64 0.9.1 5.00 50.00 55.00 OK

Check Details

Version: 0.9.1
Check: package dependencies
Result: NOTE
    Package suggested but not available for checking: ‘tourr’
Flavor: r-release-osx-x86_64-snowleopard

Version: 0.9.1
Check: examples
Result: ERROR
    Running examples in ‘REPPlab-Ex.R’ failed
    The error most likely occurred in:
    
    > ### Name: EPPlab
    > ### Title: Function for Exploratory Projection Pursuit.
    > ### Aliases: EPPlab
    > ### Keywords: multivariate
    >
    > ### ** Examples
    >
    > library(tourr)
    Error in library(tourr) : there is no package called ‘tourr’
    Execution halted
Flavor: r-release-osx-x86_64-snowleopard