CRAN Package Check Results for Package REPPlab

Last updated on 2016-04-29 19:49:58.

Flavor Version Tinstall Tcheck Ttotal Status Flags
r-devel-linux-x86_64-debian-gcc 0.9.3 1.62 31.27 32.90 OK
r-devel-linux-x86_64-fedora-clang 0.9.3 61.34 OK
r-devel-linux-x86_64-fedora-gcc 0.9.3 58.04 OK
r-devel-osx-x86_64-clang 0.9.3 62.65 OK
r-devel-windows-ix86+x86_64 0.9.3 5.00 59.00 64.00 OK
r-patched-linux-x86_64 0.9.3 1.38 31.34 32.72 OK
r-patched-solaris-sparc 0.9.3 513.80 OK
r-patched-solaris-x86 0.9.3 88.20 OK
r-release-linux-x86_64 0.9.3 1.60 33.90 35.50 OK
r-release-osx-x86_64-mavericks 0.9.3 OK
r-release-windows-ix86+x86_64 0.9.3 6.00 55.00 61.00 OK
r-oldrel-windows-ix86+x86_64 0.9.3 4.00 2.00 6.00 ERROR

Check Details

Version: 0.9.3
Check: package dependencies
Result: ERROR
    Package required and available but unsuitable version: 'LDRTools'
    
    See section 'The DESCRIPTION file' in the 'Writing R Extensions'
    manual.
Flavor: r-oldrel-windows-ix86+x86_64