CRAN Package Check Results for Package REPPlab

Last updated on 2015-07-31 14:48:59.

Flavor Version Tinstall Tcheck Ttotal Status Flags
r-devel-linux-x86_64-debian-clang 0.9.1 1.46 28.12 29.58 NOTE
r-devel-linux-x86_64-debian-gcc 0.9.1 1.99 27.74 29.74 NOTE
r-devel-linux-x86_64-fedora-clang 0.9.1 58.59 NOTE
r-devel-linux-x86_64-fedora-gcc 0.9.1 57.15 NOTE
r-devel-osx-x86_64-clang 0.9.1 50.17 OK
r-devel-windows-ix86+x86_64 0.9.1 8.00 49.00 57.00 NOTE
r-patched-linux-x86_64 0.9.1 1.43 28.25 29.68 OK
r-patched-solaris-sparc 0.9.1 447.80 OK
r-patched-solaris-x86 0.9.1 90.90 OK
r-release-linux-x86_64 0.9.1 1.44 28.24 29.68 OK
r-release-osx-x86_64-mavericks 0.9.1 OK
r-release-windows-ix86+x86_64 0.9.1 7.00 43.00 50.00 OK
r-oldrel-windows-ix86+x86_64 0.9.1 7.00 56.00 63.00 OK

Check Details

Version: 0.9.1
Check: R code for possible problems
Result: NOTE
    pairs.epplab: no visible global function definition for ‘pairs’
    plot.epplab: no visible global function definition for ‘stack’
    plot.epplabOutlier: no visible global function definition for ‘image’
    plot.epplabOutlier: no visible global function definition for ‘box’
    plot.epplabOutlier: no visible global function definition for ‘axis’
    screeplot.epplab: no visible global function definition for ‘barplot’
    screeplot.epplab: no visible global function definition for ‘plot’
    Undefined global functions or variables:
     axis barplot box image pairs plot stack
    Consider adding
     importFrom("graphics", "axis", "barplot", "box", "image", "pairs",
     "plot")
     importFrom("utils", "stack")
    to your NAMESPACE.
Flavors: r-devel-linux-x86_64-debian-clang, r-devel-linux-x86_64-debian-gcc, r-devel-linux-x86_64-fedora-clang, r-devel-linux-x86_64-fedora-gcc, r-devel-windows-ix86+x86_64