CRAN Package Check Results for Package REPPlabShiny

Last updated on 2022-12-07 17:50:36 CET.

Flavor Version Tinstall Tcheck Ttotal Status Flags
r-devel-linux-x86_64-debian-clang 0.4.1 5.11 55.08 60.19 NOTE
r-devel-linux-x86_64-debian-gcc 0.4.1 4.40 43.37 47.77 NOTE
r-devel-linux-x86_64-fedora-clang 0.4.1 87.18 NOTE
r-devel-linux-x86_64-fedora-gcc 0.4.1 87.05 NOTE
r-devel-windows-x86_64 0.4.1 18.00 90.00 108.00 NOTE
r-patched-linux-x86_64 0.4.1 5.31 54.95 60.26 NOTE
r-release-linux-x86_64 0.4.1 4.99 55.50 60.49 NOTE
r-release-macos-arm64 0.4.1 27.00 NOTE
r-release-macos-x86_64 0.4.1 47.00 NOTE
r-release-windows-x86_64 0.4.1 19.00 91.00 110.00 NOTE
r-oldrel-macos-arm64 0.4.1 40.00 NOTE
r-oldrel-macos-x86_64 0.4.1 45.00 NOTE
r-oldrel-windows-ix86+x86_64 0.4.1 17.00 85.00 102.00 NOTE

Check Details

Version: 0.4.1
Check: LazyData
Result: NOTE
     'LazyData' is specified without a 'data' directory
Flavors: r-devel-linux-x86_64-debian-clang, r-devel-linux-x86_64-debian-gcc, r-devel-linux-x86_64-fedora-clang, r-devel-linux-x86_64-fedora-gcc, r-devel-windows-x86_64, r-patched-linux-x86_64, r-release-linux-x86_64, r-release-macos-arm64, r-release-macos-x86_64, r-release-windows-x86_64, r-oldrel-macos-arm64, r-oldrel-macos-x86_64, r-oldrel-windows-ix86+x86_64