CRAN Package Check Results for Package REQS

Last updated on 2015-04-21 15:50:23.

Flavor Version Tinstall Tcheck Ttotal Status Flags
r-devel-linux-x86_64-debian-clang 0.8-12 0.54 9.03 9.57 NOTE
r-devel-linux-x86_64-debian-gcc 0.8-12 0.51 9.12 9.63 NOTE
r-devel-linux-x86_64-fedora-clang 0.8-12 18.10 NOTE
r-devel-linux-x86_64-fedora-gcc 0.8-12 16.71 NOTE
r-devel-osx-x86_64-clang 0.8-12 21.71 OK
r-devel-windows-ix86+x86_64 0.8-12 2.00 17.00 19.00 OK
r-patched-linux-x86_64 0.8-12 0.52 8.96 9.47 NOTE
r-patched-solaris-sparc 0.8-12 119.80 OK
r-patched-solaris-x86 0.8-12 26.30 OK
r-release-linux-x86_64 0.8-12 0.52 9.21 9.73 NOTE
r-release-osx-x86_64-mavericks 0.8-12 OK
r-release-osx-x86_64-snowleopard 0.8-12 OK
r-release-windows-ix86+x86_64 0.8-12 1.00 18.00 19.00 OK
r-oldrel-windows-ix86+x86_64 0.8-12 3.00 17.00 20.00 OK

Check Details

Version: 0.8-12
Check: Rd line widths
Result: NOTE
    Rd file 'call.eqs.rd':
     \examples lines wider than 100 characters:
     ##res <- call.eqs(EQSpgm = "C:/Program Files/EQS61/WINEQS.EXE", EQSmodel = "c:/eqs61/examples/manul7.eqs", serial = "1234")
    
    Rd file 'run.eqs.rd':
     \examples lines wider than 100 characters:
     ##res <- run.eqs(EQSpgm = "C:/Program Files/EQS61/WINEQS.EXE", EQSmodel = "c:/eqs61/examples/manul7.eqs", serial = "1234")
     ## res <- run.eqs(EQSpgm = "C:/Program Files/EQS61/WINEQS.EXE", EQSmodel = "c:/eqs61/examples/manul7.eqs", data = X, datname = "manul7 ... [TRUNCATED]
    
    These lines will be truncated in the PDF manual.
Flavors: r-devel-linux-x86_64-debian-clang, r-devel-linux-x86_64-debian-gcc, r-devel-linux-x86_64-fedora-clang, r-devel-linux-x86_64-fedora-gcc, r-patched-linux-x86_64, r-release-linux-x86_64