CRAN Package Check Results for Package REQS

Last updated on 2015-02-27 22:49:28.

Flavor Version Tinstall Tcheck Ttotal Status Flags
r-devel-linux-x86_64-debian-clang 0.8-12 0.54 8.95 9.48 NOTE
r-devel-linux-x86_64-debian-gcc 0.8-12 0.52 8.87 9.38 NOTE
r-devel-linux-x86_64-fedora-clang 0.8-12 18.51 NOTE
r-devel-linux-x86_64-fedora-gcc 0.8-12 17.45 NOTE
r-devel-osx-x86_64-clang 0.8-12 20.19 OK
r-devel-windows-ix86+x86_64 0.8-12 3.00 17.00 20.00 OK
r-patched-linux-x86_64 0.8-12 0.59 10.30 10.89 NOTE
r-patched-solaris-sparc 0.8-12 128.40 OK
r-patched-solaris-x86 OK
r-release-linux-ix86 0.8-12 0.87 17.44 18.31 NOTE
r-release-linux-x86_64 0.8-12 0.59 10.06 10.65 NOTE
r-release-osx-x86_64-mavericks 0.8-12 OK
r-release-osx-x86_64-snowleopard 0.8-12 OK
r-release-windows-ix86+x86_64 0.8-12 2.00 17.00 19.00 OK
r-oldrel-windows-ix86+x86_64 0.8-12 3.00 23.00 26.00 OK

Check Details

Version: 0.8-12
Check: Rd line widths
Result: NOTE
    Rd file 'call.eqs.rd':
     \examples lines wider than 100 characters:
     ##res <- call.eqs(EQSpgm = "C:/Program Files/EQS61/WINEQS.EXE", EQSmodel = "c:/eqs61/examples/manul7.eqs", serial = "1234")
    
    Rd file 'run.eqs.rd':
     \examples lines wider than 100 characters:
     ##res <- run.eqs(EQSpgm = "C:/Program Files/EQS61/WINEQS.EXE", EQSmodel = "c:/eqs61/examples/manul7.eqs", serial = "1234")
     ## res <- run.eqs(EQSpgm = "C:/Program Files/EQS61/WINEQS.EXE", EQSmodel = "c:/eqs61/examples/manul7.eqs", data = X, datname = "manul7 ... [TRUNCATED]
    
    These lines will be truncated in the PDF manual.
Flavors: r-devel-linux-x86_64-debian-clang, r-devel-linux-x86_64-debian-gcc, r-devel-linux-x86_64-fedora-clang, r-devel-linux-x86_64-fedora-gcc, r-patched-linux-x86_64, r-release-linux-ix86, r-release-linux-x86_64