CRAN Package Check Results for Package REQS

Last updated on 2014-09-19 15:48:34.

Flavor Version Tinstall Tcheck Ttotal Status Flags
r-devel-linux-x86_64-debian-clang 0.8-12 0.50 9.87 10.37 NOTE
r-devel-linux-x86_64-debian-gcc 0.8-12 0.48 9.33 9.81 NOTE
r-devel-linux-x86_64-fedora-clang 0.8-12 20.22 NOTE
r-devel-linux-x86_64-fedora-gcc 0.8-12 21.71 NOTE
r-devel-osx-x86_64-clang 0.8-12 23.50 OK
r-devel-windows-ix86+x86_64 0.8-12 2.00 16.00 18.00 OK
r-patched-linux-x86_64 0.8-12 0.51 9.76 10.27 NOTE
r-patched-solaris-sparc 0.8-12 131.70 OK
r-patched-solaris-x86 0.8-12 28.90 OK
r-release-linux-ix86 0.8-12 0.83 15.48 16.31 OK
r-release-linux-x86_64 0.8-12 0.54 9.95 10.48 NOTE
r-release-osx-x86_64-mavericks 0.8-12 OK
r-release-osx-x86_64-snowleopard 0.8-12 OK
r-release-windows-ix86+x86_64 0.8-12 3.00 16.00 19.00 OK
r-oldrel-windows-ix86+x86_64 0.8-12 3.00 23.00 26.00 OK

Check Details

Version: 0.8-12
Check: Rd line widths
Result: NOTE
    Rd file 'call.eqs.rd':
     \examples lines wider than 100 characters:
     ##res <- call.eqs(EQSpgm = "C:/Program Files/EQS61/WINEQS.EXE", EQSmodel = "c:/eqs61/examples/manul7.eqs", serial = "1234")
    
    Rd file 'run.eqs.rd':
     \examples lines wider than 100 characters:
     ##res <- run.eqs(EQSpgm = "C:/Program Files/EQS61/WINEQS.EXE", EQSmodel = "c:/eqs61/examples/manul7.eqs", serial = "1234")
     ## res <- run.eqs(EQSpgm = "C:/Program Files/EQS61/WINEQS.EXE", EQSmodel = "c:/eqs61/examples/manul7.eqs", data = X, datname = "manul7 ... [TRUNCATED]
    
    These lines will be truncated in the PDF manual.
Flavors: r-devel-linux-x86_64-debian-clang, r-devel-linux-x86_64-debian-gcc, r-devel-linux-x86_64-fedora-clang, r-devel-linux-x86_64-fedora-gcc, r-patched-linux-x86_64, r-release-linux-x86_64