CRAN Package Check Results for Package REQS

Last updated on 2014-11-22 10:53:09.

Flavor Version Tinstall Tcheck Ttotal Status Flags
r-devel-linux-x86_64-debian-clang 0.8-12 0.57 10.31 10.88 NOTE
r-devel-linux-x86_64-debian-gcc 0.8-12 0.56 9.84 10.41 NOTE
r-devel-linux-x86_64-fedora-clang 0.8-12 21.65 NOTE
r-devel-linux-x86_64-fedora-gcc 0.8-12 19.65 NOTE
r-devel-osx-x86_64-clang 0.8-12 24.68 OK
r-devel-windows-ix86+x86_64 0.8-12 2.00 18.00 20.00 OK
r-patched-linux-x86_64 0.8-12 0.58 10.64 11.22 NOTE
r-patched-solaris-sparc 0.8-12 131.70 OK
r-patched-solaris-x86 0.8-12 29.90 OK
r-release-linux-ix86 0.8-12 0.88 15.06 15.94 OK
r-release-linux-x86_64 0.8-12 0.59 10.07 10.66 NOTE
r-release-osx-x86_64-mavericks 0.8-12 OK
r-release-osx-x86_64-snowleopard 0.8-12 OK
r-release-windows-ix86+x86_64 0.8-12 2.00 17.00 19.00 OK
r-oldrel-windows-ix86+x86_64 0.8-12 3.00 23.00 26.00 OK

Check Details

Version: 0.8-12
Check: Rd line widths
Result: NOTE
    Rd file 'call.eqs.rd':
     \examples lines wider than 100 characters:
     ##res <- call.eqs(EQSpgm = "C:/Program Files/EQS61/WINEQS.EXE", EQSmodel = "c:/eqs61/examples/manul7.eqs", serial = "1234")
    
    Rd file 'run.eqs.rd':
     \examples lines wider than 100 characters:
     ##res <- run.eqs(EQSpgm = "C:/Program Files/EQS61/WINEQS.EXE", EQSmodel = "c:/eqs61/examples/manul7.eqs", serial = "1234")
     ## res <- run.eqs(EQSpgm = "C:/Program Files/EQS61/WINEQS.EXE", EQSmodel = "c:/eqs61/examples/manul7.eqs", data = X, datname = "manul7 ... [TRUNCATED]
    
    These lines will be truncated in the PDF manual.
Flavors: r-devel-linux-x86_64-debian-clang, r-devel-linux-x86_64-debian-gcc, r-devel-linux-x86_64-fedora-clang, r-devel-linux-x86_64-fedora-gcc, r-patched-linux-x86_64, r-release-linux-x86_64