CRAN Package Check Results for Package REQS

Last updated on 2014-10-31 11:47:31.

Flavor Version Tinstall Tcheck Ttotal Status Flags
r-devel-linux-x86_64-debian-clang 0.8-12 0.58 10.06 10.65 NOTE
r-devel-linux-x86_64-debian-gcc 0.8-12 0.58 10.04 10.61 NOTE
r-devel-linux-x86_64-fedora-clang 0.8-12 21.34 NOTE
r-devel-linux-x86_64-fedora-gcc 0.8-12 18.98 NOTE
r-devel-osx-x86_64-clang 0.8-12 23.48 OK
r-devel-windows-ix86+x86_64 0.8-12 2.00 16.00 18.00 OK
r-patched-linux-x86_64 0.8-12 0.74 9.65 10.39 NOTE
r-patched-solaris-sparc 0.8-12 131.70 OK
r-patched-solaris-x86 0.8-12 29.90 OK
r-release-linux-ix86 0.8-12 0.82 15.39 16.21 OK
r-release-linux-x86_64 0.8-12 0.54 9.83 10.37 NOTE
r-release-osx-x86_64-mavericks 0.8-12 OK
r-release-osx-x86_64-snowleopard 0.8-12 OK
r-release-windows-ix86+x86_64 0.8-12 3.00 16.00 19.00 OK
r-oldrel-windows-ix86+x86_64 0.8-12 3.00 23.00 26.00 OK

Check Details

Version: 0.8-12
Check: Rd line widths
Result: NOTE
    Rd file 'call.eqs.rd':
     \examples lines wider than 100 characters:
     ##res <- call.eqs(EQSpgm = "C:/Program Files/EQS61/WINEQS.EXE", EQSmodel = "c:/eqs61/examples/manul7.eqs", serial = "1234")
    
    Rd file 'run.eqs.rd':
     \examples lines wider than 100 characters:
     ##res <- run.eqs(EQSpgm = "C:/Program Files/EQS61/WINEQS.EXE", EQSmodel = "c:/eqs61/examples/manul7.eqs", serial = "1234")
     ## res <- run.eqs(EQSpgm = "C:/Program Files/EQS61/WINEQS.EXE", EQSmodel = "c:/eqs61/examples/manul7.eqs", data = X, datname = "manul7 ... [TRUNCATED]
    
    These lines will be truncated in the PDF manual.
Flavors: r-devel-linux-x86_64-debian-clang, r-devel-linux-x86_64-debian-gcc, r-devel-linux-x86_64-fedora-clang, r-devel-linux-x86_64-fedora-gcc, r-patched-linux-x86_64, r-release-linux-x86_64