CRAN Package Check Results for Package REQS

Last updated on 2014-12-22 19:48:30.

Flavor Version Tinstall Tcheck Ttotal Status Flags
r-devel-linux-x86_64-debian-clang 0.8-12 0.56 10.20 10.76 NOTE
r-devel-linux-x86_64-debian-gcc 0.8-12 0.56 9.96 10.52 NOTE
r-devel-linux-x86_64-fedora-clang 0.8-12 21.94 NOTE
r-devel-linux-x86_64-fedora-gcc 0.8-12 19.67 NOTE
r-devel-osx-x86_64-clang 0.8-12 21.36 OK
r-devel-windows-ix86+x86_64 0.8-12 5.00 22.00 27.00 OK
r-patched-linux-x86_64 0.8-12 0.60 10.25 10.84 NOTE
r-patched-solaris-sparc 0.8-12 128.60 OK
r-patched-solaris-x86 0.8-12 30.40 OK
r-release-linux-ix86 0.8-12 0.84 14.50 15.34 OK
r-release-linux-x86_64 0.8-12 0.58 9.40 9.98 NOTE
r-release-osx-x86_64-mavericks 0.8-12 OK
r-release-osx-x86_64-snowleopard 0.8-12 OK
r-release-windows-ix86+x86_64 0.8-12 2.00 17.00 19.00 OK
r-oldrel-windows-ix86+x86_64 0.8-12 3.00 23.00 26.00 OK

Check Details

Version: 0.8-12
Check: Rd line widths
Result: NOTE
    Rd file 'call.eqs.rd':
     \examples lines wider than 100 characters:
     ##res <- call.eqs(EQSpgm = "C:/Program Files/EQS61/WINEQS.EXE", EQSmodel = "c:/eqs61/examples/manul7.eqs", serial = "1234")
    
    Rd file 'run.eqs.rd':
     \examples lines wider than 100 characters:
     ##res <- run.eqs(EQSpgm = "C:/Program Files/EQS61/WINEQS.EXE", EQSmodel = "c:/eqs61/examples/manul7.eqs", serial = "1234")
     ## res <- run.eqs(EQSpgm = "C:/Program Files/EQS61/WINEQS.EXE", EQSmodel = "c:/eqs61/examples/manul7.eqs", data = X, datname = "manul7 ... [TRUNCATED]
    
    These lines will be truncated in the PDF manual.
Flavors: r-devel-linux-x86_64-debian-clang, r-devel-linux-x86_64-debian-gcc, r-devel-linux-x86_64-fedora-clang, r-devel-linux-x86_64-fedora-gcc, r-patched-linux-x86_64, r-release-linux-x86_64