CRAN Package Check Results for Package REQS

Last updated on 2015-07-01 23:47:10.

Flavor Version Tinstall Tcheck Ttotal Status Flags
r-devel-linux-x86_64-debian-clang 0.8-12 0.49 8.50 8.99 NOTE
r-devel-linux-x86_64-debian-gcc 0.8-12 0.49 8.52 9.01 NOTE
r-devel-linux-x86_64-fedora-clang 0.8-12 16.55 NOTE
r-devel-linux-x86_64-fedora-gcc 0.8-12 15.36 NOTE
r-devel-osx-x86_64-clang 0.8-12 18.44 OK
r-devel-windows-ix86+x86_64 0.8-12 4.00 17.00 21.00 OK
r-patched-linux-x86_64 0.8-12 0.52 8.87 9.39 NOTE
r-patched-solaris-sparc 0.8-12 114.40 OK
r-patched-solaris-x86 0.8-12 26.90 OK
r-release-linux-x86_64 0.8-12 0.52 8.84 9.36 NOTE
r-release-osx-x86_64-mavericks 0.8-12 OK
r-release-windows-ix86+x86_64 0.8-12 3.00 17.00 20.00 OK
r-oldrel-windows-ix86+x86_64 0.8-12 3.00 17.00 20.00 OK

Check Details

Version: 0.8-12
Check: R code for possible problems
Result: NOTE
    call.eqs: no visible global function definition for ‘write.table’
    read.eqs: no visible global function definition for ‘read.fwf’
Flavors: r-devel-linux-x86_64-debian-clang, r-devel-linux-x86_64-debian-gcc, r-devel-linux-x86_64-fedora-clang, r-devel-linux-x86_64-fedora-gcc

Version: 0.8-12
Check: Rd line widths
Result: NOTE
    Rd file 'call.eqs.rd':
     \examples lines wider than 100 characters:
     ##res <- call.eqs(EQSpgm = "C:/Program Files/EQS61/WINEQS.EXE", EQSmodel = "c:/eqs61/examples/manul7.eqs", serial = "1234")
    
    Rd file 'run.eqs.rd':
     \examples lines wider than 100 characters:
     ##res <- run.eqs(EQSpgm = "C:/Program Files/EQS61/WINEQS.EXE", EQSmodel = "c:/eqs61/examples/manul7.eqs", serial = "1234")
     ## res <- run.eqs(EQSpgm = "C:/Program Files/EQS61/WINEQS.EXE", EQSmodel = "c:/eqs61/examples/manul7.eqs", data = X, datname = "manul7 ... [TRUNCATED]
    
    These lines will be truncated in the PDF manual.
Flavors: r-devel-linux-x86_64-debian-clang, r-devel-linux-x86_64-debian-gcc, r-devel-linux-x86_64-fedora-clang, r-devel-linux-x86_64-fedora-gcc, r-patched-linux-x86_64, r-release-linux-x86_64