CRAN Package Check Results for Package REQS

Last updated on 2016-04-29 11:48:41.

Flavor Version Tinstall Tcheck Ttotal Status Flags
r-devel-linux-x86_64-debian-gcc 0.8-12 0.55 8.75 9.30 NOTE
r-devel-linux-x86_64-fedora-clang 0.8-12 15.93 NOTE
r-devel-linux-x86_64-fedora-gcc 0.8-12 14.66 NOTE
r-devel-osx-x86_64-clang 0.8-12 19.07 NOTE
r-devel-windows-ix86+x86_64 0.8-12 3.00 24.00 27.00 NOTE
r-patched-linux-x86_64 0.8-12 0.53 8.76 9.29 NOTE
r-patched-solaris-sparc 0.8-12 106.00 NOTE
r-patched-solaris-x86 0.8-12 21.90 NOTE
r-release-linux-x86_64 0.8-12 0.61 9.33 9.94 NOTE
r-release-osx-x86_64-mavericks 0.8-12 OK
r-release-windows-ix86+x86_64 0.8-12 3.00 16.00 19.00 OK
r-oldrel-windows-ix86+x86_64 0.8-12 3.00 17.00 20.00 OK

Check Details

Version: 0.8-12
Check: R code for possible problems
Result: NOTE
    call.eqs: no visible global function definition for ‘write.table’
    read.eqs: no visible global function definition for ‘read.fwf’
    Undefined global functions or variables:
     read.fwf write.table
    Consider adding
     importFrom("utils", "read.fwf", "write.table")
    to your NAMESPACE file.
Flavors: r-devel-linux-x86_64-debian-gcc, r-devel-linux-x86_64-fedora-clang, r-devel-linux-x86_64-fedora-gcc, r-devel-osx-x86_64-clang, r-devel-windows-ix86+x86_64, r-patched-linux-x86_64, r-patched-solaris-sparc, r-patched-solaris-x86

Version: 0.8-12
Check: Rd line widths
Result: NOTE
    Rd file 'call.eqs.rd':
     \examples lines wider than 100 characters:
     ##res <- call.eqs(EQSpgm = "C:/Program Files/EQS61/WINEQS.EXE", EQSmodel = "c:/eqs61/examples/manul7.eqs", serial = "1234")
    
    Rd file 'run.eqs.rd':
     \examples lines wider than 100 characters:
     ##res <- run.eqs(EQSpgm = "C:/Program Files/EQS61/WINEQS.EXE", EQSmodel = "c:/eqs61/examples/manul7.eqs", serial = "1234")
     ## res <- run.eqs(EQSpgm = "C:/Program Files/EQS61/WINEQS.EXE", EQSmodel = "c:/eqs61/examples/manul7.eqs", data = X, datname = "manul7 ... [TRUNCATED]
    
    These lines will be truncated in the PDF manual.
Flavors: r-devel-linux-x86_64-debian-gcc, r-devel-linux-x86_64-fedora-clang, r-devel-linux-x86_64-fedora-gcc, r-patched-linux-x86_64, r-release-linux-x86_64