CRAN Package Check Results for Package REQS

Last updated on 2014-04-16 15:49:34.

Flavor Version Tinstall Tcheck Ttotal Status Flags
r-devel-linux-x86_64-debian-clang 0.8-12 0.56 9.80 10.36 OK
r-devel-linux-x86_64-debian-gcc 0.8-12 0.56 9.67 10.22 OK
r-devel-linux-x86_64-fedora-clang 0.8-12 19.81 NOTE
r-devel-linux-x86_64-fedora-gcc 0.8-12 19.17 NOTE
r-devel-macosx-x86_64-clang 0.8-12 21.66 OK
r-devel-macosx-x86_64-gcc 0.8-12 OK
r-devel-windows-ix86+x86_64 0.8-12 2.00 21.00 23.00 OK
r-patched-linux-x86_64 0.8-12 0.56 10.00 10.56 OK
r-patched-solaris-sparc 0.8-12 114.80 OK
r-patched-solaris-x86 0.8-12 29.10 OK
r-release-linux-ix86 0.8-12 2.00 22.00 24.00 OK
r-release-linux-x86_64 0.8-12 0.58 9.59 10.17 OK
r-release-macosx-x86_64 0.8-12 OK
r-release-windows-ix86+x86_64 0.8-12 4.00 22.00 26.00 OK
r-oldrel-windows-ix86+x86_64 0.8-12 3.00 18.00 21.00 OK

Check Details

Version: 0.8-12
Check: Rd line widths
Result: NOTE
    Rd file 'call.eqs.rd':
     \examples lines wider than 100 characters:
     ##res <- call.eqs(EQSpgm = "C:/Program Files/EQS61/WINEQS.EXE", EQSmodel = "c:/eqs61/examples/manul7.eqs", serial = "1234")
    
    Rd file 'run.eqs.rd':
     \examples lines wider than 100 characters:
     ##res <- run.eqs(EQSpgm = "C:/Program Files/EQS61/WINEQS.EXE", EQSmodel = "c:/eqs61/examples/manul7.eqs", serial = "1234")
     ## res <- run.eqs(EQSpgm = "C:/Program Files/EQS61/WINEQS.EXE", EQSmodel = "c:/eqs61/examples/manul7.eqs", data = X, datname = "manul7 ... [TRUNCATED]
    
    These lines will be truncated in the PDF manual.
Flavors: r-devel-linux-x86_64-fedora-clang, r-devel-linux-x86_64-fedora-gcc