CRAN Package Check Results for Package REREFACT

Last updated on 2020-01-21 10:49:23 CET.

Flavor Version Tinstall Tcheck Ttotal Status Flags
r-devel-linux-x86_64-debian-clang 1.0 8.79 73.62 82.41 NOTE
r-devel-linux-x86_64-debian-gcc 1.0 7.00 56.78 63.78 NOTE
r-devel-linux-x86_64-fedora-clang 1.0 100.66 NOTE
r-devel-linux-x86_64-fedora-gcc 1.0 97.51 NOTE
r-devel-windows-ix86+x86_64 1.0 18.00 87.00 105.00 OK
r-devel-windows-ix86+x86_64-gcc8 1.0 17.00 111.00 128.00 OK
r-patched-linux-x86_64 1.0 7.98 66.20 74.18 OK
r-patched-solaris-x86 1.0 126.30 OK
r-release-linux-x86_64 1.0 7.94 66.41 74.35 OK
r-release-windows-ix86+x86_64 1.0 18.00 111.00 129.00 OK
r-release-osx-x86_64 1.0 OK
r-oldrel-windows-ix86+x86_64 1.0 10.00 84.00 94.00 OK
r-oldrel-osx-x86_64 1.0 OK

Check Details

Version: 1.0
Check: for non-standard things in the check directory
Result: NOTE
    Found the following files/directories:
     'P.csv' 'correct_alpha.csv' 'correct_beta.csv' 'correct_gamma.csv'
     'correct_lambda.csv' 'correct_perm_list.csv' 'correct_psi.csv'
Flavors: r-devel-linux-x86_64-debian-clang, r-devel-linux-x86_64-debian-gcc, r-devel-linux-x86_64-fedora-clang, r-devel-linux-x86_64-fedora-gcc