CRAN Package Check Results for Package REREFACT

Last updated on 2020-07-05 19:49:59 CEST.

Flavor Version Tinstall Tcheck Ttotal Status Flags
r-devel-linux-x86_64-debian-clang 1.0 8.81 75.50 84.31 NOTE
r-devel-linux-x86_64-debian-gcc 1.0 7.03 57.35 64.38 NOTE
r-devel-linux-x86_64-fedora-clang 1.0 109.22 NOTE
r-devel-linux-x86_64-fedora-gcc 1.0 96.67 NOTE
r-devel-windows-ix86+x86_64 1.0 24.00 119.00 143.00 OK
r-patched-linux-x86_64 1.0 8.92 73.99 82.91 NOTE
r-patched-solaris-x86 1.0 141.60 NOTE
r-release-linux-x86_64 1.0 8.47 73.79 82.26 NOTE
r-release-osx-x86_64 1.0 OK
r-release-windows-ix86+x86_64 1.0 16.00 85.00 101.00 OK
r-oldrel-osx-x86_64 1.0 OK
r-oldrel-windows-ix86+x86_64 1.0 15.00 114.00 129.00 OK

Check Details

Version: 1.0
Check: for non-standard things in the check directory
Result: NOTE
    Found the following files/directories:
     'P.csv' 'correct_alpha.csv' 'correct_beta.csv' 'correct_gamma.csv'
     'correct_lambda.csv' 'correct_perm_list.csv' 'correct_psi.csv'
Flavors: r-devel-linux-x86_64-debian-clang, r-devel-linux-x86_64-debian-gcc, r-devel-linux-x86_64-fedora-clang, r-devel-linux-x86_64-fedora-gcc, r-patched-linux-x86_64, r-patched-solaris-x86, r-release-linux-x86_64