CRAN Package Check Results for Package REREFACT

Last updated on 2019-08-24 02:48:41 CEST.

Flavor Version Tinstall Tcheck Ttotal Status Flags
r-devel-linux-x86_64-debian-clang 1.0 8.45 68.88 77.33 NOTE
r-devel-linux-x86_64-debian-gcc 1.0 6.37 53.38 59.75 NOTE
r-devel-linux-x86_64-fedora-clang 1.0 94.41 NOTE
r-devel-linux-x86_64-fedora-gcc 1.0 91.49 NOTE
r-devel-windows-ix86+x86_64 1.0 17.00 78.00 95.00 OK
r-patched-linux-x86_64 1.0 7.78 67.05 74.83 OK
r-patched-solaris-x86 1.0 134.30 OK
r-release-linux-x86_64 1.0 7.82 67.35 75.17 OK
r-release-windows-ix86+x86_64 1.0 21.00 110.00 131.00 OK
r-release-osx-x86_64 1.0 OK
r-oldrel-windows-ix86+x86_64 1.0 13.00 96.00 109.00 OK
r-oldrel-osx-x86_64 1.0 OK

Check Details

Version: 1.0
Check: for non-standard things in the check directory
Result: NOTE
    Found the following files/directories:
     'P.csv' 'correct_alpha.csv' 'correct_beta.csv' 'correct_gamma.csv'
     'correct_lambda.csv' 'correct_perm_list.csv' 'correct_psi.csv'
Flavors: r-devel-linux-x86_64-debian-clang, r-devel-linux-x86_64-debian-gcc, r-devel-linux-x86_64-fedora-clang, r-devel-linux-x86_64-fedora-gcc