CRAN Package Check Results for Package REST

Last updated on 2020-09-19 02:23:36 CEST.

Flavor Version Tinstall Tcheck Ttotal Status Flags
r-devel-linux-x86_64-debian-clang 1.0.1 17.28 123.59 140.87 NOTE
r-devel-linux-x86_64-debian-gcc 1.0.1 13.97 92.72 106.69 NOTE
r-devel-linux-x86_64-fedora-clang 1.0.1 187.20 NOTE
r-devel-linux-x86_64-fedora-gcc 1.0.1 178.16 NOTE
r-devel-windows-ix86+x86_64 1.0.1 37.00 152.00 189.00 NOTE
r-patched-linux-x86_64 1.0.1 11.57 119.50 131.07 NOTE
r-patched-solaris-x86 1.0.1 281.80 NOTE
r-release-linux-x86_64 1.0.1 13.40 119.96 133.36 NOTE
r-release-macos-x86_64 1.0.1 NOTE
r-release-windows-ix86+x86_64 1.0.1 36.00 155.00 191.00 NOTE
r-oldrel-macos-x86_64 1.0.1 NOTE
r-oldrel-windows-ix86+x86_64 1.0.1 32.00 147.00 179.00 NOTE

Check Details

Version: 1.0.1
Check: R code for possible problems
Result: NOTE
    GUI_template : onHelp: no visible global function definition for 'help'
    Undefined global functions or variables:
     help
    Consider adding
     importFrom("utils", "help")
    to your NAMESPACE file.
Flavors: r-devel-linux-x86_64-debian-clang, r-devel-linux-x86_64-debian-gcc, r-devel-linux-x86_64-fedora-clang, r-devel-linux-x86_64-fedora-gcc, r-devel-windows-ix86+x86_64, r-patched-linux-x86_64, r-patched-solaris-x86, r-release-linux-x86_64, r-release-macos-x86_64, r-release-windows-ix86+x86_64, r-oldrel-macos-x86_64, r-oldrel-windows-ix86+x86_64