CRAN Package Check Results for Package REST

Last updated on 2022-01-17 04:48:47 CET.

Flavor Version Tinstall Tcheck Ttotal Status Flags
r-devel-linux-x86_64-debian-clang 1.0.1 17.28 133.79 151.07 NOTE
r-devel-linux-x86_64-debian-gcc 1.0.1 14.17 114.31 128.48 NOTE
r-devel-linux-x86_64-fedora-clang 1.0.1 192.15 NOTE
r-devel-linux-x86_64-fedora-gcc 1.0.1 178.41 NOTE
r-devel-windows-x86_64-new-UL 1.0.1 56.00 160.00 216.00 NOTE
r-devel-windows-x86_64-new-TK 1.0.1 ERROR
r-patched-linux-x86_64 1.0.1 21.84 131.91 153.75 NOTE
r-release-linux-x86_64 1.0.1 NOTE
r-release-macos-arm64 1.0.1 NOTE
r-release-macos-x86_64 1.0.1 NOTE
r-release-windows-ix86+x86_64 1.0.1 35.00 144.00 179.00 NOTE
r-oldrel-macos-x86_64 1.0.1 NOTE
r-oldrel-windows-ix86+x86_64 1.0.1 35.00 148.00 183.00 NOTE

Check Details

Version: 1.0.1
Check: R code for possible problems
Result: NOTE
    GUI_template : onHelp: no visible global function definition for 'help'
    Undefined global functions or variables:
     help
    Consider adding
     importFrom("utils", "help")
    to your NAMESPACE file.
Flavors: r-devel-linux-x86_64-debian-clang, r-devel-linux-x86_64-debian-gcc, r-devel-linux-x86_64-fedora-clang, r-devel-linux-x86_64-fedora-gcc, r-devel-windows-x86_64-new-UL, r-patched-linux-x86_64, r-release-linux-x86_64, r-release-macos-arm64, r-release-macos-x86_64, r-release-windows-ix86+x86_64, r-oldrel-macos-x86_64, r-oldrel-windows-ix86+x86_64

Version: 1.0.1
Check: package dependencies
Result: ERROR
    Package required but not available: 'Rcmdr'
    
    See section 'The DESCRIPTION file' in the 'Writing R Extensions'
    manual.
Flavor: r-devel-windows-x86_64-new-TK