CRAN Package Check Results for Package RFGLS

Last updated on 2015-05-26 08:48:04.

Flavor Version Tinstall Tcheck Ttotal Status Flags
r-devel-linux-x86_64-debian-clang 1.1 3.22 45.48 48.70 NOTE
r-devel-linux-x86_64-debian-gcc 1.1 2.94 44.19 47.13 NOTE
r-devel-linux-x86_64-fedora-clang 1.1 102.44 NOTE
r-devel-linux-x86_64-fedora-gcc 1.1 95.49 NOTE
r-devel-osx-x86_64-clang 1.1 86.51 NOTE
r-devel-windows-ix86+x86_64 1.1 9.00 66.00 75.00 NOTE
r-patched-linux-x86_64 1.1 3.08 43.98 47.06 NOTE
r-patched-solaris-sparc 1.1 604.60 NOTE
r-patched-solaris-x86 1.1 131.40 NOTE
r-release-linux-x86_64 1.1 2.95 45.28 48.23 NOTE
r-release-osx-x86_64-mavericks 1.1 NOTE
r-release-osx-x86_64-snowleopard 1.1 NOTE
r-release-windows-ix86+x86_64 1.1 9.00 67.00 76.00 NOTE
r-oldrel-windows-ix86+x86_64 1.1 13.00 111.00 124.00 OK

Check Details

Version: 1.1
Check: DESCRIPTION meta-information
Result: NOTE
    Malformed Description field: should contain one or more complete sentences.
Flavors: r-devel-linux-x86_64-debian-clang, r-devel-linux-x86_64-debian-gcc, r-devel-linux-x86_64-fedora-clang, r-devel-linux-x86_64-fedora-gcc, r-devel-osx-x86_64-clang, r-devel-windows-ix86+x86_64, r-patched-linux-x86_64, r-patched-solaris-sparc, r-patched-solaris-x86, r-release-linux-x86_64, r-release-osx-x86_64-mavericks, r-release-osx-x86_64-snowleopard, r-release-windows-ix86+x86_64