CRAN Package Check Results for Package RFGLS

Last updated on 2015-08-03 16:48:29.

Flavor Version Tinstall Tcheck Ttotal Status Flags
r-devel-linux-x86_64-debian-clang 1.1 3.24 45.78 49.02 NOTE
r-devel-linux-x86_64-debian-gcc 1.1 2.91 44.51 47.42 NOTE
r-devel-linux-x86_64-fedora-clang 1.1 99.99 NOTE
r-devel-linux-x86_64-fedora-gcc 1.1 93.96 NOTE
r-devel-osx-x86_64-clang 1.1 83.68 NOTE
r-devel-windows-ix86+x86_64 1.1 9.00 75.00 84.00 NOTE
r-patched-linux-x86_64 1.1 3.11 46.45 49.56 NOTE
r-patched-solaris-sparc 1.1 617.50 NOTE
r-patched-solaris-x86 1.1 131.50 NOTE
r-release-linux-x86_64 1.1 2.95 45.64 48.59 NOTE
r-release-osx-x86_64-mavericks 1.1 NOTE
r-release-windows-ix86+x86_64 1.1 12.00 98.00 110.00 NOTE
r-oldrel-windows-ix86+x86_64 1.1 13.00 95.00 108.00 OK

Check Details

Version: 1.1
Check: DESCRIPTION meta-information
Result: NOTE
    Malformed Description field: should contain one or more complete sentences.
Flavors: r-devel-linux-x86_64-debian-clang, r-devel-linux-x86_64-debian-gcc, r-devel-linux-x86_64-fedora-clang, r-devel-linux-x86_64-fedora-gcc, r-devel-osx-x86_64-clang, r-devel-windows-ix86+x86_64, r-patched-linux-x86_64, r-patched-solaris-sparc, r-patched-solaris-x86, r-release-linux-x86_64, r-release-osx-x86_64-mavericks, r-release-windows-ix86+x86_64

Version: 1.1
Check: R code for possible problems
Result: NOTE
    bare_fgls: no visible global function definition for ‘as’
    bare_fgls: no visible global function definition for ‘lm’
    fgls: no visible global function definition for ‘model.frame’
    fgls: no visible binding for global variable ‘na.omit’
    fgls: no visible global function definition for ‘model.matrix’
    fgls: no visible global function definition for ‘terms’
    fgls: no visible global function definition for ‘model.extract’
    fgls: no visible global function definition for ‘lm’
    fgls: no visible global function definition for ‘read.csv’
    fgls: no visible global function definition for ‘as’
    gls.batch: no visible global function definition for ‘write.table’
    gls.batch: no visible global function definition for ‘read.table’
    gls.batch: no visible global function definition for ‘read.csv’
    gls.batch: no visible global function definition for ‘na.omit’
    gls.batch: no visible global function definition for ‘ave’
    gls.batch: no visible global function definition for ‘write.csv’
    gls.batch: no visible global function definition for ‘model.matrix’
    gls.batch: no visible global function definition for ‘as.formula’
    gls.batch: no visible global function definition for ‘as’
    gls.batch.get: no visible global function definition for ‘read.table’
    gls.batch.get: no visible global function definition for ‘na.omit’
    gls.batch.get: no visible global function definition for ‘ave’
    logfun: no visible global function definition for ‘as’
    logfun: no visible global function definition for ‘lm’
    optim.logfun: no visible global function definition for ‘var’
    optim.logfun: no visible global function definition for ‘optim’
    Undefined global functions or variables:
     as as.formula ave lm model.extract model.frame model.matrix na.omit
     optim read.csv read.table terms var write.csv write.table
    Consider adding
     importFrom("methods", "as")
     importFrom("stats", "as.formula", "ave", "lm", "model.extract",
     "model.frame", "model.matrix", "na.omit", "optim", "terms",
     "var")
     importFrom("utils", "read.csv", "read.table", "write.csv",
     "write.table")
    to your NAMESPACE.
Flavors: r-devel-linux-x86_64-debian-clang, r-devel-linux-x86_64-debian-gcc, r-devel-linux-x86_64-fedora-clang, r-devel-linux-x86_64-fedora-gcc, r-devel-windows-ix86+x86_64