CRAN Package Check Results for Package RFGLS

Last updated on 2014-04-24 11:48:54.

Flavor Version Tinstall Tcheck Ttotal Status Flags
r-devel-linux-x86_64-debian-clang 1.1 4.45 57.78 62.23 OK
r-devel-linux-x86_64-debian-gcc 1.1 4.37 59.26 63.63 OK
r-devel-linux-x86_64-fedora-clang 1.1 140.71 OK
r-devel-linux-x86_64-fedora-gcc 1.1 136.00 OK
r-devel-osx-x86_64-clang 1.1 106.60 OK
r-devel-osx-x86_64-gcc 1.1 OK
r-devel-windows-ix86+x86_64 1.1 11.00 79.00 90.00 OK
r-patched-linux-x86_64 1.1 4.41 57.13 61.54 OK
r-patched-solaris-sparc 1.1 748.30 OK
r-patched-solaris-x86 1.1 163.70 OK
r-release-linux-ix86 1.1 7.00 89.00 96.00 OK
r-release-linux-x86_64 1.1 4.33 56.44 60.77 OK
r-release-osx-x86_64-mavericks 1.1 WARN
r-release-osx-x86_64-snowleopard 1.1 OK
r-release-windows-ix86+x86_64 1.1 10.00 80.00 90.00 OK
r-oldrel-windows-ix86+x86_64 1.1 10.00 70.00 80.00 OK

Check Details

Version: 1.1
Check: PDF version of manual
Result: WARNING
    LaTeX errors when creating PDF version.
    This typically indicates Rd problems.
    LaTeX errors found:
    ! LaTeX Error: File `upquote.sty' not found.
    
    Type X to quit or <RETURN> to proceed,
    or enter new name. (Default extension: sty)
    
    4b756ee/Rd2.tex:8: ==> Fatal error occurred, no output PDF file produced!
Flavor: r-release-osx-x86_64-mavericks