CRAN Package Check Results for Package RFGLS

Last updated on 2015-03-29 09:49:34.

Flavor Version Tinstall Tcheck Ttotal Status Flags
r-devel-linux-x86_64-debian-clang 1.1 3.04 45.86 48.90 NOTE
r-devel-linux-x86_64-debian-gcc 1.1 3.93 46.60 50.53 NOTE
r-devel-linux-x86_64-fedora-clang 1.1 99.20 NOTE
r-devel-linux-x86_64-fedora-gcc 1.1 93.93 NOTE
r-devel-osx-x86_64-clang 1.1 91.43 NOTE
r-prerel-windows-ix86+x86_64 1.1 12.00 71.00 83.00 NOTE
r-prerel-linux-x86_64 1.1 3.16 43.92 47.08 NOTE
r-prerel-solaris-sparc 1.1 608.90 NOTE
r-prerel-solaris-x86 1.1 129.00 NOTE
r-release-linux-x86_64 1.1 4.27 59.95 64.22 OK
r-release-osx-x86_64-mavericks 1.1 OK
r-release-osx-x86_64-snowleopard 1.1 OK
r-release-windows-ix86+x86_64 1.1 12.00 85.00 97.00 OK
r-oldrel-windows-ix86+x86_64 1.1 12.00 77.00 89.00 OK

Check Details

Version: 1.1
Check: DESCRIPTION meta-information
Result: NOTE
    Malformed Description field: should contain one or more complete sentences.
Flavors: r-devel-linux-x86_64-debian-clang, r-devel-linux-x86_64-debian-gcc, r-devel-linux-x86_64-fedora-clang, r-devel-linux-x86_64-fedora-gcc, r-devel-osx-x86_64-clang, r-prerel-windows-ix86+x86_64, r-prerel-linux-x86_64, r-prerel-solaris-sparc, r-prerel-solaris-x86