CRAN Package Check Results for Package RFGLS

Last updated on 2015-07-06 14:48:51.

Flavor Version Tinstall Tcheck Ttotal Status Flags
r-devel-linux-x86_64-debian-clang 1.1 3.11 45.54 48.66 NOTE
r-devel-linux-x86_64-debian-gcc 1.1 2.93 44.11 47.04 NOTE
r-devel-linux-x86_64-fedora-clang 1.1 99.33 NOTE
r-devel-linux-x86_64-fedora-gcc 1.1 91.81 NOTE
r-devel-osx-x86_64-clang 1.1 88.81 NOTE
r-devel-windows-ix86+x86_64 1.1 11.00 98.00 109.00 NOTE
r-patched-linux-x86_64 1.1 2.86 44.55 47.42 NOTE
r-patched-solaris-sparc 1.1 604.60 NOTE
r-patched-solaris-x86 1.1 132.90 NOTE
r-release-linux-x86_64 1.1 3.09 45.53 48.62 NOTE
r-release-osx-x86_64-mavericks 1.1 NOTE
r-release-windows-ix86+x86_64 1.1 11.00 70.00 81.00 NOTE
r-oldrel-windows-ix86+x86_64 1.1 12.00 123.00 135.00 OK

Check Details

Version: 1.1
Check: DESCRIPTION meta-information
Result: NOTE
    Malformed Description field: should contain one or more complete sentences.
Flavors: r-devel-linux-x86_64-debian-clang, r-devel-linux-x86_64-debian-gcc, r-devel-linux-x86_64-fedora-clang, r-devel-linux-x86_64-fedora-gcc, r-devel-osx-x86_64-clang, r-devel-windows-ix86+x86_64, r-patched-linux-x86_64, r-patched-solaris-sparc, r-patched-solaris-x86, r-release-linux-x86_64, r-release-osx-x86_64-mavericks, r-release-windows-ix86+x86_64

Version: 1.1
Check: R code for possible problems
Result: NOTE
    bare_fgls: no visible global function definition for ‘as’
    bare_fgls: no visible global function definition for ‘lm’
    fgls: no visible global function definition for ‘model.frame’
    fgls: no visible binding for global variable ‘na.omit’
    fgls: no visible global function definition for ‘model.matrix’
    fgls: no visible global function definition for ‘terms’
    fgls: no visible global function definition for ‘model.extract’
    fgls: no visible global function definition for ‘lm’
    fgls: no visible global function definition for ‘read.csv’
    fgls: no visible global function definition for ‘as’
    gls.batch: no visible global function definition for ‘write.table’
    gls.batch: no visible global function definition for ‘read.table’
    gls.batch: no visible global function definition for ‘read.csv’
    gls.batch: no visible global function definition for ‘na.omit’
    gls.batch: no visible global function definition for ‘ave’
    gls.batch: no visible global function definition for ‘write.csv’
    gls.batch: no visible global function definition for ‘model.matrix’
    gls.batch: no visible global function definition for ‘as.formula’
    gls.batch: no visible global function definition for ‘as’
    gls.batch.get: no visible global function definition for ‘read.table’
    gls.batch.get: no visible global function definition for ‘na.omit’
    gls.batch.get: no visible global function definition for ‘ave’
    logfun: no visible global function definition for ‘as’
    logfun: no visible global function definition for ‘lm’
    optim.logfun: no visible global function definition for ‘var’
    optim.logfun: no visible global function definition for ‘optim’
    Undefined global functions or variables:
     as as.formula ave lm model.extract model.frame model.matrix na.omit
     optim read.csv read.table terms var write.csv write.table
Flavors: r-devel-linux-x86_64-debian-clang, r-devel-linux-x86_64-debian-gcc, r-devel-linux-x86_64-fedora-clang, r-devel-linux-x86_64-fedora-gcc, r-devel-windows-ix86+x86_64