CRAN Package Check Results for Package RFGLS

Last updated on 2015-04-28 03:47:30.

Flavor Version Tinstall Tcheck Ttotal Status Flags
r-devel-linux-x86_64-debian-clang 1.1 3.20 45.77 48.97 NOTE
r-devel-linux-x86_64-debian-gcc 1.1 3.88 44.06 47.94 NOTE
r-devel-linux-x86_64-fedora-clang 1.1 101.93 NOTE
r-devel-linux-x86_64-fedora-gcc 1.1 94.21 NOTE
r-devel-osx-x86_64-clang 1.1 87.56 NOTE
r-devel-windows-ix86+x86_64 1.1 8.00 66.00 74.00 NOTE
r-patched-linux-x86_64 1.1 3.08 44.97 48.05 NOTE
r-patched-solaris-sparc 1.1 608.90 NOTE
r-patched-solaris-x86 1.1 132.10 NOTE
r-release-linux-x86_64 1.1 2.96 44.76 47.72 NOTE
r-release-osx-x86_64-mavericks 1.1 NOTE
r-release-osx-x86_64-snowleopard 1.1 NOTE
r-release-windows-ix86+x86_64 1.1 11.00 88.00 99.00 NOTE
r-oldrel-windows-ix86+x86_64 1.1 11.00 87.00 98.00 OK

Check Details

Version: 1.1
Check: DESCRIPTION meta-information
Result: NOTE
    Malformed Description field: should contain one or more complete sentences.
Flavors: r-devel-linux-x86_64-debian-clang, r-devel-linux-x86_64-debian-gcc, r-devel-linux-x86_64-fedora-clang, r-devel-linux-x86_64-fedora-gcc, r-devel-osx-x86_64-clang, r-devel-windows-ix86+x86_64, r-patched-solaris-sparc, r-patched-solaris-x86, r-release-linux-x86_64, r-release-osx-x86_64-mavericks, r-release-osx-x86_64-snowleopard, r-release-windows-ix86+x86_64