CRAN Package Check Results for Package RFLPtools

Last updated on 2014-07-23 13:47:56.

Flavor Version Tinstall Tcheck Ttotal Status Flags
r-devel-linux-x86_64-debian-clang 1.5 0.87 25.35 26.22 NOTE
r-devel-linux-x86_64-debian-gcc 1.5 1.15 25.01 26.16 NOTE
r-devel-linux-x86_64-fedora-clang 1.5 56.94 NOTE
r-devel-linux-x86_64-fedora-gcc 1.5 54.62 NOTE
r-devel-osx-x86_64-clang 1.5 51.16 NOTE
r-devel-windows-ix86+x86_64 1.5 4.00 45.00 49.00 NOTE
r-patched-linux-x86_64 1.5 0.86 26.16 27.02 NOTE
r-patched-solaris-sparc 1.5 295.50 NOTE
r-patched-solaris-x86 1.5 70.80 NOTE
r-release-linux-ix86 1.5 1.45 34.79 36.24 NOTE
r-release-linux-x86_64 1.5 0.88 25.41 26.29 NOTE
r-release-osx-x86_64-mavericks 1.5 NOTE
r-release-osx-x86_64-snowleopard 1.5 NOTE
r-release-windows-ix86+x86_64 1.5 3.00 44.00 47.00 NOTE
r-oldrel-windows-ix86+x86_64 1.5 4.00 43.00 47.00 NOTE

Check Details

Version: 1.5
Check: dependencies in R code
Result: NOTE
    Package in Depends field not imported from: ‘RColorBrewer’
     These packages need to be imported from (in the NAMESPACE file)
     for when this namespace is loaded but not attached.
    See the information on DESCRIPTION files in the chapter ‘Creating R
    packages’ of the ‘Writing R Extensions’ manual.
Flavors: r-devel-linux-x86_64-debian-clang, r-devel-linux-x86_64-debian-gcc, r-devel-linux-x86_64-fedora-clang, r-devel-linux-x86_64-fedora-gcc, r-devel-osx-x86_64-clang, r-devel-windows-ix86+x86_64, r-patched-linux-x86_64, r-patched-solaris-sparc, r-patched-solaris-x86, r-release-linux-ix86, r-release-linux-x86_64, r-release-osx-x86_64-mavericks, r-release-windows-ix86+x86_64, r-oldrel-windows-ix86+x86_64

Version: 1.5
Check: re-building of vignette outputs
Result: NOTE
    Error in re-building vignettes:
     ...
    Loading required package: RColorBrewer
    20 bands were removed.
    Error in texi2dvi(file = file, pdf = TRUE, clean = clean, quiet = quiet, :
     Running 'texi2dvi' on 'RFLPtools.tex' failed.
    Messages:
    /usr/bin/texi2dvi: pdflatex exited with bad status, quitting.
    /usr/bin/texi2dvi: see RFLPtools.log for errors.
    Calls: buildVignettes -> texi2pdf -> texi2dvi
    Execution halted
Flavor: r-release-osx-x86_64-snowleopard