CRAN Package Check Results for Package RFinanceYJ

Last updated on 2014-04-23 17:47:52.

Flavor Version Tinstall Tcheck Ttotal Status Flags
r-devel-linux-x86_64-debian-clang 0.3.1 1.45 17.85 19.30 NOTE
r-devel-linux-x86_64-debian-gcc 0.3.1 1.35 17.70 19.05 NOTE
r-devel-linux-x86_64-fedora-clang 0.3.1 38.73 NOTE
r-devel-linux-x86_64-fedora-gcc 0.3.1 36.86 NOTE
r-devel-osx-x86_64-clang 0.3.1 37.33 NOTE
r-devel-osx-x86_64-gcc 0.3.1 ERROR
r-devel-windows-ix86+x86_64 0.3.1 4.00 29.00 33.00 NOTE
r-patched-linux-x86_64 0.3.1 1.35 17.66 19.00 NOTE
r-patched-solaris-sparc 0.3.1 216.10 NOTE
r-patched-solaris-x86 0.3.1 53.80 NOTE
r-release-linux-ix86 0.3.1 2.00 34.00 36.00 NOTE
r-release-linux-x86_64 0.3.1 1.42 17.70 19.12 NOTE
r-release-osx-x86_64-mavericks 0.3.1 WARN
r-release-osx-x86_64-snowleopard 0.3.1 OK
r-release-windows-ix86+x86_64 0.3.1 5.00 30.00 35.00 NOTE
r-oldrel-windows-ix86+x86_64 0.3.1 5.00 28.00 33.00 NOTE

Check Details

Version: 0.3.1
Check: DESCRIPTION meta-information
Result: NOTE
    License components which are templates and need '+ file LICENSE':
     BSD 3-clause License
Flavors: r-devel-linux-x86_64-debian-clang, r-devel-linux-x86_64-debian-gcc, r-devel-linux-x86_64-fedora-clang, r-devel-linux-x86_64-fedora-gcc, r-devel-osx-x86_64-clang, r-patched-linux-x86_64, r-patched-solaris-sparc, r-patched-solaris-x86, r-release-linux-ix86, r-release-linux-x86_64, r-release-osx-x86_64-mavericks

Version: 0.3.1
Check: dependencies in R code
Result: NOTE
    Packages in Depends field not imported from:
     ‘XML’ ‘xts’
     These packages need to be imported from (in the NAMESPACE file)
     for when this namespace is loaded but not attached.
    See the information on DESCRIPTION files in the chapter ‘Creating R
    packages’ of the ‘Writing R Extensions’ manual.
Flavors: r-devel-linux-x86_64-debian-clang, r-devel-linux-x86_64-debian-gcc, r-devel-linux-x86_64-fedora-clang, r-devel-linux-x86_64-fedora-gcc, r-devel-osx-x86_64-clang, r-devel-windows-ix86+x86_64, r-patched-linux-x86_64, r-patched-solaris-sparc, r-patched-solaris-x86, r-release-linux-ix86, r-release-linux-x86_64, r-release-osx-x86_64-mavericks, r-release-windows-ix86+x86_64, r-oldrel-windows-ix86+x86_64

Version: 0.3.1
Check: package dependencies
Result: ERROR
    Packages required but not available: ‘XML’ ‘xts’
    
    See the information on DESCRIPTION files in the chapter ‘Creating R
    packages’ of the ‘Writing R Extensions’ manual.
Flavor: r-devel-osx-x86_64-gcc

Version: 0.3.1
Check: PDF version of manual
Result: WARNING
    LaTeX errors when creating PDF version.
    This typically indicates Rd problems.
    LaTeX errors found:
    ! LaTeX Error: File `upquote.sty' not found.
    
    Type X to quit or <RETURN> to proceed,
    or enter new name. (Default extension: sty)
    
    abd3fff/Rd2.tex:8: ==> Fatal error occurred, no output PDF file produced!
Flavor: r-release-osx-x86_64-mavericks