CRAN Package Check Results for Package RFinanceYJ

Last updated on 2015-05-26 17:47:20.

Flavor Version Tinstall Tcheck Ttotal Status Flags
r-devel-linux-x86_64-debian-clang 0.3.1 1.04 14.03 15.07 NOTE
r-devel-linux-x86_64-debian-gcc 0.3.1 1.15 13.68 14.83 NOTE
r-devel-linux-x86_64-fedora-clang 0.3.1 30.90 NOTE
r-devel-linux-x86_64-fedora-gcc 0.3.1 27.54 NOTE
r-devel-osx-x86_64-clang 0.3.1 31.36 NOTE
r-devel-windows-ix86+x86_64 0.3.1 4.00 25.00 29.00 NOTE
r-patched-linux-x86_64 0.3.1 1.02 13.64 14.66 NOTE
r-patched-solaris-sparc 0.3.1 197.10 NOTE
r-patched-solaris-x86 0.3.1 43.10 NOTE
r-release-linux-x86_64 0.3.1 1.01 13.61 14.62 NOTE
r-release-osx-x86_64-mavericks 0.3.1 NOTE
r-release-osx-x86_64-snowleopard 0.3.1 ERROR
r-release-windows-ix86+x86_64 0.3.1 3.00 24.00 27.00 NOTE
r-oldrel-windows-ix86+x86_64 0.3.1 4.00 30.00 34.00 NOTE

Check Details

Version: 0.3.1
Check: DESCRIPTION meta-information
Result: NOTE
    Malformed Description field: should contain one or more complete sentences.
    License components which are templates and need '+ file LICENSE':
     BSD 3-clause License
Flavors: r-devel-linux-x86_64-debian-clang, r-devel-linux-x86_64-debian-gcc, r-devel-linux-x86_64-fedora-clang, r-devel-linux-x86_64-fedora-gcc, r-devel-osx-x86_64-clang, r-patched-linux-x86_64, r-patched-solaris-sparc, r-patched-solaris-x86, r-release-linux-x86_64, r-release-osx-x86_64-mavericks

Version: 0.3.1
Check: dependencies in R code
Result: NOTE
    Packages in Depends field not imported from:
     ‘XML’ ‘xts’
     These packages need to be imported from (in the NAMESPACE file)
     for when this namespace is loaded but not attached.
Flavors: r-devel-linux-x86_64-debian-clang, r-devel-linux-x86_64-debian-gcc, r-devel-linux-x86_64-fedora-clang, r-devel-linux-x86_64-fedora-gcc, r-devel-osx-x86_64-clang, r-devel-windows-ix86+x86_64, r-patched-linux-x86_64, r-patched-solaris-sparc, r-patched-solaris-x86, r-release-linux-x86_64, r-release-osx-x86_64-mavericks, r-release-windows-ix86+x86_64, r-oldrel-windows-ix86+x86_64

Version: 0.3.1
Check: R code for possible problems
Result: NOTE
    quoteFXTsData : function.fx: no visible global function definition for
     ‘xmlValue’
    quoteFundTsData : function.fund: no visible global function definition
     for ‘xmlValue’
    quoteStockTsData : function.stock: no visible global function
     definition for ‘xmlSize’
    quoteStockTsData : function.stock: no visible global function
     definition for ‘xmlValue’
    quoteTsData: no visible global function definition for ‘xmlRoot’
    quoteTsData: no visible global function definition for ‘htmlTreeParse’
    quoteTsData: no visible global function definition for
     ‘xmlErrorCumulator’
    quoteTsData: no visible global function definition for ‘xmlSize’
    toXts: no visible global function definition for ‘as.xts’
Flavors: r-devel-linux-x86_64-debian-clang, r-devel-linux-x86_64-debian-gcc, r-devel-linux-x86_64-fedora-clang, r-devel-linux-x86_64-fedora-gcc, r-devel-osx-x86_64-clang, r-devel-windows-ix86+x86_64, r-patched-linux-x86_64, r-patched-solaris-sparc, r-patched-solaris-x86, r-release-linux-x86_64, r-release-osx-x86_64-mavericks, r-release-windows-ix86+x86_64, r-oldrel-windows-ix86+x86_64

Version: 0.3.1
Check: DESCRIPTION meta-information
Result: NOTE
    Malformed Description field: should contain one or more complete sentences.
Flavors: r-devel-windows-ix86+x86_64, r-release-windows-ix86+x86_64

Version: 0.3.1
Check: package dependencies
Result: ERROR
    Packages required but not available: ‘XML’ ‘xts’
    
    See section ‘The DESCRIPTION file’ in the ‘Writing R Extensions’
    manual.
Flavor: r-release-osx-x86_64-snowleopard