CRAN Package Check Results for Package RFinanceYJ

Last updated on 2016-07-24 11:47:37.

Flavor Version Tinstall Tcheck Ttotal Status Flags
r-devel-linux-x86_64-debian-clang 0.3.1 1.07 15.41 16.48 NOTE
r-devel-linux-x86_64-debian-gcc 0.3.1 1.61 16.42 18.03 NOTE
r-devel-linux-x86_64-fedora-clang 0.3.1 25.92 NOTE
r-devel-linux-x86_64-fedora-gcc 0.3.1 23.41 NOTE
r-devel-osx-x86_64-clang 0.3.1 22.56 NOTE
r-devel-windows-ix86+x86_64 0.3.1 3.00 32.00 35.00 NOTE
r-patched-linux-x86_64 0.3.1 1.50 14.45 15.94 NOTE
r-patched-solaris-sparc 0.3.1 153.90 NOTE
r-patched-solaris-x86 0.3.1 35.40 NOTE
r-release-linux-x86_64 0.3.1 1.49 15.23 16.72 NOTE
r-release-osx-x86_64-mavericks 0.3.1 NOTE
r-release-windows-ix86+x86_64 0.3.1 4.00 31.00 35.00 NOTE
r-oldrel-windows-ix86+x86_64 0.3.1 6.00 30.00 36.00 NOTE

Check Details

Version: 0.3.1
Check: DESCRIPTION meta-information
Result: NOTE
    Malformed Description field: should contain one or more complete sentences.
    License components which are templates and need '+ file LICENSE':
     BSD 3-clause License
Flavors: r-devel-linux-x86_64-debian-clang, r-devel-linux-x86_64-debian-gcc, r-devel-linux-x86_64-fedora-clang, r-devel-linux-x86_64-fedora-gcc, r-devel-osx-x86_64-clang, r-patched-linux-x86_64, r-patched-solaris-sparc, r-patched-solaris-x86, r-release-linux-x86_64, r-release-osx-x86_64-mavericks

Version: 0.3.1
Check: dependencies in R code
Result: NOTE
    Packages in Depends field not imported from:
     ‘XML’ ‘xts’
     These packages need to be imported from (in the NAMESPACE file)
     for when this namespace is loaded but not attached.
Flavors: r-devel-linux-x86_64-debian-clang, r-devel-linux-x86_64-debian-gcc, r-devel-linux-x86_64-fedora-clang, r-devel-linux-x86_64-fedora-gcc, r-devel-osx-x86_64-clang, r-devel-windows-ix86+x86_64, r-patched-linux-x86_64, r-patched-solaris-sparc, r-patched-solaris-x86, r-release-linux-x86_64, r-release-osx-x86_64-mavericks, r-release-windows-ix86+x86_64, r-oldrel-windows-ix86+x86_64

Version: 0.3.1
Check: R code for possible problems
Result: NOTE
    quoteFXTsData : function.fx: no visible global function definition for
     ‘xmlValue’
    quoteFundTsData : function.fund: no visible global function definition
     for ‘xmlValue’
    quoteStockTsData : function.stock: no visible global function
     definition for ‘xmlSize’
    quoteStockTsData : function.stock: no visible global function
     definition for ‘xmlValue’
    quoteTsData: no visible global function definition for ‘xmlRoot’
    quoteTsData: no visible global function definition for ‘htmlTreeParse’
    quoteTsData: no visible global function definition for
     ‘xmlErrorCumulator’
    quoteTsData: no visible global function definition for ‘xmlSize’
    toXts: no visible global function definition for ‘as.xts’
    Undefined global functions or variables:
     as.xts htmlTreeParse xmlErrorCumulator xmlRoot xmlSize xmlValue
Flavors: r-devel-linux-x86_64-debian-clang, r-devel-linux-x86_64-debian-gcc, r-devel-linux-x86_64-fedora-clang, r-devel-linux-x86_64-fedora-gcc, r-devel-osx-x86_64-clang, r-devel-windows-ix86+x86_64, r-patched-linux-x86_64, r-patched-solaris-sparc, r-patched-solaris-x86, r-release-linux-x86_64, r-release-osx-x86_64-mavericks, r-release-windows-ix86+x86_64

Version: 0.3.1
Check: DESCRIPTION meta-information
Result: NOTE
    Malformed Description field: should contain one or more complete sentences.
Flavors: r-devel-windows-ix86+x86_64, r-release-windows-ix86+x86_64, r-oldrel-windows-ix86+x86_64

Version: 0.3.1
Check: R code for possible problems
Result: NOTE
    quoteFXTsData : function.fx: no visible global function definition for
     'xmlValue'
    quoteFundTsData : function.fund: no visible global function definition
     for 'xmlValue'
    quoteStockTsData : function.stock: no visible global function
     definition for 'xmlSize'
    quoteStockTsData : function.stock: no visible global function
     definition for 'xmlValue'
    quoteTsData: no visible global function definition for 'xmlRoot'
    quoteTsData: no visible global function definition for 'htmlTreeParse'
    quoteTsData: no visible global function definition for
     'xmlErrorCumulator'
    quoteTsData: no visible global function definition for 'xmlSize'
    toXts: no visible global function definition for 'as.xts'
Flavor: r-oldrel-windows-ix86+x86_64