CRAN Package Check Results for Package RFinanceYJ

Last updated on 2014-07-26 11:52:26.

Flavor Version Tinstall Tcheck Ttotal Status Flags
r-devel-linux-x86_64-debian-clang 0.3.1 1.34 17.12 18.46 NOTE
r-devel-linux-x86_64-debian-gcc 0.3.1 1.73 16.80 18.52 NOTE
r-devel-linux-x86_64-fedora-clang 0.3.1 39.17 NOTE
r-devel-linux-x86_64-fedora-gcc 0.3.1 36.55 NOTE
r-devel-osx-x86_64-clang 0.3.1 37.53 NOTE
r-devel-windows-ix86+x86_64 0.3.1 4.00 28.00 32.00 NOTE
r-patched-linux-x86_64 0.3.1 1.28 16.78 18.06 NOTE
r-patched-solaris-sparc 0.3.1 216.10 NOTE
r-patched-solaris-x86 0.3.1 52.20 NOTE
r-release-linux-ix86 0.3.1 1.64 23.51 25.15 NOTE
r-release-linux-x86_64 0.3.1 1.37 17.32 18.69 NOTE
r-release-osx-x86_64-mavericks 0.3.1 NOTE
r-release-osx-x86_64-snowleopard 0.3.1 OK
r-release-windows-ix86+x86_64 0.3.1 4.00 31.00 35.00 NOTE
r-oldrel-windows-ix86+x86_64 0.3.1 4.00 29.00 33.00 NOTE

Check Details

Version: 0.3.1
Check: DESCRIPTION meta-information
Result: NOTE
    License components which are templates and need '+ file LICENSE':
     BSD 3-clause License
Flavors: r-devel-linux-x86_64-debian-clang, r-devel-linux-x86_64-debian-gcc, r-devel-linux-x86_64-fedora-clang, r-devel-linux-x86_64-fedora-gcc, r-devel-osx-x86_64-clang, r-patched-linux-x86_64, r-patched-solaris-sparc, r-patched-solaris-x86, r-release-linux-ix86, r-release-linux-x86_64, r-release-osx-x86_64-mavericks

Version: 0.3.1
Check: dependencies in R code
Result: NOTE
    Packages in Depends field not imported from:
     ‘XML’ ‘xts’
     These packages need to be imported from (in the NAMESPACE file)
     for when this namespace is loaded but not attached.
    See the information on DESCRIPTION files in the chapter ‘Creating R
    packages’ of the ‘Writing R Extensions’ manual.
Flavors: r-devel-linux-x86_64-debian-clang, r-devel-linux-x86_64-debian-gcc, r-devel-linux-x86_64-fedora-clang, r-devel-linux-x86_64-fedora-gcc, r-devel-osx-x86_64-clang, r-devel-windows-ix86+x86_64, r-patched-linux-x86_64, r-patched-solaris-sparc, r-patched-solaris-x86, r-release-linux-ix86, r-release-linux-x86_64, r-release-osx-x86_64-mavericks, r-release-windows-ix86+x86_64, r-oldrel-windows-ix86+x86_64