CRAN Package Check Results for Package RForcecom

Last updated on 2014-04-24 03:47:52.

Flavor Version Tinstall Tcheck Ttotal Status Flags
r-devel-linux-x86_64-debian-clang 0.7 1.97 23.26 25.23 NOTE
r-devel-linux-x86_64-debian-gcc 0.7 2.03 23.31 25.34 NOTE
r-devel-linux-x86_64-fedora-clang 0.7 52.03 NOTE
r-devel-linux-x86_64-fedora-gcc 0.7 48.75 NOTE
r-devel-osx-x86_64-clang 0.7 48.20 NOTE
r-devel-osx-x86_64-gcc 0.7 ERROR
r-devel-windows-ix86+x86_64 0.7 5.00 34.00 39.00 NOTE
r-patched-linux-x86_64 0.7 1.98 22.39 24.37 NOTE
r-patched-solaris-sparc 0.7 286.20 NOTE
r-patched-solaris-x86 0.7 66.40 NOTE
r-release-linux-ix86 0.7 3.00 41.00 44.00 NOTE
r-release-linux-x86_64 0.7 2.06 23.09 25.14 NOTE
r-release-osx-x86_64-mavericks 0.7 WARN
r-release-osx-x86_64-snowleopard 0.7 OK
r-release-windows-ix86+x86_64 0.7 6.00 36.00 42.00 NOTE
r-oldrel-windows-ix86+x86_64 0.7 6.00 36.00 42.00 NOTE

Check Details

Version: 0.7
Check: dependencies in R code
Result: NOTE
    Packages in Depends field not imported from:
     ‘RCurl’ ‘XML’ ‘plyr’
     These packages need to be imported from (in the NAMESPACE file)
     for when this namespace is loaded but not attached.
    See the information on DESCRIPTION files in the chapter ‘Creating R
    packages’ of the ‘Writing R Extensions’ manual.
Flavors: r-devel-linux-x86_64-debian-clang, r-devel-linux-x86_64-debian-gcc, r-devel-linux-x86_64-fedora-clang, r-devel-linux-x86_64-fedora-gcc, r-devel-osx-x86_64-clang, r-devel-windows-ix86+x86_64, r-patched-linux-x86_64, r-patched-solaris-sparc, r-patched-solaris-x86, r-release-linux-ix86, r-release-linux-x86_64, r-release-osx-x86_64-mavericks, r-release-windows-ix86+x86_64, r-oldrel-windows-ix86+x86_64

Version: 0.7
Check: package dependencies
Result: ERROR
    Package required but not available: ‘XML’
    
    See the information on DESCRIPTION files in the chapter ‘Creating R
    packages’ of the ‘Writing R Extensions’ manual.
Flavor: r-devel-osx-x86_64-gcc

Version: 0.7
Check: PDF version of manual
Result: WARNING
    LaTeX errors when creating PDF version.
    This typically indicates Rd problems.
    LaTeX errors found:
    ! LaTeX Error: File `upquote.sty' not found.
    
    Type X to quit or <RETURN> to proceed,
    or enter new name. (Default extension: sty)
    
    d5da841/Rd2.tex:8: ==> Fatal error occurred, no output PDF file produced!
Flavor: r-release-osx-x86_64-mavericks