CRAN Package Check Results for Package RForcecom

Last updated on 2014-07-25 12:47:38.

Flavor Version Tinstall Tcheck Ttotal Status Flags
r-devel-linux-x86_64-debian-clang 0.7 1.80 21.91 23.70 NOTE
r-devel-linux-x86_64-debian-gcc 0.7 1.78 21.59 23.37 NOTE
r-devel-linux-x86_64-fedora-clang 0.7 50.98 NOTE
r-devel-linux-x86_64-fedora-gcc 0.7 48.79 NOTE
r-devel-osx-x86_64-clang 0.7 46.62 NOTE
r-devel-windows-ix86+x86_64 0.7 7.00 34.00 41.00 NOTE
r-patched-linux-x86_64 0.7 1.75 21.92 23.68 NOTE
r-patched-solaris-sparc 0.7 286.20 NOTE
r-patched-solaris-x86 0.7 65.20 NOTE
r-release-linux-ix86 0.7 2.30 29.16 31.45 NOTE
r-release-linux-x86_64 0.7 1.85 22.35 24.20 NOTE
r-release-osx-x86_64-mavericks 0.7 NOTE
r-release-osx-x86_64-snowleopard 0.7 OK
r-release-windows-ix86+x86_64 0.7 6.00 38.00 44.00 NOTE
r-oldrel-windows-ix86+x86_64 0.7 6.00 39.00 45.00 NOTE

Check Details

Version: 0.7
Check: dependencies in R code
Result: NOTE
    Packages in Depends field not imported from:
     ‘RCurl’ ‘XML’ ‘plyr’
     These packages need to be imported from (in the NAMESPACE file)
     for when this namespace is loaded but not attached.
    See the information on DESCRIPTION files in the chapter ‘Creating R
    packages’ of the ‘Writing R Extensions’ manual.
Flavors: r-devel-linux-x86_64-debian-clang, r-devel-linux-x86_64-debian-gcc, r-devel-linux-x86_64-fedora-clang, r-devel-linux-x86_64-fedora-gcc, r-devel-osx-x86_64-clang, r-devel-windows-ix86+x86_64, r-patched-linux-x86_64, r-patched-solaris-sparc, r-patched-solaris-x86, r-release-linux-ix86, r-release-linux-x86_64, r-release-osx-x86_64-mavericks, r-release-windows-ix86+x86_64, r-oldrel-windows-ix86+x86_64