CRAN Package Check Results for Package RForcecom

Last updated on 2015-03-31 03:48:40.

Flavor Version Tinstall Tcheck Ttotal Status Flags
r-devel-linux-x86_64-debian-clang 0.7 1.38 17.31 18.69 NOTE
r-devel-linux-x86_64-debian-gcc 0.7 1.35 16.92 18.27 NOTE
r-devel-linux-x86_64-fedora-clang 0.7 37.54 NOTE
r-devel-linux-x86_64-fedora-gcc 0.7 34.18 NOTE
r-devel-osx-x86_64-clang 0.7 39.70 NOTE
r-prerel-windows-ix86+x86_64 0.7 6.00 26.00 32.00 NOTE
r-prerel-linux-x86_64 0.7 1.34 16.96 18.30 NOTE
r-prerel-solaris-sparc 0.7 245.10 NOTE
r-prerel-solaris-x86 0.7 50.70 NOTE
r-release-linux-x86_64 0.7 2.02 22.08 24.10 NOTE
r-release-osx-x86_64-mavericks 0.7 NOTE
r-release-osx-x86_64-snowleopard 0.7 OK
r-release-windows-ix86+x86_64 0.7 6.00 36.00 42.00 NOTE
r-oldrel-windows-ix86+x86_64 0.7 7.00 35.00 42.00 NOTE

Check Details

Version: 0.7
Check: DESCRIPTION meta-information
Result: NOTE
    Malformed Title field: should not end in a period.
Flavors: r-devel-linux-x86_64-debian-clang, r-devel-linux-x86_64-debian-gcc, r-devel-linux-x86_64-fedora-clang, r-devel-linux-x86_64-fedora-gcc, r-devel-osx-x86_64-clang, r-prerel-windows-ix86+x86_64, r-prerel-linux-x86_64, r-prerel-solaris-sparc, r-prerel-solaris-x86

Version: 0.7
Check: dependencies in R code
Result: NOTE
    Packages in Depends field not imported from:
     ‘RCurl’ ‘XML’ ‘plyr’
     These packages need to be imported from (in the NAMESPACE file)
     for when this namespace is loaded but not attached.
Flavors: r-devel-linux-x86_64-debian-clang, r-devel-linux-x86_64-debian-gcc, r-devel-linux-x86_64-fedora-clang, r-devel-linux-x86_64-fedora-gcc, r-devel-osx-x86_64-clang, r-prerel-windows-ix86+x86_64, r-prerel-linux-x86_64, r-prerel-solaris-sparc, r-prerel-solaris-x86, r-release-linux-x86_64, r-release-windows-ix86+x86_64

Version: 0.7
Check: R code for possible problems
Result: NOTE
    rforcecom.create: no visible global function definition for
     ‘basicHeaderGatherer’
    rforcecom.create: no visible global function definition for
     ‘basicTextGatherer’
    rforcecom.create: no visible global function definition for
     ‘curlPerform’
    rforcecom.create: no visible global function definition for ‘xmlRoot’
    rforcecom.create: no visible global function definition for
     ‘xmlTreeParse’
    rforcecom.create: no visible global function definition for ‘xmlValue’
    rforcecom.create: no visible global function definition for
     ‘xmlToDataFrame’
    rforcecom.create: no visible global function definition for
     ‘getNodeSet’
    rforcecom.create: no visible global function definition for ‘xmlParse’
    rforcecom.delete: no visible global function definition for
     ‘basicHeaderGatherer’
    rforcecom.delete: no visible global function definition for
     ‘basicTextGatherer’
    rforcecom.delete: no visible global function definition for
     ‘curlPerform’
    rforcecom.delete: no visible global function definition for ‘xmlRoot’
    rforcecom.delete: no visible global function definition for
     ‘xmlTreeParse’
    rforcecom.delete: no visible global function definition for ‘xmlValue’
    rforcecom.getObjectDescription: no visible global function definition
     for ‘basicHeaderGatherer’
    rforcecom.getObjectDescription: no visible global function definition
     for ‘basicTextGatherer’
    rforcecom.getObjectDescription: no visible global function definition
     for ‘curlPerform’
    rforcecom.getObjectDescription: no visible global function definition
     for ‘xmlRoot’
    rforcecom.getObjectDescription: no visible global function definition
     for ‘xmlTreeParse’
    rforcecom.getObjectDescription: no visible global function definition
     for ‘xmlValue’
    rforcecom.getObjectDescription: no visible global function definition
     for ‘getNodeSet’
    rforcecom.getObjectDescription: no visible global function definition
     for ‘xmlParse’
    rforcecom.getObjectDescription: no visible binding for global variable
     ‘xmlToList’
    rforcecom.getObjectList: no visible global function definition for
     ‘basicHeaderGatherer’
    rforcecom.getObjectList: no visible global function definition for
     ‘basicTextGatherer’
    rforcecom.getObjectList: no visible global function definition for
     ‘curlPerform’
    rforcecom.getObjectList: no visible global function definition for
     ‘xmlRoot’
    rforcecom.getObjectList: no visible global function definition for
     ‘xmlTreeParse’
    rforcecom.getObjectList: no visible global function definition for
     ‘xmlValue’
    rforcecom.getObjectList: no visible global function definition for
     ‘xmlToDataFrame’
    rforcecom.getObjectList: no visible global function definition for
     ‘getNodeSet’
    rforcecom.getObjectList: no visible global function definition for
     ‘xmlParse’
    rforcecom.getServerTimestamp: no visible global function definition for
     ‘basicHeaderGatherer’
    rforcecom.getServerTimestamp: no visible global function definition for
     ‘basicTextGatherer’
    rforcecom.getServerTimestamp: no visible global function definition for
     ‘curlPerform’
    rforcecom.login: no visible global function definition for
     ‘basicHeaderGatherer’
    rforcecom.login: no visible global function definition for
     ‘basicTextGatherer’
    rforcecom.login: no visible global function definition for
     ‘curlPerform’
    rforcecom.login: no visible global function definition for ‘xmlRoot’
    rforcecom.login: no visible global function definition for
     ‘xmlTreeParse’
    rforcecom.login: no visible global function definition for ‘xmlValue’
    rforcecom.query: no visible global function definition for
     ‘basicHeaderGatherer’
    rforcecom.query: no visible global function definition for
     ‘basicTextGatherer’
    rforcecom.query: no visible global function definition for ‘curlEscape’
    rforcecom.query: no visible global function definition for
     ‘curlPerform’
    rforcecom.query: no visible global function definition for ‘xmlRoot’
    rforcecom.query: no visible global function definition for
     ‘xmlTreeParse’
    rforcecom.query: no visible global function definition for ‘xmlValue’
    rforcecom.query: no visible global function definition for ‘getNodeSet’
    rforcecom.query: no visible global function definition for ‘xmlParse’
    rforcecom.query: no visible binding for global variable ‘xmlToList’
    rforcecom.query: no visible global function definition for ‘rbind.fill’
    rforcecom.queryMore: no visible global function definition for
     ‘basicHeaderGatherer’
    rforcecom.queryMore: no visible global function definition for
     ‘basicTextGatherer’
    rforcecom.queryMore: no visible global function definition for
     ‘curlPerform’
    rforcecom.queryMore: no visible global function definition for
     ‘xmlRoot’
    rforcecom.queryMore: no visible global function definition for
     ‘xmlTreeParse’
    rforcecom.queryMore: no visible global function definition for
     ‘xmlValue’
    rforcecom.queryMore: no visible global function definition for
     ‘getNodeSet’
    rforcecom.queryMore: no visible global function definition for
     ‘xmlParse’
    rforcecom.queryMore: no visible binding for global variable ‘xmlToList’
    rforcecom.queryMore: no visible global function definition for
     ‘rbind.fill’
    rforcecom.search: no visible global function definition for
     ‘basicHeaderGatherer’
    rforcecom.search: no visible global function definition for
     ‘basicTextGatherer’
    rforcecom.search: no visible global function definition for
     ‘curlEscape’
    rforcecom.search: no visible global function definition for
     ‘curlPerform’
    rforcecom.search: no visible global function definition for
     ‘getNodeSet’
    rforcecom.search: no visible global function definition for ‘xmlParse’
    rforcecom.search : <anonymous>: no visible global function definition
     for ‘xmlValue’
    rforcecom.search : <anonymous>: no visible global function definition
     for ‘xmlGetAttr’
    rforcecom.search: no visible global function definition for ‘xmlRoot’
    rforcecom.search: no visible global function definition for
     ‘xmlTreeParse’
    rforcecom.search: no visible global function definition for ‘xmlValue’
    rforcecom.update: no visible global function definition for
     ‘basicHeaderGatherer’
    rforcecom.update: no visible global function definition for
     ‘basicTextGatherer’
    rforcecom.update: no visible global function definition for
     ‘curlPerform’
    rforcecom.update: no visible global function definition for ‘xmlRoot’
    rforcecom.update: no visible global function definition for
     ‘xmlTreeParse’
    rforcecom.update: no visible global function definition for ‘xmlValue’
    rforcecom.upsert: no visible global function definition for
     ‘basicHeaderGatherer’
    rforcecom.upsert: no visible global function definition for
     ‘basicTextGatherer’
    rforcecom.upsert: no visible global function definition for
     ‘curlPerform’
    rforcecom.upsert: no visible global function definition for ‘xmlRoot’
    rforcecom.upsert: no visible global function definition for
     ‘xmlTreeParse’
    rforcecom.upsert: no visible global function definition for ‘xmlValue’
    rforcecom.upsert: no visible global function definition for
     ‘xmlToDataFrame’
    rforcecom.upsert: no visible global function definition for
     ‘getNodeSet’
    rforcecom.upsert: no visible global function definition for ‘xmlParse’
Flavors: r-devel-linux-x86_64-debian-clang, r-devel-linux-x86_64-debian-gcc, r-devel-linux-x86_64-fedora-clang, r-devel-linux-x86_64-fedora-gcc, r-devel-osx-x86_64-clang, r-prerel-windows-ix86+x86_64, r-prerel-linux-x86_64, r-prerel-solaris-sparc, r-prerel-solaris-x86, r-release-linux-x86_64, r-release-osx-x86_64-mavericks, r-release-windows-ix86+x86_64

Version: 0.7
Check: dependencies in R code
Result: NOTE
    Packages in Depends field not imported from:
     ‘RCurl’ ‘XML’ ‘plyr’
     These packages need to be imported from (in the NAMESPACE file)
     for when this namespace is loaded but not attached.
    See the information on DESCRIPTION files in the chapter ‘Creating R
    packages’ of the ‘Writing R Extensions’ manual.
Flavors: r-release-osx-x86_64-mavericks, r-oldrel-windows-ix86+x86_64