CRAN Package Check Results for Package RFormatter

Last updated on 2021-12-07 00:49:29 CET.

Flavor Version Tinstall Tcheck Ttotal Status Flags
r-devel-linux-x86_64-debian-clang 0.1.1 2.09 29.07 31.16 NOTE
r-devel-linux-x86_64-debian-gcc 0.1.1 1.62 23.14 24.76 NOTE
r-devel-linux-x86_64-fedora-clang 0.1.1 40.05 NOTE
r-devel-linux-x86_64-fedora-gcc 0.1.1 29.35 NOTE
r-devel-windows-x86_64-new-UL 0.1.1 7.00 56.00 63.00 NOTE
r-devel-windows-x86_64-new-TK 0.1.1 NOTE
r-devel-windows-x86_64-old 0.1.1 4.00 29.00 33.00 NOTE
r-patched-linux-x86_64 0.1.1 1.76 19.96 21.72 NOTE
r-release-linux-x86_64 0.1.1 1.92 28.46 30.38 NOTE
r-release-macos-arm64 0.1.1 NOTE
r-release-macos-x86_64 0.1.1 NOTE
r-release-windows-ix86+x86_64 0.1.1 6.00 37.00 43.00 NOTE
r-oldrel-macos-x86_64 0.1.1 OK
r-oldrel-windows-ix86+x86_64 0.1.1 5.00 41.00 46.00 OK

Check Details

Version: 0.1.1
Check: LazyData
Result: NOTE
     'LazyData' is specified without a 'data' directory
Flavors: r-devel-linux-x86_64-debian-clang, r-devel-linux-x86_64-debian-gcc, r-devel-linux-x86_64-fedora-clang, r-devel-linux-x86_64-fedora-gcc, r-devel-windows-x86_64-new-UL, r-devel-windows-x86_64-new-TK, r-devel-windows-x86_64-old, r-patched-linux-x86_64, r-release-linux-x86_64, r-release-macos-arm64, r-release-macos-x86_64, r-release-windows-ix86+x86_64