CRAN Package Check Results for Package RFormatter

Last updated on 2022-08-09 00:52:31 CEST.

Flavor Version Tinstall Tcheck Ttotal Status Flags
r-devel-linux-x86_64-debian-clang 0.1.1 1.87 22.77 24.64 NOTE
r-devel-linux-x86_64-debian-gcc 0.1.1 1.69 17.89 19.58 NOTE
r-devel-linux-x86_64-fedora-clang 0.1.1 41.36 NOTE
r-devel-linux-x86_64-fedora-gcc 0.1.1 42.86 NOTE
r-devel-windows-x86_64 0.1.1 18.00 48.00 66.00 NOTE
r-patched-linux-x86_64 0.1.1 1.43 22.49 23.92 NOTE
r-release-linux-x86_64 0.1.1 NOTE
r-release-macos-arm64 0.1.1 12.00 NOTE
r-release-macos-x86_64 0.1.1 20.00 NOTE
r-release-windows-x86_64 0.1.1 15.00 46.00 61.00 NOTE
r-oldrel-macos-arm64 0.1.1 16.00 NOTE
r-oldrel-macos-x86_64 0.1.1 27.00 NOTE
r-oldrel-windows-ix86+x86_64 0.1.1 5.00 40.00 45.00 NOTE

Check Details

Version: 0.1.1
Check: LazyData
Result: NOTE
     'LazyData' is specified without a 'data' directory
Flavors: r-devel-linux-x86_64-debian-clang, r-devel-linux-x86_64-debian-gcc, r-devel-linux-x86_64-fedora-clang, r-devel-linux-x86_64-fedora-gcc, r-devel-windows-x86_64, r-patched-linux-x86_64, r-release-linux-x86_64, r-release-macos-arm64, r-release-macos-x86_64, r-release-windows-x86_64, r-oldrel-macos-arm64, r-oldrel-macos-x86_64, r-oldrel-windows-ix86+x86_64