CRAN Package Check Results for Package RFreak

Last updated on 2015-03-30 23:47:56.

Flavor Version Tinstall Tcheck Ttotal Status Flags
r-devel-linux-x86_64-debian-clang 0.3-0 1.60 22.64 24.24 NOTE
r-devel-linux-x86_64-debian-gcc 0.3-0 1.50 22.52 24.02 NOTE
r-devel-linux-x86_64-fedora-clang 0.3-0 58.12 NOTE
r-devel-linux-x86_64-fedora-gcc 0.3-0 55.05 NOTE
r-devel-osx-x86_64-clang 0.3-0 48.16 NOTE
r-prerel-windows-ix86+x86_64 0.3-0 7.00 34.00 41.00 NOTE
r-prerel-linux-x86_64 0.3-0 1.68 22.16 23.84 NOTE
r-prerel-solaris-sparc 0.3-0 302.50 NOTE
r-prerel-solaris-x86 0.3-0 70.10 NOTE
r-release-linux-x86_64 0.3-0 1.99 27.31 29.30 NOTE
r-release-osx-x86_64-mavericks 0.3-0 NOTE
r-release-osx-x86_64-snowleopard 0.3-0 NOTE
r-release-windows-ix86+x86_64 0.3-0 8.00 39.00 47.00 NOTE
r-oldrel-windows-ix86+x86_64 0.3-0 5.00 41.00 46.00 NOTE

Check Details

Version: 0.3-0
Check: installed package size
Result: NOTE
     installed size is 5.8Mb
     sub-directories of 1Mb or more:
     java 5.3Mb
Flavors: r-devel-linux-x86_64-debian-clang, r-devel-linux-x86_64-debian-gcc, r-devel-linux-x86_64-fedora-clang, r-devel-linux-x86_64-fedora-gcc, r-devel-osx-x86_64-clang, r-prerel-windows-ix86+x86_64, r-prerel-linux-x86_64, r-prerel-solaris-sparc, r-prerel-solaris-x86, r-release-linux-x86_64, r-release-osx-x86_64-mavericks, r-release-osx-x86_64-snowleopard, r-release-windows-ix86+x86_64, r-oldrel-windows-ix86+x86_64