CRAN Package Check Results for Package RFreak

Last updated on 2017-10-23 14:48:56.

Flavor Version Tinstall Tcheck Ttotal Status Flags
r-devel-linux-x86_64-debian-clang 0.3-0 1.76 25.68 27.44 NOTE
r-devel-linux-x86_64-debian-gcc 0.3-0 1.91 25.97 27.88 NOTE
r-devel-linux-x86_64-fedora-clang 0.3-0 61.09 NOTE
r-devel-linux-x86_64-fedora-gcc 0.3-0 57.18 NOTE
r-devel-windows-ix86+x86_64 0.3-0 10.00 48.00 58.00 NOTE
r-patched-linux-x86_64 0.3-0 1.74 27.44 29.18 NOTE
r-patched-solaris-x86 0.3-0 71.00 NOTE
r-release-linux-x86_64 0.3-0 1.86 26.22 28.08 NOTE
r-release-windows-ix86+x86_64 0.3-0 7.00 61.00 68.00 NOTE
r-release-osx-x86_64 0.3-0 NOTE
r-oldrel-windows-ix86+x86_64 0.3-0 5.00 42.00 47.00 NOTE
r-oldrel-osx-x86_64 0.3-0 NOTE

Check Details

Version: 0.3-0
Check: R code for possible problems
Result: NOTE
    .testLTS: no visible binding for global variable ‘stackloss’
    Undefined global functions or variables:
     stackloss
    Consider adding
     importFrom("datasets", "stackloss")
    to your NAMESPACE file.
Flavors: r-devel-linux-x86_64-debian-clang, r-devel-linux-x86_64-debian-gcc, r-devel-linux-x86_64-fedora-clang, r-devel-linux-x86_64-fedora-gcc, r-devel-windows-ix86+x86_64, r-patched-linux-x86_64, r-patched-solaris-x86, r-release-linux-x86_64, r-release-windows-ix86+x86_64, r-release-osx-x86_64, r-oldrel-windows-ix86+x86_64, r-oldrel-osx-x86_64

Version: 0.3-0
Check: installed package size
Result: NOTE
     installed size is 5.8Mb
     sub-directories of 1Mb or more:
     java 5.3Mb
Flavors: r-devel-linux-x86_64-fedora-clang, r-devel-linux-x86_64-fedora-gcc, r-devel-windows-ix86+x86_64, r-patched-solaris-x86, r-release-windows-ix86+x86_64, r-release-osx-x86_64, r-oldrel-windows-ix86+x86_64, r-oldrel-osx-x86_64