CRAN Package Check Results for Package RFreak

Last updated on 2018-01-18 06:47:14 CET.

Flavor Version Tinstall Tcheck Ttotal Status Flags
r-devel-linux-x86_64-debian-clang 0.3-0 1.60 44.40 46.00 NOTE
r-devel-linux-x86_64-debian-gcc 0.3-0 1.86 37.37 39.23 NOTE
r-devel-linux-x86_64-fedora-clang 0.3-0 59.40 NOTE
r-devel-linux-x86_64-fedora-gcc 0.3-0 57.58 NOTE
r-devel-windows-ix86+x86_64 0.3-0 5.00 46.00 51.00 NOTE
r-patched-linux-x86_64 0.3-0 2.20 48.12 50.32 NOTE
r-patched-solaris-x86 0.3-0 71.60 NOTE
r-release-linux-x86_64 0.3-0 2.50 48.03 50.53 NOTE
r-release-windows-ix86+x86_64 0.3-0 8.00 62.00 70.00 NOTE
r-release-osx-x86_64 0.3-0 NOTE
r-oldrel-windows-ix86+x86_64 0.3-0 7.00 54.00 61.00 NOTE
r-oldrel-osx-x86_64 0.3-0 NOTE

Check Details

Version: 0.3-0
Check: R code for possible problems
Result: NOTE
    .testLTS: no visible binding for global variable ‘stackloss’
    Undefined global functions or variables:
     stackloss
    Consider adding
     importFrom("datasets", "stackloss")
    to your NAMESPACE file.
Flavors: r-devel-linux-x86_64-debian-clang, r-devel-linux-x86_64-debian-gcc, r-devel-linux-x86_64-fedora-clang, r-devel-linux-x86_64-fedora-gcc, r-devel-windows-ix86+x86_64, r-patched-linux-x86_64, r-patched-solaris-x86, r-release-linux-x86_64, r-release-windows-ix86+x86_64, r-release-osx-x86_64, r-oldrel-windows-ix86+x86_64, r-oldrel-osx-x86_64

Version: 0.3-0
Check: installed package size
Result: NOTE
     installed size is 5.8Mb
     sub-directories of 1Mb or more:
     java 5.3Mb
Flavors: r-devel-linux-x86_64-fedora-clang, r-devel-linux-x86_64-fedora-gcc, r-devel-windows-ix86+x86_64, r-patched-solaris-x86, r-release-windows-ix86+x86_64, r-release-osx-x86_64, r-oldrel-windows-ix86+x86_64, r-oldrel-osx-x86_64