CRAN Package Check Results for Package RFreak

Last updated on 2015-08-31 19:47:55.

Flavor Version Tinstall Tcheck Ttotal Status Flags
r-devel-linux-x86_64-debian-clang 0.3-0 1.78 21.88 23.66 NOTE
r-devel-linux-x86_64-debian-gcc 0.3-0 1.45 21.81 23.26 NOTE
r-devel-linux-x86_64-fedora-clang 0.3-0 55.67 NOTE
r-devel-linux-x86_64-fedora-gcc 0.3-0 54.12 NOTE
r-devel-osx-x86_64-clang 0.3-0 39.51 NOTE
r-devel-windows-ix86+x86_64 0.3-0 5.00 37.00 42.00 NOTE
r-patched-linux-x86_64 0.3-0 2.07 22.95 25.02 NOTE
r-patched-solaris-sparc 0.3-0 291.90 NOTE
r-patched-solaris-x86 0.3-0 77.80 NOTE
r-release-linux-x86_64 0.3-0 1.63 22.98 24.61 NOTE
r-release-osx-x86_64-mavericks 0.3-0 NOTE
r-release-windows-ix86+x86_64 0.3-0 5.00 55.00 60.00 NOTE
r-oldrel-windows-ix86+x86_64 0.3-0 9.00 40.00 49.00 NOTE

Check Details

Version: 0.3-0
Check: installed package size
Result: NOTE
     installed size is 5.8Mb
     sub-directories of 1Mb or more:
     java 5.3Mb
Flavors: r-devel-linux-x86_64-debian-clang, r-devel-linux-x86_64-debian-gcc, r-devel-linux-x86_64-fedora-clang, r-devel-linux-x86_64-fedora-gcc, r-devel-osx-x86_64-clang, r-devel-windows-ix86+x86_64, r-patched-linux-x86_64, r-patched-solaris-sparc, r-patched-solaris-x86, r-release-linux-x86_64, r-release-osx-x86_64-mavericks, r-release-windows-ix86+x86_64, r-oldrel-windows-ix86+x86_64

Version: 0.3-0
Check: R code for possible problems
Result: NOTE
    .testLTS: no visible binding for global variable ‘stackloss’
    Undefined global functions or variables:
     stackloss
    Consider adding
     importFrom("datasets", "stackloss")
    to your NAMESPACE.
Flavors: r-devel-linux-x86_64-debian-clang, r-devel-linux-x86_64-debian-gcc, r-devel-linux-x86_64-fedora-clang, r-devel-linux-x86_64-fedora-gcc, r-devel-windows-ix86+x86_64