CRAN Package Check Results for Package RFreak

Last updated on 2014-12-19 15:48:35.

Flavor Version Tinstall Tcheck Ttotal Status Flags
r-devel-linux-x86_64-debian-clang 0.3-0 2.05 26.88 28.94 NOTE
r-devel-linux-x86_64-debian-gcc 0.3-0 1.84 25.47 27.30 NOTE
r-devel-linux-x86_64-fedora-clang 0.3-0 65.46 NOTE
r-devel-linux-x86_64-fedora-gcc 0.3-0 62.15 NOTE
r-devel-osx-x86_64-clang 0.3-0 52.23 NOTE
r-devel-windows-ix86+x86_64 0.3-0 9.00 48.00 57.00 NOTE
r-patched-linux-x86_64 0.3-0 2.06 26.64 28.70 NOTE
r-patched-solaris-sparc 0.3-0 335.30 NOTE
r-patched-solaris-x86 0.3-0 83.50 NOTE
r-release-linux-ix86 0.3-0 2.47 31.22 33.68 NOTE
r-release-linux-x86_64 0.3-0 1.99 26.00 27.98 NOTE
r-release-osx-x86_64-mavericks 0.3-0 NOTE
r-release-osx-x86_64-snowleopard 0.3-0 NOTE
r-release-windows-ix86+x86_64 0.3-0 6.00 39.00 45.00 NOTE
r-oldrel-windows-ix86+x86_64 0.3-0 5.00 41.00 46.00 NOTE

Check Details

Version: 0.3-0
Check: installed package size
Result: NOTE
     installed size is 5.8Mb
     sub-directories of 1Mb or more:
     java 5.3Mb
Flavors: r-devel-linux-x86_64-debian-clang, r-devel-linux-x86_64-debian-gcc, r-devel-linux-x86_64-fedora-clang, r-devel-linux-x86_64-fedora-gcc, r-devel-osx-x86_64-clang, r-devel-windows-ix86+x86_64, r-patched-linux-x86_64, r-patched-solaris-sparc, r-patched-solaris-x86, r-release-linux-ix86, r-release-linux-x86_64, r-release-osx-x86_64-mavericks, r-release-osx-x86_64-snowleopard, r-release-windows-ix86+x86_64, r-oldrel-windows-ix86+x86_64