CRAN Package Check Results for Package RFreak

Last updated on 2015-01-31 13:48:32.

Flavor Version Tinstall Tcheck Ttotal Status Flags
r-devel-linux-x86_64-debian-clang 0.3-0 1.80 22.51 24.31 NOTE
r-devel-linux-x86_64-debian-gcc 0.3-0 1.60 21.41 23.01 NOTE
r-devel-linux-x86_64-fedora-clang 0.3-0 63.06 NOTE
r-devel-linux-x86_64-fedora-gcc 0.3-0 58.56 NOTE
r-devel-osx-x86_64-clang 0.3-0 51.52 NOTE
r-devel-windows-ix86+x86_64 0.3-0 6.00 40.00 46.00 NOTE
r-patched-linux-x86_64 0.3-0 2.01 26.48 28.49 NOTE
r-patched-solaris-sparc 0.3-0 356.80 NOTE
r-patched-solaris-x86 0.3-0 80.10 NOTE
r-release-linux-ix86 0.3-0 2.45 37.73 40.18 NOTE
r-release-linux-x86_64 0.3-0 2.02 26.55 28.57 NOTE
r-release-osx-x86_64-mavericks 0.3-0 NOTE
r-release-osx-x86_64-snowleopard 0.3-0 NOTE
r-release-windows-ix86+x86_64 0.3-0 6.00 39.00 45.00 NOTE
r-oldrel-windows-ix86+x86_64 0.3-0 5.00 41.00 46.00 NOTE

Check Details

Version: 0.3-0
Check: installed package size
Result: NOTE
     installed size is 5.8Mb
     sub-directories of 1Mb or more:
     java 5.3Mb
Flavors: r-devel-linux-x86_64-debian-clang, r-devel-linux-x86_64-debian-gcc, r-devel-linux-x86_64-fedora-clang, r-devel-linux-x86_64-fedora-gcc, r-devel-osx-x86_64-clang, r-devel-windows-ix86+x86_64, r-patched-linux-x86_64, r-patched-solaris-sparc, r-patched-solaris-x86, r-release-linux-ix86, r-release-linux-x86_64, r-release-osx-x86_64-mavericks, r-release-osx-x86_64-snowleopard, r-release-windows-ix86+x86_64, r-oldrel-windows-ix86+x86_64