CRAN Package Check Results for Package RFreak

Last updated on 2016-07-30 08:48:28.

Flavor Version Tinstall Tcheck Ttotal Status Flags
r-devel-linux-x86_64-debian-clang 0.3-0 1.58 21.76 23.34 NOTE
r-devel-linux-x86_64-debian-gcc 0.3-0 1.83 21.91 23.74 NOTE
r-devel-linux-x86_64-fedora-clang 0.3-0 51.97 NOTE
r-devel-linux-x86_64-fedora-gcc 0.3-0 49.06 NOTE
r-devel-osx-x86_64-clang 0.3-0 39.69 NOTE
r-devel-windows-ix86+x86_64 0.3-0 6.00 42.00 48.00 NOTE
r-patched-linux-x86_64 0.3-0 1.92 24.10 26.02 NOTE
r-patched-solaris-sparc 0.3-0 260.50 NOTE
r-patched-solaris-x86 0.3-0 55.20 NOTE
r-release-linux-x86_64 0.3-0 1.83 25.12 26.94 NOTE
r-release-osx-x86_64-mavericks 0.3-0 NOTE
r-release-windows-ix86+x86_64 0.3-0 6.00 59.00 65.00 NOTE
r-oldrel-windows-ix86+x86_64 0.3-0 7.00 35.00 42.00 NOTE

Check Details

Version: 0.3-0
Check: installed package size
Result: NOTE
     installed size is 5.8Mb
     sub-directories of 1Mb or more:
     java 5.3Mb
Flavors: r-devel-linux-x86_64-debian-clang, r-devel-linux-x86_64-debian-gcc, r-devel-linux-x86_64-fedora-clang, r-devel-linux-x86_64-fedora-gcc, r-devel-osx-x86_64-clang, r-devel-windows-ix86+x86_64, r-patched-linux-x86_64, r-patched-solaris-sparc, r-patched-solaris-x86, r-release-linux-x86_64, r-release-osx-x86_64-mavericks, r-release-windows-ix86+x86_64, r-oldrel-windows-ix86+x86_64

Version: 0.3-0
Check: R code for possible problems
Result: NOTE
    .testLTS: no visible binding for global variable ‘stackloss’
    Undefined global functions or variables:
     stackloss
    Consider adding
     importFrom("datasets", "stackloss")
    to your NAMESPACE file.
Flavors: r-devel-linux-x86_64-debian-clang, r-devel-linux-x86_64-debian-gcc, r-devel-linux-x86_64-fedora-clang, r-devel-linux-x86_64-fedora-gcc, r-devel-osx-x86_64-clang, r-devel-windows-ix86+x86_64, r-patched-linux-x86_64, r-patched-solaris-sparc, r-patched-solaris-x86, r-release-linux-x86_64, r-release-osx-x86_64-mavericks, r-release-windows-ix86+x86_64