CRAN Package Check Results for Package RFreak

Last updated on 2015-07-04 11:49:59.

Flavor Version Tinstall Tcheck Ttotal Status Flags
r-devel-linux-x86_64-debian-clang 0.3-0 1.57 22.51 24.08 NOTE
r-devel-linux-x86_64-debian-gcc 0.3-0 1.48 21.88 23.36 NOTE
r-devel-linux-x86_64-fedora-clang 0.3-0 57.39 NOTE
r-devel-linux-x86_64-fedora-gcc 0.3-0 54.27 NOTE
r-devel-osx-x86_64-clang 0.3-0 42.07 NOTE
r-devel-windows-ix86+x86_64 0.3-0 7.00 36.00 43.00 NOTE
r-patched-linux-x86_64 0.3-0 1.54 22.28 23.82 NOTE
r-patched-solaris-sparc 0.3-0 297.20 NOTE
r-patched-solaris-x86 0.3-0 68.70 NOTE
r-release-linux-x86_64 0.3-0 1.53 22.98 24.51 NOTE
r-release-osx-x86_64-mavericks 0.3-0 NOTE
r-release-windows-ix86+x86_64 0.3-0 5.00 33.00 38.00 NOTE
r-oldrel-windows-ix86+x86_64 0.3-0 8.00 39.00 47.00 NOTE

Check Details

Version: 0.3-0
Check: installed package size
Result: NOTE
     installed size is 5.8Mb
     sub-directories of 1Mb or more:
     java 5.3Mb
Flavors: r-devel-linux-x86_64-debian-clang, r-devel-linux-x86_64-debian-gcc, r-devel-linux-x86_64-fedora-clang, r-devel-linux-x86_64-fedora-gcc, r-devel-osx-x86_64-clang, r-devel-windows-ix86+x86_64, r-patched-linux-x86_64, r-patched-solaris-sparc, r-patched-solaris-x86, r-release-linux-x86_64, r-release-osx-x86_64-mavericks, r-release-windows-ix86+x86_64, r-oldrel-windows-ix86+x86_64

Version: 0.3-0
Check: R code for possible problems
Result: NOTE
    .testLTS: no visible binding for global variable ‘stackloss’
    Undefined global functions or variables:
     stackloss
Flavors: r-devel-linux-x86_64-debian-clang, r-devel-linux-x86_64-debian-gcc, r-devel-linux-x86_64-fedora-clang, r-devel-linux-x86_64-fedora-gcc