CRAN Package Check Results for Package RFreak

Last updated on 2017-04-29 08:49:11.

Flavor Version Tinstall Tcheck Ttotal Status Flags
r-devel-linux-x86_64-debian-clang 0.3-0 1.79 25.52 27.31 NOTE
r-devel-linux-x86_64-debian-gcc 0.3-0 1.84 25.50 27.34 NOTE
r-devel-linux-x86_64-fedora-clang 0.3-0 58.80 NOTE --no-stop-on-test-error
r-devel-linux-x86_64-fedora-gcc 0.3-0 56.81 NOTE --no-stop-on-test-error
r-devel-windows-ix86+x86_64 0.3-0 8.00 67.00 75.00 NOTE
r-patched-linux-x86_64 0.3-0 1.88 25.92 27.79 NOTE
r-patched-solaris-sparc 0.3-0 288.20 NOTE
r-patched-solaris-x86 0.3-0 64.50 NOTE
r-release-linux-x86_64 0.3-0 1.64 25.92 27.56 NOTE
r-release-windows-ix86+x86_64 0.3-0 6.00 46.00 52.00 NOTE
r-release-osx-x86_64 0.3-0 NOTE
r-oldrel-windows-ix86+x86_64 0.3-0 5.00 42.00 47.00 NOTE
r-oldrel-osx-x86_64 0.3-0 NOTE

Check Details

Version: 0.3-0
Check: R code for possible problems
Result: NOTE
    .testLTS: no visible binding for global variable ‘stackloss’
    Undefined global functions or variables:
     stackloss
    Consider adding
     importFrom("datasets", "stackloss")
    to your NAMESPACE file.
Flavors: r-devel-linux-x86_64-debian-clang, r-devel-linux-x86_64-debian-gcc, r-devel-windows-ix86+x86_64, r-patched-linux-x86_64, r-patched-solaris-sparc, r-patched-solaris-x86, r-release-linux-x86_64, r-release-windows-ix86+x86_64, r-release-osx-x86_64, r-oldrel-windows-ix86+x86_64, r-oldrel-osx-x86_64

Version: 0.3-0
Flags: --no-stop-on-test-error
Check: installed package size
Result: NOTE
     installed size is 5.8Mb
     sub-directories of 1Mb or more:
     java 5.3Mb
Flavors: r-devel-linux-x86_64-fedora-clang, r-devel-linux-x86_64-fedora-gcc

Version: 0.3-0
Flags: --no-stop-on-test-error
Check: R code for possible problems
Result: NOTE
    .testLTS: no visible binding for global variable ‘stackloss’
    Undefined global functions or variables:
     stackloss
    Consider adding
     importFrom("datasets", "stackloss")
    to your NAMESPACE file.
Flavors: r-devel-linux-x86_64-fedora-clang, r-devel-linux-x86_64-fedora-gcc

Version: 0.3-0
Check: installed package size
Result: NOTE
     installed size is 5.7Mb
     sub-directories of 1Mb or more:
     java 5.2Mb
Flavors: r-devel-windows-ix86+x86_64, r-patched-solaris-sparc, r-patched-solaris-x86, r-release-windows-ix86+x86_64, r-release-osx-x86_64, r-oldrel-windows-ix86+x86_64, r-oldrel-osx-x86_64