CRAN Package Check Results for Package RFreak

Last updated on 2016-02-14 08:47:43.

Flavor Version Tinstall Tcheck Ttotal Status Flags
r-devel-linux-x86_64-debian-gcc 0.3-0 1.66 21.42 23.08 NOTE
r-devel-linux-x86_64-fedora-clang 0.3-0 52.04 NOTE
r-devel-linux-x86_64-fedora-gcc 0.3-0 51.08 NOTE
r-devel-osx-x86_64-clang 0.3-0 46.01 NOTE
r-devel-windows-ix86+x86_64 0.3-0 7.00 54.00 61.00 NOTE
r-patched-linux-x86_64 0.3-0 1.66 22.80 24.46 NOTE
r-patched-solaris-sparc 0.3-0 272.40 NOTE
r-patched-solaris-x86 0.3-0 57.10 NOTE
r-release-linux-x86_64 0.3-0 1.88 22.59 24.46 NOTE
r-release-osx-x86_64-mavericks 0.3-0 NOTE
r-release-windows-ix86+x86_64 0.3-0 7.00 35.00 42.00 NOTE
r-oldrel-windows-ix86+x86_64 0.3-0 9.00 39.00 48.00 NOTE

Check Details

Version: 0.3-0
Check: installed package size
Result: NOTE
     installed size is 5.8Mb
     sub-directories of 1Mb or more:
     java 5.3Mb
Flavors: r-devel-linux-x86_64-debian-gcc, r-devel-linux-x86_64-fedora-clang, r-devel-linux-x86_64-fedora-gcc, r-devel-osx-x86_64-clang, r-devel-windows-ix86+x86_64, r-patched-linux-x86_64, r-patched-solaris-sparc, r-patched-solaris-x86, r-release-linux-x86_64, r-release-osx-x86_64-mavericks, r-release-windows-ix86+x86_64, r-oldrel-windows-ix86+x86_64

Version: 0.3-0
Check: R code for possible problems
Result: NOTE
    .testLTS: no visible binding for global variable ‘stackloss’
    Undefined global functions or variables:
     stackloss
    Consider adding
     importFrom("datasets", "stackloss")
    to your NAMESPACE file.
Flavors: r-devel-linux-x86_64-debian-gcc, r-devel-linux-x86_64-fedora-clang, r-devel-linux-x86_64-fedora-gcc, r-devel-osx-x86_64-clang, r-devel-windows-ix86+x86_64