CRAN Package Check Results for Package RFreak

Last updated on 2014-10-25 23:46:51.

Flavor Version Tinstall Tcheck Ttotal Status Flags
r-devel-linux-x86_64-debian-clang 0.3-0 2.00 28.19 30.18 NOTE
r-devel-linux-x86_64-debian-gcc 0.3-0 1.89 27.43 29.32 NOTE
r-devel-linux-x86_64-fedora-clang 0.3-0 72.07 NOTE
r-devel-linux-x86_64-fedora-gcc 0.3-0 68.22 NOTE
r-devel-osx-x86_64-clang 0.3-0 51.78 NOTE
r-devel-windows-ix86+x86_64 0.3-0 5.00 36.00 41.00 NOTE
r-patched-linux-x86_64 0.3-0 2.03 28.25 30.28 NOTE
r-patched-solaris-sparc 0.3-0 335.30 NOTE
r-patched-solaris-x86 0.3-0 82.80 NOTE
r-release-linux-ix86 0.3-0 2.60 32.34 34.94 NOTE
r-release-linux-x86_64 0.3-0 2.05 29.12 31.17 NOTE
r-release-osx-x86_64-mavericks 0.3-0 NOTE
r-release-osx-x86_64-snowleopard 0.3-0 NOTE
r-release-windows-ix86+x86_64 0.3-0 8.00 37.00 45.00 NOTE
r-oldrel-windows-ix86+x86_64 0.3-0 5.00 41.00 46.00 NOTE

Check Details

Version: 0.3-0
Check: installed package size
Result: NOTE
     installed size is 5.8Mb
     sub-directories of 1Mb or more:
     java 5.3Mb
Flavors: r-devel-linux-x86_64-debian-clang, r-devel-linux-x86_64-debian-gcc, r-devel-linux-x86_64-fedora-clang, r-devel-linux-x86_64-fedora-gcc, r-devel-osx-x86_64-clang, r-devel-windows-ix86+x86_64, r-patched-linux-x86_64, r-patched-solaris-sparc, r-patched-solaris-x86, r-release-linux-ix86, r-release-linux-x86_64, r-release-osx-x86_64-mavericks, r-release-osx-x86_64-snowleopard, r-release-windows-ix86+x86_64, r-oldrel-windows-ix86+x86_64