CRAN Package Check Results for Package RFreak

Last updated on 2014-11-24 00:47:52.

Flavor Version Tinstall Tcheck Ttotal Status Flags
r-devel-linux-x86_64-debian-clang 0.3-0 2.00 29.30 31.30 NOTE
r-devel-linux-x86_64-debian-gcc 0.3-0 1.88 28.26 30.14 NOTE
r-devel-linux-x86_64-fedora-clang 0.3-0 64.36 NOTE
r-devel-linux-x86_64-fedora-gcc 0.3-0 60.99 NOTE
r-devel-osx-x86_64-clang 0.3-0 57.83 NOTE
r-devel-windows-ix86+x86_64 0.3-0 6.00 36.00 42.00 NOTE
r-patched-linux-x86_64 0.3-0 3.08 29.74 32.82 NOTE
r-patched-solaris-sparc 0.3-0 335.30 NOTE
r-patched-solaris-x86 0.3-0 82.50 NOTE
r-release-linux-ix86 0.3-0 2.46 31.45 33.91 NOTE
r-release-linux-x86_64 0.3-0 2.23 28.80 31.03 NOTE
r-release-osx-x86_64-mavericks 0.3-0 NOTE
r-release-osx-x86_64-snowleopard 0.3-0 NOTE
r-release-windows-ix86+x86_64 0.3-0 6.00 39.00 45.00 NOTE
r-oldrel-windows-ix86+x86_64 0.3-0 5.00 41.00 46.00 NOTE

Check Details

Version: 0.3-0
Check: installed package size
Result: NOTE
     installed size is 5.8Mb
     sub-directories of 1Mb or more:
     java 5.3Mb
Flavors: r-devel-linux-x86_64-debian-clang, r-devel-linux-x86_64-debian-gcc, r-devel-linux-x86_64-fedora-clang, r-devel-linux-x86_64-fedora-gcc, r-devel-osx-x86_64-clang, r-devel-windows-ix86+x86_64, r-patched-linux-x86_64, r-patched-solaris-sparc, r-patched-solaris-x86, r-release-linux-ix86, r-release-linux-x86_64, r-release-osx-x86_64-mavericks, r-release-osx-x86_64-snowleopard, r-release-windows-ix86+x86_64, r-oldrel-windows-ix86+x86_64