CRAN Package Check Results for Package RFreak

Last updated on 2017-02-25 11:48:45.

Flavor Version Tinstall Tcheck Ttotal Status Flags
r-devel-linux-x86_64-debian-clang 0.3-0 1.61 25.45 27.06 NOTE
r-devel-linux-x86_64-debian-gcc 0.3-0 1.76 26.75 28.50 NOTE
r-devel-linux-x86_64-fedora-clang 0.3-0 57.58 NOTE --no-stop-on-test-error
r-devel-linux-x86_64-fedora-gcc 0.3-0 56.98 NOTE --no-stop-on-test-error
r-devel-macos-x86_64-clang 0.3-0 43.80 NOTE --no-stop-on-test-error
r-devel-windows-ix86+x86_64 0.3-0 6.00 66.00 72.00 NOTE
r-patched-linux-x86_64 0.3-0 1.53 22.12 23.65 NOTE
r-patched-solaris-sparc 0.3-0 270.60 NOTE
r-patched-solaris-x86 0.3-0 54.10 NOTE
r-release-linux-x86_64 0.3-0 1.59 22.39 23.98 NOTE
r-release-osx-x86_64-mavericks 0.3-0 NOTE
r-release-windows-ix86+x86_64 0.3-0 5.00 42.00 47.00 NOTE
r-oldrel-windows-ix86+x86_64 0.3-0 5.00 42.00 47.00 NOTE

Check Details

Version: 0.3-0
Check: R code for possible problems
Result: NOTE
    .testLTS: no visible binding for global variable ‘stackloss’
    Undefined global functions or variables:
     stackloss
    Consider adding
     importFrom("datasets", "stackloss")
    to your NAMESPACE file.
Flavors: r-devel-linux-x86_64-debian-clang, r-devel-linux-x86_64-debian-gcc, r-devel-windows-ix86+x86_64, r-patched-linux-x86_64, r-patched-solaris-sparc, r-patched-solaris-x86, r-release-linux-x86_64, r-release-osx-x86_64-mavericks, r-release-windows-ix86+x86_64

Version: 0.3-0
Flags: --no-stop-on-test-error
Check: installed package size
Result: NOTE
     installed size is 5.8Mb
     sub-directories of 1Mb or more:
     java 5.3Mb
Flavors: r-devel-linux-x86_64-fedora-clang, r-devel-linux-x86_64-fedora-gcc, r-devel-macos-x86_64-clang

Version: 0.3-0
Flags: --no-stop-on-test-error
Check: R code for possible problems
Result: NOTE
    .testLTS: no visible binding for global variable ‘stackloss’
    Undefined global functions or variables:
     stackloss
    Consider adding
     importFrom("datasets", "stackloss")
    to your NAMESPACE file.
Flavors: r-devel-linux-x86_64-fedora-clang, r-devel-linux-x86_64-fedora-gcc, r-devel-macos-x86_64-clang

Version: 0.3-0
Check: installed package size
Result: NOTE
     installed size is 5.7Mb
     sub-directories of 1Mb or more:
     java 5.2Mb
Flavors: r-devel-windows-ix86+x86_64, r-patched-solaris-sparc, r-patched-solaris-x86, r-release-osx-x86_64-mavericks, r-release-windows-ix86+x86_64, r-oldrel-windows-ix86+x86_64