CRAN Package Check Results for Package RFreak

Last updated on 2014-09-19 00:47:04.

Flavor Version Tinstall Tcheck Ttotal Status Flags
r-devel-linux-x86_64-debian-clang 0.3-0 2.18 28.98 31.15 NOTE
r-devel-linux-x86_64-debian-gcc 0.3-0 1.93 29.00 30.93 NOTE
r-devel-linux-x86_64-fedora-clang 0.3-0 73.65 NOTE
r-devel-linux-x86_64-fedora-gcc 0.3-0 84.16 NOTE
r-devel-osx-x86_64-clang 0.3-0 48.71 NOTE
r-devel-windows-ix86+x86_64 0.3-0 6.00 38.00 44.00 NOTE
r-patched-linux-x86_64 0.3-0 2.03 29.40 31.43 NOTE
r-patched-solaris-sparc 0.3-0 335.30 NOTE
r-patched-solaris-x86 0.3-0 79.90 NOTE
r-release-linux-ix86 0.3-0 2.64 34.40 37.04 NOTE
r-release-linux-x86_64 0.3-0 2.06 28.93 30.99 NOTE
r-release-osx-x86_64-mavericks 0.3-0 NOTE
r-release-osx-x86_64-snowleopard 0.3-0 NOTE
r-release-windows-ix86+x86_64 0.3-0 8.00 37.00 45.00 NOTE
r-oldrel-windows-ix86+x86_64 0.3-0 5.00 41.00 46.00 NOTE

Check Details

Version: 0.3-0
Check: installed package size
Result: NOTE
     installed size is 5.8Mb
     sub-directories of 1Mb or more:
     java 5.3Mb
Flavors: r-devel-linux-x86_64-debian-clang, r-devel-linux-x86_64-debian-gcc, r-devel-linux-x86_64-fedora-clang, r-devel-linux-x86_64-fedora-gcc, r-devel-osx-x86_64-clang, r-devel-windows-ix86+x86_64, r-patched-linux-x86_64, r-patched-solaris-sparc, r-patched-solaris-x86, r-release-linux-ix86, r-release-linux-x86_64, r-release-osx-x86_64-mavericks, r-release-osx-x86_64-snowleopard, r-release-windows-ix86+x86_64, r-oldrel-windows-ix86+x86_64