CRAN Package Check Results for Package RFreak

Last updated on 2015-05-03 11:47:50.

Flavor Version Tinstall Tcheck Ttotal Status Flags
r-devel-linux-x86_64-debian-clang 0.3-0 1.96 23.52 25.48 NOTE
r-devel-linux-x86_64-debian-gcc 0.3-0 1.66 23.20 24.86 NOTE
r-devel-linux-x86_64-fedora-clang 0.3-0 58.03 NOTE
r-devel-linux-x86_64-fedora-gcc 0.3-0 55.53 NOTE
r-devel-osx-x86_64-clang 0.3-0 44.13 NOTE
r-devel-windows-ix86+x86_64 0.3-0 5.00 35.00 40.00 NOTE
r-patched-linux-x86_64 0.3-0 1.55 22.35 23.90 NOTE
r-patched-solaris-sparc 0.3-0 302.50 NOTE
r-patched-solaris-x86 0.3-0 67.30 NOTE
r-release-linux-x86_64 0.3-0 1.54 23.23 24.77 NOTE
r-release-osx-x86_64-mavericks 0.3-0 NOTE
r-release-osx-x86_64-snowleopard 0.3-0 NOTE
r-release-windows-ix86+x86_64 0.3-0 4.00 39.00 43.00 NOTE
r-oldrel-windows-ix86+x86_64 0.3-0 8.00 39.00 47.00 NOTE

Check Details

Version: 0.3-0
Check: installed package size
Result: NOTE
     installed size is 5.8Mb
     sub-directories of 1Mb or more:
     java 5.3Mb
Flavors: r-devel-linux-x86_64-debian-clang, r-devel-linux-x86_64-debian-gcc, r-devel-linux-x86_64-fedora-clang, r-devel-linux-x86_64-fedora-gcc, r-devel-osx-x86_64-clang, r-devel-windows-ix86+x86_64, r-patched-linux-x86_64, r-patched-solaris-sparc, r-patched-solaris-x86, r-release-linux-x86_64, r-release-osx-x86_64-mavericks, r-release-osx-x86_64-snowleopard, r-release-windows-ix86+x86_64, r-oldrel-windows-ix86+x86_64