CRAN Package Check Results for Package RFreak

Last updated on 2018-05-25 00:46:51 CEST.

Flavor Version Tinstall Tcheck Ttotal Status Flags
r-devel-linux-x86_64-debian-clang 0.3-0 2.75 52.00 54.75 NOTE
r-devel-linux-x86_64-debian-gcc 0.3-0 2.94 44.80 47.74 NOTE
r-devel-linux-x86_64-fedora-clang 0.3-0 64.89 NOTE
r-devel-linux-x86_64-fedora-gcc 0.3-0 63.07 NOTE
r-devel-windows-ix86+x86_64 0.3-0 9.00 50.00 59.00 NOTE
r-patched-linux-x86_64 0.3-0 3.20 52.71 55.91 NOTE
r-patched-solaris-x86 0.3-0 73.90 NOTE
r-release-linux-x86_64 0.3-0 3.14 51.80 54.94 NOTE
r-release-windows-ix86+x86_64 0.3-0 9.00 48.00 57.00 NOTE
r-release-osx-x86_64 0.3-0 NOTE
r-oldrel-windows-ix86+x86_64 0.3-0 8.00 62.00 70.00 NOTE
r-oldrel-osx-x86_64 0.3-0 NOTE

Check Details

Version: 0.3-0
Check: R code for possible problems
Result: NOTE
    .testLTS: no visible binding for global variable ‘stackloss’
    Undefined global functions or variables:
     stackloss
    Consider adding
     importFrom("datasets", "stackloss")
    to your NAMESPACE file.
Flavors: r-devel-linux-x86_64-debian-clang, r-devel-linux-x86_64-debian-gcc, r-devel-linux-x86_64-fedora-clang, r-devel-linux-x86_64-fedora-gcc, r-devel-windows-ix86+x86_64, r-patched-linux-x86_64, r-patched-solaris-x86, r-release-linux-x86_64, r-release-windows-ix86+x86_64, r-release-osx-x86_64, r-oldrel-windows-ix86+x86_64, r-oldrel-osx-x86_64

Version: 0.3-0
Check: installed package size
Result: NOTE
     installed size is 5.8Mb
     sub-directories of 1Mb or more:
     java 5.3Mb
Flavors: r-devel-linux-x86_64-fedora-clang, r-devel-linux-x86_64-fedora-gcc, r-devel-windows-ix86+x86_64, r-patched-solaris-x86, r-release-windows-ix86+x86_64, r-release-osx-x86_64, r-oldrel-windows-ix86+x86_64, r-oldrel-osx-x86_64