CRAN Package Check Results for Package RFreak

Last updated on 2017-06-23 20:48:47.

Flavor Version Tinstall Tcheck Ttotal Status Flags
r-devel-linux-x86_64-debian-clang 0.3-0 1.66 26.54 28.19 NOTE
r-devel-linux-x86_64-debian-gcc 0.3-0 1.77 25.43 27.20 NOTE
r-devel-linux-x86_64-fedora-clang 0.3-0 59.53 NOTE
r-devel-linux-x86_64-fedora-gcc 0.3-0 60.45 NOTE
r-devel-windows-ix86+x86_64 0.3-0 6.00 48.00 54.00 NOTE
r-patched-linux-x86_64 0.3-0 1.82 25.60 27.43 NOTE
r-patched-solaris-sparc 0.3-0 288.20 NOTE
r-patched-solaris-x86 0.3-0 64.00 NOTE
r-release-linux-x86_64 0.3-0 2.11 25.77 27.88 NOTE
r-release-windows-ix86+x86_64 0.3-0 6.00 46.00 52.00 NOTE
r-release-osx-x86_64 0.3-0 NOTE
r-oldrel-windows-ix86+x86_64 0.3-0 5.00 42.00 47.00 NOTE
r-oldrel-osx-x86_64 0.3-0 NOTE

Check Details

Version: 0.3-0
Check: R code for possible problems
Result: NOTE
    .testLTS: no visible binding for global variable ‘stackloss’
    Undefined global functions or variables:
     stackloss
    Consider adding
     importFrom("datasets", "stackloss")
    to your NAMESPACE file.
Flavors: r-devel-linux-x86_64-debian-clang, r-devel-linux-x86_64-debian-gcc, r-devel-linux-x86_64-fedora-clang, r-devel-linux-x86_64-fedora-gcc, r-devel-windows-ix86+x86_64, r-patched-linux-x86_64, r-patched-solaris-sparc, r-patched-solaris-x86, r-release-linux-x86_64, r-release-windows-ix86+x86_64, r-release-osx-x86_64, r-oldrel-windows-ix86+x86_64, r-oldrel-osx-x86_64

Version: 0.3-0
Check: installed package size
Result: NOTE
     installed size is 5.8Mb
     sub-directories of 1Mb or more:
     java 5.3Mb
Flavors: r-devel-linux-x86_64-fedora-clang, r-devel-linux-x86_64-fedora-gcc, r-devel-windows-ix86+x86_64, r-patched-solaris-sparc, r-patched-solaris-x86, r-release-windows-ix86+x86_64, r-release-osx-x86_64, r-oldrel-windows-ix86+x86_64, r-oldrel-osx-x86_64