CRAN Package Check Results for Package RGIFT

Last updated on 2014-04-16 18:47:54.

Flavor Version Tinstall Tcheck Ttotal Status Flags
r-devel-linux-x86_64-debian-clang 0.1-5 0.70 10.56 11.26 OK
r-devel-linux-x86_64-debian-gcc 0.1-5 0.71 11.08 11.79 OK
r-devel-linux-x86_64-fedora-clang 0.1-5 12.88 OK
r-devel-linux-x86_64-fedora-gcc 0.1-5 13.74 OK
r-devel-macosx-x86_64-clang 0.1-5 28.58 OK
r-devel-macosx-x86_64-gcc 0.1-4 NOTE
r-devel-windows-ix86+x86_64 0.1-4 2.00 19.00 21.00 NOTE
r-patched-linux-x86_64 0.1-4 0.69 8.95 9.64 NOTE
r-patched-solaris-sparc 0.1-5 117.70 OK
r-patched-solaris-x86 0.1-5 28.70 OK
r-release-linux-ix86 0.1-4 1.00 21.00 22.00 NOTE
r-release-linux-x86_64 0.1-5 0.65 10.46 11.10 OK
r-release-macosx-x86_64 0.1-5 OK
r-release-windows-ix86+x86_64 0.1-5 2.00 21.00 23.00 OK
r-oldrel-windows-ix86+x86_64 0.1-5 3.00 24.00 27.00 OK

Check Details

Version: 0.1-4
Check: for old-style vignette sources
Result: NOTE
    Vignette sources only in ‘inst/doc’:
     ‘RGIFT.Rnw’
    A ‘vignettes’ directory is required as from R 3.1.0
    and these will not be indexed nor checked
Flavors: r-devel-macosx-x86_64-gcc, r-devel-windows-ix86+x86_64, r-patched-linux-x86_64, r-release-linux-ix86