CRAN Package Check Results for Package RGenetics

Last updated on 2020-09-19 08:50:10 CEST.

Flavor Version Tinstall Tcheck Ttotal Status Flags
r-devel-linux-x86_64-debian-clang 0.1 2.22 19.99 22.21 NOTE
r-devel-linux-x86_64-debian-gcc 0.1 1.83 15.91 17.74 NOTE
r-devel-linux-x86_64-fedora-clang 0.1 37.37 NOTE
r-devel-linux-x86_64-fedora-gcc 0.1 27.21 NOTE
r-devel-windows-ix86+x86_64 0.1 5.00 27.00 32.00 NOTE
r-patched-linux-x86_64 0.1 2.53 19.95 22.48 NOTE
r-patched-solaris-x86 0.1 41.70 NOTE
r-release-linux-x86_64 0.1 2.23 19.92 22.15 NOTE
r-release-macos-x86_64 0.1 NOTE
r-release-windows-ix86+x86_64 0.1 5.00 31.00 36.00 NOTE
r-oldrel-macos-x86_64 0.1 NOTE
r-oldrel-windows-ix86+x86_64 0.1 5.00 41.00 46.00 NOTE

Check Details

Version: 0.1
Check: DESCRIPTION meta-information
Result: NOTE
    Malformed Description field: should contain one or more complete sentences.
Flavors: r-devel-linux-x86_64-debian-clang, r-devel-linux-x86_64-debian-gcc, r-devel-linux-x86_64-fedora-clang, r-devel-linux-x86_64-fedora-gcc, r-devel-windows-ix86+x86_64, r-patched-linux-x86_64, r-patched-solaris-x86, r-release-linux-x86_64, r-release-macos-x86_64, r-release-windows-ix86+x86_64, r-oldrel-macos-x86_64, r-oldrel-windows-ix86+x86_64