CRAN Package Check Results for Package RGraphics

Last updated on 2016-12-09 17:54:17.

Flavor Version Tinstall Tcheck Ttotal Status Flags
r-devel-linux-x86_64-debian-clang 2.0-14 2.24 36.67 38.91 OK
r-devel-linux-x86_64-debian-gcc 2.0-14 2.10 37.15 39.26 OK
r-devel-linux-x86_64-fedora-clang 2.0-14 74.32 NOTE --no-stop-on-test-error
r-devel-linux-x86_64-fedora-gcc 2.0-14 68.36 NOTE --no-stop-on-test-error
r-devel-macos-x86_64-clang 2.0-14 56.92 NOTE --no-stop-on-test-error
r-devel-windows-ix86+x86_64 2.0-14 7.00 66.00 73.00 NOTE
r-patched-linux-x86_64 2.0-14 1.87 32.90 34.78 OK
r-patched-solaris-sparc 2.0-14 395.70 NOTE
r-patched-solaris-x86 2.0-14 81.80 NOTE
r-release-linux-x86_64 2.0-14 1.86 33.95 35.81 OK
r-release-osx-x86_64-mavericks 2.0-14 NOTE
r-release-windows-ix86+x86_64 2.0-14 6.00 58.00 64.00 NOTE
r-oldrel-windows-ix86+x86_64 2.0-14 10.00 86.00 96.00 NOTE

Check Details

Version: 2.0-14
Flags: --no-stop-on-test-error
Check: installed package size
Result: NOTE
     installed size is 9.7Mb
     sub-directories of 1Mb or more:
     extra 9.4Mb
Flavors: r-devel-linux-x86_64-fedora-clang, r-devel-linux-x86_64-fedora-gcc, r-devel-macos-x86_64-clang

Version: 2.0-14
Flags: --no-stop-on-test-error
Check: package dependencies
Result: NOTE
    Package suggested but not available for checking: ‘rggobi’
Flavor: r-devel-macos-x86_64-clang

Version: 2.0-14
Check: installed package size
Result: NOTE
     installed size is 9.6Mb
     sub-directories of 1Mb or more:
     extra 9.3Mb
Flavors: r-devel-windows-ix86+x86_64, r-patched-solaris-sparc, r-patched-solaris-x86, r-release-osx-x86_64-mavericks, r-release-windows-ix86+x86_64, r-oldrel-windows-ix86+x86_64

Version: 2.0-14
Check: package dependencies
Result: NOTE
    Packages suggested but not available for checking:
     ‘hyperdraw’ ‘hypergraph’ ‘rggobi’
Flavor: r-patched-solaris-sparc

Version: 2.0-14
Check: package dependencies
Result: NOTE
    Package suggested but not available for checking: ‘rggobi’
Flavors: r-patched-solaris-x86, r-release-osx-x86_64-mavericks

Version: 2.0-14
Check: dependencies in R code
Result: NOTE
    Invalid MIT-MAGIC-COOKIE-1 key
    (R:76308): Gtk-WARNING **: gtk_disable_setlocale() must be called before gtk_init()
    Invalid MIT-MAGIC-COOKIE-1 keyInvalid MIT-MAGIC-COOKIE-1 keyInvalid MIT-MAGIC-COOKIE-1 key
Flavor: r-release-osx-x86_64-mavericks