CRAN Package Check Results for Package RGraphics

Last updated on 2016-05-25 23:48:03.

Flavor Version Tinstall Tcheck Ttotal Status Flags
r-devel-linux-x86_64-debian-gcc 2.0-14 1.78 34.05 35.83 NOTE
r-devel-linux-x86_64-fedora-clang 2.0-14 59.93 NOTE
r-devel-linux-x86_64-fedora-gcc 2.0-14 57.61 NOTE
r-devel-osx-x86_64-clang 2.0-14 69.03 NOTE
r-devel-windows-ix86+x86_64 2.0-14 6.00 61.00 67.00 NOTE
r-patched-linux-x86_64 2.0-14 2.05 31.76 33.82 NOTE
r-patched-solaris-sparc 2.0-14 375.20 NOTE
r-patched-solaris-x86 2.0-14 78.80 NOTE
r-release-linux-x86_64 2.0-14 1.72 31.16 32.88 NOTE
r-release-osx-x86_64-mavericks 2.0-14 NOTE
r-release-windows-ix86+x86_64 2.0-14 11.00 83.00 94.00 NOTE
r-oldrel-windows-ix86+x86_64 2.0-14 7.00 56.00 63.00 NOTE

Check Details

Version: 2.0-14
Check: installed package size
Result: NOTE
     installed size is 9.7Mb
     sub-directories of 1Mb or more:
     extra 9.4Mb
Flavors: r-devel-linux-x86_64-debian-gcc, r-devel-linux-x86_64-fedora-clang, r-devel-linux-x86_64-fedora-gcc, r-devel-osx-x86_64-clang, r-devel-windows-ix86+x86_64, r-patched-linux-x86_64, r-patched-solaris-sparc, r-patched-solaris-x86, r-release-linux-x86_64, r-release-osx-x86_64-mavericks, r-release-windows-ix86+x86_64, r-oldrel-windows-ix86+x86_64

Version: 2.0-14
Check: package dependencies
Result: NOTE
    Package suggested but not available for checking: ‘rggobi’
Flavors: r-devel-osx-x86_64-clang, r-patched-solaris-x86, r-release-osx-x86_64-mavericks

Version: 2.0-14
Check: package dependencies
Result: NOTE
    Packages suggested but not available for checking:
     ‘hyperdraw’ ‘hypergraph’ ‘rggobi’
Flavor: r-patched-solaris-sparc

Version: 2.0-14
Check: dependencies in R code
Result: NOTE
    Invalid MIT-MAGIC-COOKIE-1 key
    (R:76308): Gtk-WARNING **: gtk_disable_setlocale() must be called before gtk_init()
    Invalid MIT-MAGIC-COOKIE-1 keyInvalid MIT-MAGIC-COOKIE-1 keyInvalid MIT-MAGIC-COOKIE-1 key
Flavor: r-release-osx-x86_64-mavericks