CRAN Package Check Results for Package RGraphics

Last updated on 2017-09-25 14:47:29.

Flavor Version Tinstall Tcheck Ttotal Status Flags
r-devel-linux-x86_64-debian-clang 2.0-14 2.48 35.56 38.04 NOTE
r-devel-linux-x86_64-debian-gcc 2.0-14 2.14 35.52 37.66 NOTE
r-devel-linux-x86_64-fedora-clang 2.0-14 67.16 NOTE
r-devel-linux-x86_64-fedora-gcc 2.0-14 65.78 NOTE
r-devel-windows-ix86+x86_64 2.0-14 7.00 61.00 68.00 NOTE
r-patched-linux-x86_64 2.0-14 2.08 36.65 38.73 NOTE
r-patched-solaris-x86 2.0-14 90.30 NOTE
r-release-linux-x86_64 2.0-14 2.24 36.91 39.15 NOTE
r-release-windows-ix86+x86_64 2.0-14 7.00 60.00 67.00 NOTE
r-release-osx-x86_64 2.0-14 NOTE
r-oldrel-windows-ix86+x86_64 2.0-14 8.00 64.00 72.00 NOTE
r-oldrel-osx-x86_64 2.0-14 NOTE

Check Details

Version: 2.0-14
Check: package dependencies
Result: NOTE
    Package suggested but not available for checking: ‘pmg’
Flavors: r-devel-linux-x86_64-debian-clang, r-devel-linux-x86_64-debian-gcc, r-devel-linux-x86_64-fedora-clang, r-devel-linux-x86_64-fedora-gcc, r-patched-linux-x86_64, r-release-linux-x86_64

Version: 2.0-14
Check: installed package size
Result: NOTE
     installed size is 9.7Mb
     sub-directories of 1Mb or more:
     extra 9.4Mb
Flavors: r-devel-linux-x86_64-fedora-clang, r-devel-linux-x86_64-fedora-gcc, r-devel-windows-ix86+x86_64, r-patched-solaris-x86, r-release-windows-ix86+x86_64, r-release-osx-x86_64, r-oldrel-windows-ix86+x86_64, r-oldrel-osx-x86_64

Version: 2.0-14
Check: package dependencies
Result: NOTE
    Packages suggested but not available for checking: ‘pmg’ ‘rggobi’
Flavor: r-patched-solaris-x86

Version: 2.0-14
Check: package dependencies
Result: NOTE
    Packages suggested but not available for checking:
     ‘graph’ ‘gWidgetsRGtk2’ ‘hyperdraw’ ‘hypergraph’ ‘playwith’ ‘pmg’
     ‘rgdal’ ‘rggobi’ ‘Rgraphviz’ ‘SVGAnnotation’
Flavor: r-release-osx-x86_64

Version: 2.0-14
Check: package dependencies
Result: NOTE
    Package suggested but not available for checking: ‘rggobi’
Flavor: r-oldrel-osx-x86_64

Version: 2.0-14
Check: dependencies in R code
Result: NOTE
    Invalid MIT-MAGIC-COOKIE-1 key
    (R:76308): Gtk-WARNING **: gtk_disable_setlocale() must be called before gtk_init()
    Invalid MIT-MAGIC-COOKIE-1 keyInvalid MIT-MAGIC-COOKIE-1 keyInvalid MIT-MAGIC-COOKIE-1 key
Flavor: r-oldrel-osx-x86_64