CRAN Package Check Results for Package RGraphics

Last updated on 2014-10-23 05:46:50.

Flavor Version Tinstall Tcheck Ttotal Status Flags
r-devel-linux-x86_64-debian-clang 2.0-12 2.56 42.31 44.87 NOTE
r-devel-linux-x86_64-debian-gcc 2.0-12 2.36 42.26 44.62 NOTE
r-devel-linux-x86_64-fedora-clang 2.0-12 96.83 NOTE
r-devel-linux-x86_64-fedora-gcc 2.0-12 89.21 NOTE
r-devel-osx-x86_64-clang 2.0-12 82.76 NOTE
r-devel-windows-ix86+x86_64 2.0-12 8.00 62.00 70.00 NOTE
r-patched-linux-x86_64 2.0-12 3.52 43.06 46.58 NOTE
r-patched-solaris-sparc 2.0-12 651.60 NOTE
r-patched-solaris-x86 2.0-12 120.30 NOTE
r-release-linux-ix86 2.0-12 3.81 75.40 79.21 NOTE
r-release-linux-x86_64 2.0-12 2.60 60.10 62.70 NOTE
r-release-osx-x86_64-mavericks 2.0-12 NOTE
r-release-osx-x86_64-snowleopard 2.0-12 NOTE
r-release-windows-ix86+x86_64 2.0-12 8.00 95.00 103.00 NOTE
r-oldrel-windows-ix86+x86_64 2.0-12 8.00 92.00 100.00 NOTE

Check Details

Version: 2.0-12
Check: installed package size
Result: NOTE
     installed size is 9.7Mb
     sub-directories of 1Mb or more:
     extra 9.4Mb
Flavors: r-devel-linux-x86_64-debian-clang, r-devel-linux-x86_64-debian-gcc, r-devel-linux-x86_64-fedora-clang, r-devel-linux-x86_64-fedora-gcc, r-devel-osx-x86_64-clang, r-devel-windows-ix86+x86_64, r-patched-linux-x86_64, r-patched-solaris-sparc, r-patched-solaris-x86, r-release-linux-ix86, r-release-linux-x86_64, r-release-osx-x86_64-mavericks, r-release-osx-x86_64-snowleopard, r-release-windows-ix86+x86_64, r-oldrel-windows-ix86+x86_64

Version: 2.0-12
Check: package dependencies
Result: NOTE
    Packages suggested but not available for checking:
     ‘hyperdraw’ ‘hypergraph’ ‘rggobi’
Flavor: r-patched-solaris-sparc

Version: 2.0-12
Check: package dependencies
Result: NOTE
    Package suggested but not available for checking: ‘rggobi’
Flavor: r-patched-solaris-x86

Version: 2.0-12
Check: package dependencies
Result: NOTE
    Package suggested but not available for checking: ‘Rcmdr’
Flavor: r-release-linux-ix86

Version: 2.0-12
Check: dependencies in R code
Result: NOTE
    Missing or unexported objects:
     ‘RGraphics::fluoro.predict’ ‘RGraphics::hourlySpeed’
     ‘RGraphics::ozTemp’ ‘RGraphics::wind9am’ ‘RGraphics::xmm’
     ‘ggplot2::mpg’ ‘lattice::barley’
    See the information on DESCRIPTION files in the chapter ‘Creating R
    packages’ of the ‘Writing R Extensions’ manual.
Flavors: r-release-linux-ix86, r-release-linux-x86_64, r-release-windows-ix86+x86_64, r-oldrel-windows-ix86+x86_64

Version: 2.0-12
Check: package dependencies
Result: NOTE
    Packages suggested but not available for checking:
     ‘gWidgetsRGtk2’ ‘hyperdraw’ ‘hypergraph’ ‘playwith’ ‘pmg’ ‘rgdal’
     ‘rggobi’ ‘SVGAnnotation’
Flavor: r-release-osx-x86_64-mavericks

Version: 2.0-12
Check: package dependencies
Result: NOTE
    Packages suggested but not available for checking:
     ‘hyperdraw’ ‘hypergraph’ ‘rggobi’ ‘SVGAnnotation’
Flavor: r-release-osx-x86_64-snowleopard