CRAN Package Check Results for Package RGraphics

Last updated on 2018-04-22 00:47:06 CEST.

Flavor Version Tinstall Tcheck Ttotal Status Flags
r-devel-linux-x86_64-debian-clang 2.0-14 9.16 55.53 64.69 NOTE
r-devel-linux-x86_64-debian-gcc 2.0-14 7.52 43.79 51.31 NOTE
r-devel-linux-x86_64-fedora-clang 2.0-14 77.61 NOTE
r-devel-linux-x86_64-fedora-gcc 2.0-14 75.38 NOTE
r-devel-windows-ix86+x86_64 2.0-14 21.00 89.00 110.00 NOTE
r-devel-osx-x86_64 2.0-14 NOTE
r-patched-linux-x86_64 2.0-14 8.60 55.36 63.96 NOTE
r-patched-solaris-x86 2.0-14 108.30 NOTE
r-release-linux-x86_64 2.0-14 2.36 59.14 61.50 NOTE
r-release-windows-ix86+x86_64 2.0-14 6.00 63.00 69.00 NOTE
r-release-osx-x86_64 2.0-14 NOTE
r-oldrel-windows-ix86+x86_64 2.0-14 9.00 77.00 86.00 NOTE

Check Details

Version: 2.0-14
Check: package dependencies
Result: NOTE
    Package suggested but not available for checking: ‘pmg’
Flavors: r-devel-linux-x86_64-debian-clang, r-devel-linux-x86_64-debian-gcc, r-devel-linux-x86_64-fedora-clang, r-devel-linux-x86_64-fedora-gcc, r-patched-linux-x86_64, r-release-linux-x86_64

Version: 2.0-14
Check: dependencies in R code
Result: NOTE
    Rjava.init.warning: stack size reduced from unlimited to 7953613 bytes after JVM initialization.
Flavors: r-devel-linux-x86_64-debian-clang, r-devel-linux-x86_64-debian-gcc, r-patched-linux-x86_64

Version: 2.0-14
Check: installed package size
Result: NOTE
     installed size is 9.9Mb
     sub-directories of 1Mb or more:
     extra 9.4Mb
Flavors: r-devel-linux-x86_64-fedora-clang, r-devel-linux-x86_64-fedora-gcc, r-devel-windows-ix86+x86_64, r-devel-osx-x86_64, r-patched-solaris-x86, r-release-windows-ix86+x86_64, r-release-osx-x86_64, r-oldrel-windows-ix86+x86_64

Version: 2.0-14
Check: dependencies in R code
Result: NOTE
    Rjava.init.warning: stack size reduced from unlimited to 7957504 bytes after JVM initialization.
Flavors: r-devel-linux-x86_64-fedora-clang, r-devel-linux-x86_64-fedora-gcc

Version: 2.0-14
Check: package dependencies
Result: NOTE
    Packages suggested but not available for checking: 'pmg' 'SVGAnnotation'
Flavor: r-devel-windows-ix86+x86_64

Version: 2.0-14
Check: package dependencies
Result: NOTE
    Packages suggested but not available for checking:
     ‘gWidgetsRGtk2’ ‘hyperdraw’ ‘hypergraph’ ‘playwith’ ‘pmg’ ‘rggobi’
     ‘SVGAnnotation’
Flavor: r-devel-osx-x86_64

Version: 2.0-14
Check: package dependencies
Result: NOTE
    Packages suggested but not available for checking: ‘pmg’ ‘rggobi’
Flavor: r-patched-solaris-x86

Version: 2.0-14
Check: dependencies in R code
Result: NOTE
    Rjava.init.warning: stack size reduced from unlimited to 7939812 bytes after JVM initialization.
Flavor: r-release-linux-x86_64

Version: 2.0-14
Check: package dependencies
Result: NOTE
    Packages suggested but not available for checking:
     ‘graph’ ‘gWidgetsRGtk2’ ‘hyperdraw’ ‘hypergraph’ ‘playwith’ ‘pmg’
     ‘rgdal’ ‘rggobi’ ‘Rgraphviz’ ‘SVGAnnotation’
Flavor: r-release-osx-x86_64