CRAN Package Check Results for Package RGraphics

Last updated on 2018-06-19 09:48:06 CEST.

Flavor Version Tinstall Tcheck Ttotal Status Flags
r-devel-linux-x86_64-debian-clang 2.0-14 8.26 56.49 64.75 NOTE
r-devel-linux-x86_64-debian-gcc 2.0-14 6.99 48.28 55.27 NOTE
r-devel-linux-x86_64-fedora-clang 2.0-14 81.91 NOTE
r-devel-linux-x86_64-fedora-gcc 2.0-14 78.15 NOTE
r-devel-windows-ix86+x86_64 2.0-14 18.00 109.00 127.00 NOTE
r-patched-linux-x86_64 2.0-14 7.14 57.79 64.93 NOTE
r-patched-solaris-x86 2.0-14 104.50 NOTE
r-release-linux-x86_64 2.0-14 7.83 57.94 65.77 NOTE
r-release-windows-ix86+x86_64 2.0-14 15.00 69.00 84.00 NOTE
r-release-osx-x86_64 2.0-14 NOTE
r-oldrel-windows-ix86+x86_64 2.0-14 7.00 61.00 68.00 NOTE
r-oldrel-osx-x86_64 2.0-14 NOTE

Check Details

Version: 2.0-14
Check: package dependencies
Result: NOTE
    Package suggested but not available for checking: ‘pmg’
Flavors: r-devel-linux-x86_64-debian-clang, r-devel-linux-x86_64-debian-gcc, r-devel-linux-x86_64-fedora-clang, r-devel-linux-x86_64-fedora-gcc, r-patched-linux-x86_64, r-release-linux-x86_64

Version: 2.0-14
Check: dependencies in R code
Result: NOTE
    Rjava.init.warning: stack size reduced from unlimited to 7953613 bytes after JVM initialization.
Flavors: r-devel-linux-x86_64-debian-clang, r-devel-linux-x86_64-debian-gcc, r-patched-linux-x86_64, r-release-linux-x86_64

Version: 2.0-14
Check: installed package size
Result: NOTE
     installed size is 9.9Mb
     sub-directories of 1Mb or more:
     extra 9.4Mb
Flavors: r-devel-linux-x86_64-fedora-clang, r-devel-windows-ix86+x86_64, r-patched-solaris-x86, r-release-windows-ix86+x86_64, r-release-osx-x86_64, r-oldrel-windows-ix86+x86_64, r-oldrel-osx-x86_64

Version: 2.0-14
Check: dependencies in R code
Result: NOTE
    Rjava.init.warning: stack size reduced from unlimited to 7957504 bytes after JVM initialization.
Flavors: r-devel-linux-x86_64-fedora-clang, r-devel-linux-x86_64-fedora-gcc

Version: 2.0-14
Check: package dependencies
Result: NOTE
    Packages suggested but not available for checking: 'pmg' 'SVGAnnotation'
Flavors: r-devel-windows-ix86+x86_64, r-release-windows-ix86+x86_64

Version: 2.0-14
Check: package dependencies
Result: NOTE
    Packages suggested but not available for checking: ‘pmg’ ‘rggobi’
Flavor: r-patched-solaris-x86

Version: 2.0-14
Check: package dependencies
Result: NOTE
    Packages suggested but not available for checking:
     ‘gWidgetsRGtk2’ ‘hyperdraw’ ‘hypergraph’ ‘playwith’ ‘pmg’ ‘rggobi’
     ‘SVGAnnotation’
Flavor: r-release-osx-x86_64

Version: 2.0-14
Check: package dependencies
Result: NOTE
    Packages suggested but not available for checking:
     ‘graph’ ‘gWidgetsRGtk2’ ‘hyperdraw’ ‘hypergraph’ ‘playwith’ ‘pmg’
     ‘rgdal’ ‘rggobi’ ‘Rgraphviz’ ‘SVGAnnotation’
Flavor: r-oldrel-osx-x86_64