CRAN Package Check Results for Package RGraphics

Last updated on 2016-02-12 21:47:44.

Flavor Version Tinstall Tcheck Ttotal Status Flags
r-devel-linux-x86_64-debian-gcc 2.0-13 1.83 31.43 33.26 NOTE
r-devel-linux-x86_64-fedora-clang 2.0-13 60.94 NOTE
r-devel-linux-x86_64-fedora-gcc 2.0-13 57.42 NOTE
r-devel-osx-x86_64-clang 2.0-13 68.18 NOTE
r-devel-windows-ix86+x86_64 2.0-13 8.00 47.00 55.00 NOTE
r-patched-linux-x86_64 2.0-13 1.92 32.95 34.87 NOTE
r-patched-solaris-sparc 2.0-13 386.10 NOTE
r-patched-solaris-x86 2.0-13 82.10 NOTE
r-release-linux-x86_64 2.0-13 2.02 34.24 36.26 NOTE
r-release-osx-x86_64-mavericks 2.0-13 NOTE
r-release-windows-ix86+x86_64 2.0-13 9.00 49.00 58.00 NOTE
r-oldrel-windows-ix86+x86_64 2.0-13 14.00 69.00 83.00 NOTE

Check Details

Version: 2.0-13
Check: installed package size
Result: NOTE
     installed size is 9.7Mb
     sub-directories of 1Mb or more:
     extra 9.4Mb
Flavors: r-devel-linux-x86_64-debian-gcc, r-devel-linux-x86_64-fedora-clang, r-devel-linux-x86_64-fedora-gcc, r-devel-osx-x86_64-clang, r-devel-windows-ix86+x86_64, r-patched-linux-x86_64, r-patched-solaris-sparc, r-patched-solaris-x86, r-release-linux-x86_64, r-release-osx-x86_64-mavericks, r-release-windows-ix86+x86_64, r-oldrel-windows-ix86+x86_64

Version: 2.0-13
Check: package dependencies
Result: NOTE
    Package suggested but not available for checking: ‘rggobi’
Flavors: r-devel-osx-x86_64-clang, r-patched-solaris-x86

Version: 2.0-13
Check: package dependencies
Result: NOTE
    Packages suggested but not available for checking:
     ‘hyperdraw’ ‘hypergraph’ ‘rggobi’
Flavor: r-patched-solaris-sparc

Version: 2.0-13
Check: package dependencies
Result: NOTE
    Packages suggested but not available for checking:
     ‘hyperdraw’ ‘hypergraph’ ‘rggobi’ ‘SVGAnnotation’
Flavor: r-release-osx-x86_64-mavericks

Version: 2.0-13
Check: dependencies in R code
Result: NOTE
    
    (R:73018): Gtk-WARNING **: gtk_disable_setlocale() must be called before gtk_init()
Flavor: r-release-osx-x86_64-mavericks