CRAN Package Check Results for Package RGraphics

Last updated on 2015-04-27 17:48:29.

Flavor Version Tinstall Tcheck Ttotal Status Flags
r-devel-linux-x86_64-debian-clang 2.0-12 1.98 34.65 36.62 NOTE
r-devel-linux-x86_64-debian-gcc 2.0-12 1.85 34.48 36.33 NOTE
r-devel-linux-x86_64-fedora-clang 2.0-12 70.01 NOTE
r-devel-linux-x86_64-fedora-gcc 2.0-12 65.01 NOTE
r-devel-osx-x86_64-clang 2.0-12 63.11 NOTE
r-devel-windows-ix86+x86_64 2.0-12 7.00 50.00 57.00 NOTE
r-patched-linux-x86_64 2.0-12 2.17 34.35 36.52 NOTE
r-patched-solaris-sparc 2.0-12 429.20 NOTE
r-patched-solaris-x86 2.0-12 90.00 NOTE
r-release-linux-x86_64 2.0-12 1.83 33.72 35.55 NOTE
r-release-osx-x86_64-mavericks 2.0-12 NOTE
r-release-osx-x86_64-snowleopard 2.0-12 ERROR
r-release-windows-ix86+x86_64 2.0-12 10.00 65.00 75.00 NOTE
r-oldrel-windows-ix86+x86_64 2.0-12 7.00 64.00 71.00 NOTE

Check Details

Version: 2.0-12
Check: installed package size
Result: NOTE
     installed size is 9.7Mb
     sub-directories of 1Mb or more:
     extra 9.4Mb
Flavors: r-devel-linux-x86_64-debian-clang, r-devel-linux-x86_64-debian-gcc, r-devel-linux-x86_64-fedora-clang, r-devel-linux-x86_64-fedora-gcc, r-devel-osx-x86_64-clang, r-devel-windows-ix86+x86_64, r-patched-solaris-sparc, r-patched-solaris-x86, r-release-linux-x86_64, r-release-osx-x86_64-mavericks, r-release-windows-ix86+x86_64, r-oldrel-windows-ix86+x86_64

Version: 2.0-12
Check: dependencies in R code
Result: NOTE
    'library' or 'require' calls in package code:
     ‘Hmisc’ ‘MASS’ ‘Rcmdr’ ‘Rgraphviz’ ‘SVGAnnotation’ ‘TeachingDemos’
     ‘agricolae’ ‘animation’ ‘circular’ ‘cluster’ ‘colorspace’ ‘diagram’
     ‘gWidgetsRGtk2’ ‘gplots’ ‘grImport’ ‘graph’ ‘gridBase’ ‘gridExtra’
     ‘hexbin’ ‘hyperdraw’ ‘hypergraph’ ‘igraph’ ‘iplots’ ‘ipred’
     ‘latticeExtra’ ‘mapdata’ ‘maps’ ‘maptools’ ‘misc3d’ ‘network’
     ‘openair’ ‘oz’ ‘party’ ‘pixmap’ ‘playwith’ ‘plotrix’ ‘pmg’ ‘png’
     ‘quantmod’ ‘raster’ ‘rgdal’ ‘rggobi’ ‘rgl’ ‘scatterplot3d’
     ‘soiltexture’ ‘symbols’ ‘vcd’ ‘vcdExtra’ ‘venneuler’ ‘vrmlgen’
     Please use :: or requireNamespace() instead.
     See section 'Suggested packages' in the 'Writing R Extensions' manual.
Flavors: r-devel-linux-x86_64-debian-clang, r-devel-linux-x86_64-debian-gcc, r-devel-linux-x86_64-fedora-clang, r-devel-linux-x86_64-fedora-gcc, r-devel-osx-x86_64-clang, r-devel-windows-ix86+x86_64, r-patched-solaris-sparc, r-patched-solaris-x86, r-release-linux-x86_64, r-release-osx-x86_64-mavericks, r-release-windows-ix86+x86_64, r-oldrel-windows-ix86+x86_64

Version: 2.0-12
Check: S3 generic/method consistency
Result: NOTE
    Found the following apparent S3 methods exported but not registered:
     plot.newclass
    See section ‘Registering S3 methods’ in the ‘Writing R Extensions’
    manual.
Flavors: r-devel-linux-x86_64-debian-clang, r-devel-linux-x86_64-debian-gcc, r-devel-linux-x86_64-fedora-clang, r-devel-linux-x86_64-fedora-gcc, r-devel-osx-x86_64-clang, r-patched-solaris-x86, r-release-linux-x86_64

Version: 2.0-12
Check: package dependencies
Result: NOTE
    Packages suggested but not available for checking:
     ‘hyperdraw’ ‘hypergraph’ ‘rggobi’
Flavor: r-patched-solaris-sparc

Version: 2.0-12
Check: package dependencies
Result: NOTE
    Package suggested but not available for checking: ‘rggobi’
Flavor: r-patched-solaris-x86

Version: 2.0-12
Check: package dependencies
Result: NOTE
    Packages suggested but not available for checking:
     ‘gWidgetsRGtk2’ ‘Hmisc’ ‘hyperdraw’ ‘hypergraph’ ‘latticeExtra’
     ‘openair’ ‘playwith’ ‘pmg’ ‘Rcmdr’ ‘rgdal’ ‘rggobi’ ‘SVGAnnotation’
     ‘vcdExtra’
Flavor: r-release-osx-x86_64-mavericks

Version: 2.0-12
Check: package dependencies
Result: ERROR
    Package required but not available: ‘ggplot2’
    
    Packages suggested but not available for checking:
     ‘graph’ ‘gridExtra’ ‘gridSVG’ ‘grImport’ ‘Hmisc’ ‘hyperdraw’
     ‘hypergraph’ ‘igraph’ ‘latticeExtra’ ‘munsell’ ‘openair’ ‘party’
     ‘quantmod’ ‘raster’ ‘Rcmdr’ ‘rggobi’ ‘RGraphics’ ‘Rgraphviz’
     ‘SVGAnnotation’ ‘vcdExtra’ ‘XML’
    
    See section ‘The DESCRIPTION file’ in the ‘Writing R Extensions’
    manual.
Flavor: r-release-osx-x86_64-snowleopard