CRAN Package Check Results for Package RGraphics

Last updated on 2014-07-23 09:49:55.

Flavor Version Tinstall Tcheck Ttotal Status Flags
r-devel-linux-x86_64-debian-clang 2.0-9 2.63 52.93 55.56 NOTE
r-devel-linux-x86_64-debian-gcc 2.0-9 2.32 51.80 54.12 NOTE
r-devel-linux-x86_64-fedora-clang 2.0-9 122.57 NOTE
r-devel-linux-x86_64-fedora-gcc 2.0-9 118.37 NOTE
r-devel-osx-x86_64-clang 2.0-9 100.89 NOTE
r-devel-windows-ix86+x86_64 2.0-9 8.00 84.00 92.00 NOTE
r-patched-linux-x86_64 2.0-9 2.43 53.48 55.91 NOTE
r-patched-solaris-sparc 2.0-9 613.20 NOTE
r-patched-solaris-x86 2.0-9 148.70 NOTE
r-release-linux-ix86 2.0-9 3.27 69.64 72.91 NOTE
r-release-linux-x86_64 2.0-9 2.65 57.03 59.68 NOTE
r-release-osx-x86_64-mavericks 2.0-9 NOTE
r-release-osx-x86_64-snowleopard 2.0-9 NOTE
r-release-windows-ix86+x86_64 2.0-9 9.00 84.00 93.00 NOTE
r-oldrel-windows-ix86+x86_64 2.0-9 9.00 77.00 86.00 NOTE

Check Details

Version: 2.0-9
Check: installed package size
Result: NOTE
     installed size is 9.6Mb
     sub-directories of 1Mb or more:
     extra 9.3Mb
Flavors: r-devel-linux-x86_64-debian-clang, r-devel-linux-x86_64-debian-gcc, r-devel-linux-x86_64-fedora-clang, r-devel-linux-x86_64-fedora-gcc, r-devel-osx-x86_64-clang, r-devel-windows-ix86+x86_64, r-patched-linux-x86_64, r-patched-solaris-sparc, r-patched-solaris-x86, r-release-linux-ix86, r-release-linux-x86_64, r-release-osx-x86_64-mavericks, r-release-osx-x86_64-snowleopard, r-release-windows-ix86+x86_64, r-oldrel-windows-ix86+x86_64

Version: 2.0-9
Check: package dependencies
Result: NOTE
    Packages suggested but not available for checking:
     ‘hyperdraw’ ‘hypergraph’ ‘rggobi’ ‘SVGAnnotation’
Flavors: r-patched-solaris-sparc, r-patched-solaris-x86, r-release-osx-x86_64-snowleopard

Version: 2.0-9
Check: R code for possible problems
Result: NOTE
    figure15.7: no visible global function definition for
     ‘DirectedHyperedge’
    figure15.7: no visible global function definition for ‘Hypergraph’
    figure15.7: no visible global function definition for ‘graphBPH’
    figure17.16: no visible global function definition for ‘svgPlot’
    figure17.16: no visible global function definition for ‘linkPlots’
    figure17.5: no visible global function definition for ‘ggobi’
    figure17.7: no visible global function definition for ‘ggobi’
Flavors: r-patched-solaris-sparc, r-patched-solaris-x86, r-release-osx-x86_64-snowleopard

Version: 2.0-9
Check: package dependencies
Result: NOTE
    Packages suggested but not available for checking:
     ‘graph’ ‘gWidgetsRGtk2’ ‘hyperdraw’ ‘hypergraph’ ‘playwith’ ‘pmg’
     ‘rgdal’ ‘rggobi’ ‘Rgraphviz’ ‘SVGAnnotation’
Flavor: r-release-osx-x86_64-mavericks

Version: 2.0-9
Check: R code for possible problems
Result: NOTE
    faceD: no visible binding for global variable ‘size’
    figure1.14: no visible global function definition for ‘subGraph’
    figure1.14: no visible global function definition for ‘agopen’
    figure1.14: no visible global function definition for
     ‘nodeDataDefaults<-’
    figure1.14: no visible global function definition for ‘nodeData<-’
    figure1.14: no visible global function definition for ‘clusterData<-’
    figure1.14: no visible global function definition for ‘edgeData<-’
    figure1.14: no visible global function definition for ‘toFile’
    figure15.1: no visible global function definition for ‘agopen’
    figure15.3: no visible global function definition for ‘agopen’
    figure15.5 : grDraw: no visible global function definition for ‘agopen’
    figure15.5 : grDraw: no visible global function definition for
     ‘getNodeXY’
    figure15.6: no visible global function definition for ‘toFile’
    figure15.6: no visible global function definition for ‘agopen’
    figure15.7: no visible global function definition for
     ‘DirectedHyperedge’
    figure15.7: no visible global function definition for ‘Hypergraph’
    figure15.7: no visible global function definition for ‘graphBPH’
    figure17.13: no visible global function definition for ‘playwith’
    figure17.13: no visible global function definition for ‘playDevCur’
    figure17.15: no visible global function definition for ‘gwindow’
    figure17.15: no visible global function definition for ‘ggroup’
    figure17.15: no visible global function definition for ‘ggraphics’
    figure17.15: no visible global function definition for ‘glabel’
    figure17.15 : randomizeTime: no visible global function definition for
     ‘visible<-’
    figure17.15 : randomizeTime: no visible global function definition for
     ‘svalue<-’
    figure17.15: no visible global function definition for ‘gbutton’
    figure17.15 : <anonymous>: no visible global function definition for
     ‘visible<-’
    figure17.15: no visible global function definition for ‘add’
    figure17.16: no visible global function definition for ‘svgPlot’
    figure17.16: no visible global function definition for ‘linkPlots’
    figure17.5: no visible global function definition for ‘ggobi’
    figure17.7: no visible global function definition for ‘ggobi’
Flavor: r-release-osx-x86_64-mavericks