CRAN Package Check Results for Package RGraphics

Last updated on 2014-04-25 05:47:23.

Flavor Version Tinstall Tcheck Ttotal Status Flags
r-devel-linux-x86_64-debian-clang 2.0-7 2.62 57.24 59.86 NOTE
r-devel-linux-x86_64-debian-gcc 2.0-7 2.77 56.07 58.84 NOTE
r-devel-linux-x86_64-fedora-clang 2.0-7 123.92 NOTE
r-devel-linux-x86_64-fedora-gcc 2.0-7 116.09 NOTE
r-devel-osx-x86_64-clang 2.0-7 115.96 NOTE
r-devel-osx-x86_64-gcc 2.0-7 ERROR
r-devel-windows-ix86+x86_64 2.0-7 7.00 81.00 88.00 NOTE
r-patched-linux-x86_64 2.0-7 2.60 57.24 59.84 NOTE
r-patched-solaris-sparc 2.0-7 670.90 NOTE
r-patched-solaris-x86 2.0-7 159.00 NOTE
r-release-linux-ix86 2.0-7 5.00 96.00 101.00 NOTE
r-release-linux-x86_64 2.0-7 2.62 57.94 60.56 NOTE
r-release-osx-x86_64-mavericks 2.0-7 WARN
r-release-osx-x86_64-snowleopard 2.0-7 NOTE
r-release-windows-ix86+x86_64 2.0-7 9.00 93.00 102.00 NOTE
r-oldrel-windows-ix86+x86_64 2.0-7 9.00 86.00 95.00 NOTE

Check Details

Version: 2.0-7
Check: installed package size
Result: NOTE
     installed size is 9.6Mb
     sub-directories of 1Mb or more:
     extra 9.3Mb
Flavors: r-devel-linux-x86_64-debian-clang, r-devel-linux-x86_64-debian-gcc, r-devel-linux-x86_64-fedora-clang, r-devel-linux-x86_64-fedora-gcc, r-devel-osx-x86_64-clang, r-devel-windows-ix86+x86_64, r-patched-linux-x86_64, r-patched-solaris-sparc, r-patched-solaris-x86, r-release-linux-ix86, r-release-linux-x86_64, r-release-osx-x86_64-mavericks, r-release-osx-x86_64-snowleopard, r-release-windows-ix86+x86_64, r-oldrel-windows-ix86+x86_64

Version: 2.0-7
Check: R code for possible problems
Result: NOTE
    figure15.7: no visible global function definition for
     ‘DirectedHyperedge’
    figure15.7: no visible global function definition for ‘Hypergraph’
Flavors: r-devel-linux-x86_64-debian-clang, r-devel-linux-x86_64-debian-gcc, r-devel-linux-x86_64-fedora-clang, r-devel-linux-x86_64-fedora-gcc, r-devel-osx-x86_64-clang, r-devel-windows-ix86+x86_64, r-patched-linux-x86_64, r-release-linux-ix86, r-release-linux-x86_64, r-release-windows-ix86+x86_64

Version: 2.0-7
Check: package dependencies
Result: ERROR
    Package required but not available: ‘ggplot2’
    
    Packages suggested but not available for checking:
     ‘agricolae’ ‘graph’ ‘gridExtra’ ‘gridSVG’ ‘grImport’ ‘Hmisc’
     ‘hyperdraw’ ‘igraph’ ‘latticeExtra’ ‘latticist’ ‘maptools’ ‘munsell’
     ‘openair’ ‘party’ ‘quantmod’ ‘raster’ ‘Rcmdr’ ‘rggobi’ ‘RGraphics’
     ‘Rgraphviz’ ‘SVGAnnotation’ ‘vcdExtra’
    
    See the information on DESCRIPTION files in the chapter ‘Creating R
    packages’ of the ‘Writing R Extensions’ manual.
Flavor: r-devel-osx-x86_64-gcc

Version: 2.0-7
Check: package dependencies
Result: NOTE
    Packages suggested but not available for checking:
     ‘hyperdraw’ ‘rggobi’ ‘SVGAnnotation’
Flavors: r-patched-solaris-sparc, r-patched-solaris-x86

Version: 2.0-7
Check: R code for possible problems
Result: NOTE
    figure15.7: no visible global function definition for
     ‘DirectedHyperedge’
    figure15.7: no visible global function definition for ‘Hypergraph’
    figure15.7: no visible global function definition for ‘graphBPH’
    figure17.16: no visible global function definition for ‘svgPlot’
    figure17.16: no visible global function definition for ‘linkPlots’
    figure17.5: no visible global function definition for ‘ggobi’
    figure17.7: no visible global function definition for ‘ggobi’
Flavors: r-patched-solaris-sparc, r-patched-solaris-x86

Version: 2.0-7
Check: package dependencies
Result: NOTE
    Packages suggested but not available for checking:
     ‘graph’ ‘gridSVG’ ‘gWidgetsRGtk2’ ‘hyperdraw’ ‘ipred’ ‘maptools’
     ‘party’ ‘playwith’ ‘pmg’ ‘rgdal’ ‘rggobi’ ‘RGraphics’ ‘Rgraphviz’
     ‘SVGAnnotation’ ‘vcdExtra’
Flavor: r-release-osx-x86_64-mavericks

Version: 2.0-7
Check: R code for possible problems
Result: NOTE
    faceD: no visible binding for global variable ‘size’
    figure1.14: no visible global function definition for ‘subGraph’
    figure1.14: no visible global function definition for ‘agopen’
    figure1.14: no visible global function definition for
     ‘nodeDataDefaults<-’
    figure1.14: no visible global function definition for ‘nodeData<-’
    figure1.14: no visible global function definition for ‘clusterData<-’
    figure1.14: no visible global function definition for ‘edgeData<-’
    figure1.14: no visible global function definition for ‘toFile’
    figure1.9: no visible global function definition for ‘ctree’
    figure11.5: no visible global function definition for ‘pointLabel’
    figure13.8: no visible global function definition for ‘mosaic3d’
    figure14.1: no visible global function definition for
     ‘readShapeSpatial’
    figure14.10: no visible global function definition for
     ‘readShapeSpatial’
    figure14.11: no visible global function definition for
     ‘readShapeSpatial’
    figure14.3: no visible global function definition for
     ‘readShapeSpatial’
    figure14.4: no visible global function definition for
     ‘readShapeSpatial’
    figure14.5: no visible global function definition for
     ‘readShapeSpatial’
    figure14.6: no visible global function definition for
     ‘readShapeSpatial’
    figure14.7: no visible global function definition for
     ‘readShapeSpatial’
    figure14.8: no visible global function definition for
     ‘readShapeSpatial’
    figure14.9: no visible global function definition for
     ‘readShapeSpatial’
    figure15.1: no visible global function definition for ‘agopen’
    figure15.3: no visible global function definition for ‘agopen’
    figure15.5 : grDraw: no visible global function definition for ‘agopen’
    figure15.5 : grDraw: no visible global function definition for
     ‘getNodeXY’
    figure15.6: no visible global function definition for ‘toFile’
    figure15.6: no visible global function definition for ‘agopen’
    figure15.7: no visible global function definition for
     ‘DirectedHyperedge’
    figure15.7: no visible global function definition for ‘Hypergraph’
    figure15.7: no visible global function definition for ‘graphBPH’
    figure17.13: no visible global function definition for ‘playwith’
    figure17.13: no visible global function definition for ‘playDevCur’
    figure17.15: no visible global function definition for ‘gwindow’
    figure17.15: no visible global function definition for ‘ggroup’
    figure17.15: no visible global function definition for ‘ggraphics’
    figure17.15: no visible global function definition for ‘glabel’
    figure17.15 : randomizeTime: no visible global function definition for
     ‘visible<-’
    figure17.15 : randomizeTime: no visible global function definition for
     ‘svalue<-’
    figure17.15: no visible global function definition for ‘gbutton’
    figure17.15 : <anonymous>: no visible global function definition for
     ‘visible<-’
    figure17.15: no visible global function definition for ‘add’
    figure17.16: no visible global function definition for ‘svgPlot’
    figure17.16: no visible global function definition for ‘linkPlots’
    figure17.5: no visible global function definition for ‘ggobi’
    figure17.7: no visible global function definition for ‘ggobi’
Flavor: r-release-osx-x86_64-mavericks

Version: 2.0-7
Check: PDF version of manual
Result: WARNING
    LaTeX errors when creating PDF version.
    This typically indicates Rd problems.
    LaTeX errors found:
    ! LaTeX Error: File `upquote.sty' not found.
    
    Type X to quit or <RETURN> to proceed,
    or enter new name. (Default extension: sty)
    
    6514c83/Rd2.tex:8: ==> Fatal error occurred, no output PDF file produced!
Flavor: r-release-osx-x86_64-mavericks

Version: 2.0-7
Check: package dependencies
Result: NOTE
    Packages suggested but not available for checking:
     ‘graph’ ‘hyperdraw’ ‘rggobi’ ‘Rgraphviz’ ‘SVGAnnotation’
Flavor: r-release-osx-x86_64-snowleopard

Version: 2.0-7
Check: R code for possible problems
Result: NOTE
    figure1.14: no visible global function definition for ‘subGraph’
    figure1.14: no visible global function definition for ‘agopen’
    figure1.14: no visible global function definition for
     ‘nodeDataDefaults<-’
    figure1.14: no visible global function definition for ‘nodeData<-’
    figure1.14: no visible global function definition for ‘clusterData<-’
    figure1.14: no visible global function definition for ‘edgeData<-’
    figure1.14: no visible global function definition for ‘toFile’
    figure15.1: no visible global function definition for ‘agopen’
    figure15.3: no visible global function definition for ‘agopen’
    figure15.5 : grDraw: no visible global function definition for ‘agopen’
    figure15.5 : grDraw: no visible global function definition for
     ‘getNodeXY’
    figure15.6: no visible global function definition for ‘toFile’
    figure15.6: no visible global function definition for ‘agopen’
    figure15.7: no visible global function definition for
     ‘DirectedHyperedge’
    figure15.7: no visible global function definition for ‘Hypergraph’
    figure15.7: no visible global function definition for ‘graphBPH’
    figure17.16: no visible global function definition for ‘svgPlot’
    figure17.16: no visible global function definition for ‘linkPlots’
    figure17.5: no visible global function definition for ‘ggobi’
    figure17.7: no visible global function definition for ‘ggobi’
Flavor: r-release-osx-x86_64-snowleopard