CRAN Package Check Results for Package RGraphics

Last updated on 2019-05-19 22:51:51 CEST.

Flavor Version Tinstall Tcheck Ttotal Status Flags
r-devel-linux-x86_64-debian-clang 2.0-14 9.58 66.71 76.29 NOTE
r-devel-linux-x86_64-debian-gcc 2.0-14 9.76 52.14 61.90 NOTE
r-devel-linux-x86_64-fedora-clang 2.0-14 88.50 NOTE
r-devel-linux-x86_64-fedora-gcc 2.0-14 88.24 NOTE
r-devel-windows-ix86+x86_64 2.0-14 33.00 118.00 151.00 NOTE
r-patched-linux-x86_64 2.0-14 10.25 66.02 76.27 NOTE
r-patched-solaris-x86 2.0-14 128.20 NOTE
r-release-linux-x86_64 2.0-14 9.38 65.62 75.00 NOTE
r-release-windows-ix86+x86_64 2.0-14 25.00 119.00 144.00 NOTE
r-release-osx-x86_64 2.0-14 FAIL
r-oldrel-windows-ix86+x86_64 2.0-14 21.00 137.00 158.00 NOTE
r-oldrel-osx-x86_64 2.0-14 NOTE

Check Details

Version: 2.0-14
Check: package dependencies
Result: NOTE
    Packages suggested but not available for checking:
     'playwith', 'pmg', 'SVGAnnotation'
Flavors: r-devel-linux-x86_64-debian-clang, r-devel-linux-x86_64-debian-gcc, r-patched-linux-x86_64, r-release-linux-x86_64

Version: 2.0-14
Check: package dependencies
Result: NOTE
    Packages suggested but not available for checking: 'playwith', 'pmg'
Flavors: r-devel-linux-x86_64-fedora-clang, r-devel-linux-x86_64-fedora-gcc

Version: 2.0-14
Check: installed package size
Result: NOTE
     installed size is 9.9Mb
     sub-directories of 1Mb or more:
     extra 9.4Mb
Flavors: r-devel-linux-x86_64-fedora-clang, r-devel-windows-ix86+x86_64, r-patched-solaris-x86, r-release-windows-ix86+x86_64, r-release-osx-x86_64, r-oldrel-windows-ix86+x86_64, r-oldrel-osx-x86_64

Version: 2.0-14
Check: package dependencies
Result: NOTE
    Packages suggested but not available for checking: 'pmg', 'SVGAnnotation'
Flavors: r-devel-windows-ix86+x86_64, r-release-windows-ix86+x86_64

Version: 2.0-14
Check: package dependencies
Result: NOTE
    Packages suggested but not available for checking:
     'playwith', 'pmg', 'rggobi', 'SVGAnnotation'
Flavor: r-patched-solaris-x86

Version: 2.0-14
Check: package dependencies
Result: NOTE
    Packages suggested but not available for checking:
     'graph', 'gWidgetsRGtk2', 'hyperdraw', 'hypergraph', 'playwith',
     'pmg', 'rggobi', 'Rgraphviz', 'SVGAnnotation'
Flavor: r-release-osx-x86_64

Version: 2.0-14
Check: dependencies in R code
Result: FAIL
    
Flavor: r-release-osx-x86_64

Version: 2.0-14
Check: package dependencies
Result: NOTE
    Packages suggested but not available for checking: 'pmg' 'SVGAnnotation'
Flavor: r-oldrel-windows-ix86+x86_64

Version: 2.0-14
Check: package dependencies
Result: NOTE
    Packages suggested but not available for checking:
     ‘gWidgetsRGtk2’ ‘hyperdraw’ ‘hypergraph’ ‘playwith’ ‘pmg’ ‘rggobi’
     ‘SVGAnnotation’
Flavor: r-oldrel-osx-x86_64