CRAN Package Check Results for Package RGreenplum

Last updated on 2022-08-10 05:54:59 CEST.

Flavor Version Tinstall Tcheck Ttotal Status Flags
r-devel-linux-x86_64-debian-clang 0.1.2 7.87 45.33 53.20 NOTE
r-devel-linux-x86_64-debian-gcc 0.1.2 5.81 35.26 41.07 NOTE
r-devel-linux-x86_64-fedora-clang 0.1.2 72.93 NOTE
r-devel-linux-x86_64-fedora-gcc 0.1.2 76.88 NOTE
r-devel-windows-x86_64 0.1.2 17.00 69.00 86.00 NOTE
r-patched-linux-x86_64 0.1.2 6.73 44.72 51.45 NOTE
r-release-linux-x86_64 0.1.2 NOTE
r-release-macos-arm64 0.1.2 21.00 NOTE
r-release-macos-x86_64 0.1.2 33.00 NOTE
r-release-windows-x86_64 0.1.2 20.00 69.00 89.00 NOTE
r-oldrel-macos-arm64 0.1.2 27.00 NOTE
r-oldrel-macos-x86_64 0.1.2 39.00 NOTE
r-oldrel-windows-ix86+x86_64 0.1.2 16.00 63.00 79.00 NOTE

Check Details

Version: 0.1.2
Check: LazyData
Result: NOTE
     'LazyData' is specified without a 'data' directory
Flavors: r-devel-linux-x86_64-debian-clang, r-devel-linux-x86_64-debian-gcc, r-devel-linux-x86_64-fedora-clang, r-devel-linux-x86_64-fedora-gcc, r-devel-windows-x86_64, r-patched-linux-x86_64, r-release-linux-x86_64, r-release-macos-arm64, r-release-macos-x86_64, r-release-windows-x86_64, r-oldrel-macos-arm64, r-oldrel-macos-x86_64, r-oldrel-windows-ix86+x86_64