CRAN Package Check Results for Package RGtk2

Last updated on 2017-07-27 14:47:26.

Flavor Version Tinstall Tcheck Ttotal Status Flags
r-devel-linux-x86_64-debian-clang 2.20.33 95.87 262.71 358.59 NOTE
r-devel-linux-x86_64-debian-gcc 2.20.33 107.45 268.46 375.91 NOTE
r-devel-linux-x86_64-fedora-clang 2.20.33 629.94 NOTE
r-devel-linux-x86_64-fedora-gcc 2.20.33 657.03 NOTE
r-devel-windows-ix86+x86_64 2.20.33 658.00 576.00 1234.00 NOTE
r-patched-linux-x86_64 2.20.33 110.09 272.63 382.72 NOTE
r-patched-solaris-x86 2.20.33 761.10 NOTE
r-release-linux-x86_64 2.20.33 109.25 280.14 389.39 NOTE
r-release-windows-ix86+x86_64 2.20.33 310.00 419.00 729.00 NOTE
r-release-osx-x86_64 2.20.33 ERROR
r-oldrel-windows-ix86+x86_64 2.20.31 391.00 443.00 834.00 WARN
r-oldrel-osx-x86_64 2.20.33 ERROR

Additional issues

rchk

Check Details

Version: 2.20.33
Check: S3 generic/method consistency
Result: NOTE
    Found the following apparent S3 methods exported but not registered:
     $.RGtkObject [.enums
    See section ‘Registering S3 methods’ in the ‘Writing R Extensions’
    manual.
Flavors: r-devel-linux-x86_64-debian-clang, r-devel-linux-x86_64-debian-gcc, r-devel-linux-x86_64-fedora-clang, r-devel-linux-x86_64-fedora-gcc, r-patched-linux-x86_64, r-patched-solaris-x86, r-release-linux-x86_64

Version: 2.20.33
Check: compiled code
Result: NOTE
    File ‘RGtk2/libs/RGtk2.so’:
     Found non-API calls to R: ‘R_CStackLimit’, ‘R_new_custom_connection’,
     ‘Rf_EncodeInteger’, ‘Rf_EncodeLogical’, ‘Rf_EncodeReal’,
     ‘Rf_formatInteger’, ‘Rf_formatLogical’, ‘Rf_formatReal’
    File ‘RGtk2/libs/RGtk2.so’:
     Found no calls to: ‘R_registerRoutines’, ‘R_useDynamicSymbols’
    
    Compiled code should not call non-API entry points in R.
    It is good practice to register native routines and to disable symbol
    search.
    
    See ‘Writing portable packages’ in the ‘Writing R Extensions’ manual.
Flavors: r-devel-linux-x86_64-debian-clang, r-devel-linux-x86_64-debian-gcc, r-devel-linux-x86_64-fedora-clang, r-devel-linux-x86_64-fedora-gcc, r-patched-linux-x86_64, r-release-linux-x86_64

Version: 2.20.33
Check: installed package size
Result: NOTE
     installed size is 22.3Mb
     sub-directories of 1Mb or more:
     R 1.8Mb
     help 10.5Mb
     libs 8.2Mb
Flavors: r-devel-linux-x86_64-fedora-clang, r-devel-linux-x86_64-fedora-gcc, r-devel-windows-ix86+x86_64, r-patched-solaris-x86, r-release-windows-ix86+x86_64

Version: 2.20.33
Check: compiled code
Result: NOTE
    File 'RGtk2/libs/i386/RGtk2.dll':
     Found non-API calls to R: 'R_new_custom_connection',
     'Rf_EncodeInteger', 'Rf_EncodeLogical', 'Rf_EncodeReal',
     'Rf_formatInteger', 'Rf_formatLogical', 'Rf_formatReal'
    File 'RGtk2/libs/x64/RGtk2.dll':
     Found non-API calls to R: 'R_new_custom_connection',
     'Rf_EncodeInteger', 'Rf_EncodeLogical', 'Rf_EncodeReal',
     'Rf_formatInteger', 'Rf_formatLogical', 'Rf_formatReal'
    
    Compiled code should not call non-API entry points in R.
    
    See 'Writing portable packages' in the 'Writing R Extensions' manual.
Flavor: r-devel-windows-ix86+x86_64

Version: 2.20.33
Check: compiled code
Result: NOTE
    File ‘RGtk2/libs/RGtk2.so’:
     Found non-API calls to R: ‘R_CStackLimit’, ‘R_new_custom_connection’,
     ‘Rf_EncodeInteger’, ‘Rf_EncodeLogical’, ‘Rf_EncodeReal’,
     ‘Rf_formatInteger’, ‘Rf_formatLogical’, ‘Rf_formatReal’
    
    Compiled code should not call non-API entry points in R.
    
    See ‘Writing portable packages’ in the ‘Writing R Extensions’ manual.
Flavor: r-patched-solaris-x86

Version: 2.20.33
Check: compiled code
Result: NOTE
    File 'RGtk2/libs/i386/RGtk2.dll':
     Found non-API calls to R: 'Rf_EncodeInteger', 'Rf_EncodeLogical',
     'Rf_EncodeReal', 'Rf_formatInteger', 'Rf_formatLogical',
     'Rf_formatReal'
    File 'RGtk2/libs/x64/RGtk2.dll':
     Found non-API calls to R: 'Rf_EncodeInteger', 'Rf_EncodeLogical',
     'Rf_EncodeReal', 'Rf_formatInteger', 'Rf_formatLogical',
     'Rf_formatReal'
    
    Compiled code should not call non-API entry points in R.
    
    See 'Writing portable packages' in the 'Writing R Extensions' manual.
Flavor: r-release-windows-ix86+x86_64

Version: 2.20.33
Check: whether package can be installed
Result: ERROR
    Installation failed.
Flavors: r-release-osx-x86_64, r-oldrel-osx-x86_64

Version: 2.20.31
Check: whether package can be installed
Result: WARN
    Found the following significant warnings:
     gdkFuncs.c:1466:31: warning: passing argument 1 of 'gdk_drag_get_protocol' makes pointer from integer without a cast
     gdkFuncs.c:1510:52: warning: passing argument 2 of 'gdk_drag_get_protocol_for_display' makes pointer from integer without a cast
Flavor: r-oldrel-windows-ix86+x86_64

Version: 2.20.31
Check: installed package size
Result: NOTE
     installed size is 18.6Mb
     sub-directories of 1Mb or more:
     R 1.8Mb
     help 10.6Mb
     libs 4.7Mb
Flavor: r-oldrel-windows-ix86+x86_64

Version: 2.20.31
Check: R code for possible problems
Result: NOTE
    .install_system_dependencies : <anonymous>: no visible global function
     definition for 'unzip'
    .install_system_dependencies : install_system_dep: no visible global
     function definition for 'menu'
    .install_system_dependencies : install_system_dep: no visible global
     function definition for 'download.file'
    as.GParamSpec: no visible global function definition for 'new'
    Undefined global functions or variables:
     download.file menu new unzip
    Consider adding
     importFrom("methods", "new")
     importFrom("utils", "download.file", "menu", "unzip")
    to your NAMESPACE file (and ensure that your DESCRIPTION Imports field
    contains 'methods').
Flavor: r-oldrel-windows-ix86+x86_64

Version: 2.20.31
Check: compilation flags in Makevars
Result: WARN
    Non-portable flags in variable 'PKG_CPPFLAGS':
     -g
Flavor: r-oldrel-windows-ix86+x86_64