CRAN Package Check Results for Package RGtk2

Last updated on 2015-04-28 19:49:16.

Flavor Version Tinstall Tcheck Ttotal Status Flags
r-devel-linux-x86_64-debian-clang 2.20.31 90.83 275.06 365.89 NOTE
r-devel-linux-x86_64-debian-gcc 2.20.31 113.43 274.83 388.26 NOTE
r-devel-linux-x86_64-fedora-clang 2.20.31 718.91 NOTE
r-devel-linux-x86_64-fedora-gcc 2.20.31 695.15 NOTE
r-devel-osx-x86_64-clang 2.20.31 589.63 NOTE
r-devel-windows-ix86+x86_64 2.20.31 471.00 494.00 965.00 WARN
r-patched-linux-x86_64 2.20.31 111.00 270.78 381.79 NOTE
r-patched-solaris-sparc 2.20.31 4197.60 NOTE
r-patched-solaris-x86 2.20.31 884.70 NOTE
r-release-linux-x86_64 2.20.31 111.44 270.05 381.48 NOTE
r-release-osx-x86_64-mavericks 2.20.31 ERROR
r-release-osx-x86_64-snowleopard 2.20.31 WARN
r-release-windows-ix86+x86_64 2.20.31 338.00 546.00 884.00 WARN
r-oldrel-windows-ix86+x86_64 2.20.31 558.00 465.00 1023.00 WARN

Memtest notes: valgrind

Check Details

Version: 2.20.31
Check: installed package size
Result: NOTE
     installed size is 22.2Mb
     sub-directories of 1Mb or more:
     R 1.8Mb
     help 10.5Mb
     libs 8.1Mb
Flavors: r-devel-linux-x86_64-debian-clang, r-devel-linux-x86_64-debian-gcc, r-devel-linux-x86_64-fedora-clang, r-devel-linux-x86_64-fedora-gcc, r-devel-osx-x86_64-clang, r-devel-windows-ix86+x86_64, r-patched-linux-x86_64, r-patched-solaris-sparc, r-patched-solaris-x86, r-release-linux-x86_64, r-release-osx-x86_64-snowleopard, r-release-windows-ix86+x86_64, r-oldrel-windows-ix86+x86_64

Version: 2.20.31
Check: S3 generic/method consistency
Result: NOTE
    Found the following apparent S3 methods exported but not registered:
     !.flag &.flag names.GtkObject print.GType |.flag
    See section ‘Registering S3 methods’ in the ‘Writing R Extensions’
    manual.
Flavors: r-devel-linux-x86_64-debian-clang, r-devel-linux-x86_64-debian-gcc, r-devel-linux-x86_64-fedora-clang, r-devel-linux-x86_64-fedora-gcc, r-devel-osx-x86_64-clang, r-patched-linux-x86_64, r-patched-solaris-x86, r-release-linux-x86_64

Version: 2.20.31
Check: compiled code
Result: NOTE
    File ‘RGtk2/libs/RGtk2.so’:
     Found non-API calls to R: ‘R_CStackLimit’, ‘Rf_EncodeInteger’,
     ‘Rf_EncodeLogical’, ‘Rf_EncodeReal’, ‘Rf_formatInteger’,
     ‘Rf_formatLogical’, ‘Rf_formatReal’
    
    Compiled code should not call non-API entry points in R.
    
    See ‘Writing portable packages’ in the ‘Writing R Extensions’ manual.
Flavors: r-devel-linux-x86_64-debian-clang, r-devel-linux-x86_64-debian-gcc, r-devel-linux-x86_64-fedora-clang, r-devel-linux-x86_64-fedora-gcc, r-devel-osx-x86_64-clang, r-patched-linux-x86_64, r-patched-solaris-sparc, r-patched-solaris-x86, r-release-linux-x86_64, r-release-osx-x86_64-snowleopard

Version: 2.20.31
Check: whether package can be installed
Result: WARN
    Found the following significant warnings:
     gdkFuncs.c:1466:3: warning: passing argument 1 of 'gdk_drag_get_protocol' makes pointer from integer without a cast [enabled by default]
     gdkFuncs.c:1510:3: warning: passing argument 2 of 'gdk_drag_get_protocol_for_display' makes pointer from integer without a cast [enabled by default]
Flavors: r-devel-windows-ix86+x86_64, r-release-windows-ix86+x86_64, r-oldrel-windows-ix86+x86_64

Version: 2.20.31
Check: compiled code
Result: NOTE
    File 'RGtk2/libs/i386/RGtk2.dll':
     Found non-API calls to R: 'Rf_EncodeInteger', 'Rf_EncodeLogical',
     'Rf_EncodeReal', 'Rf_formatInteger', 'Rf_formatLogical',
     'Rf_formatReal'
    File 'RGtk2/libs/x64/RGtk2.dll':
     Found non-API calls to R: 'Rf_EncodeInteger', 'Rf_EncodeLogical',
     'Rf_EncodeReal', 'Rf_formatInteger', 'Rf_formatLogical',
     'Rf_formatReal'
    
    Compiled code should not call non-API entry points in R.
    
    See 'Writing portable packages' in the 'Writing R Extensions' manual.
Flavors: r-devel-windows-ix86+x86_64, r-release-windows-ix86+x86_64, r-oldrel-windows-ix86+x86_64

Version: 2.20.31
Check: whether package can be installed
Result: ERROR
    Installation failed.
Flavor: r-release-osx-x86_64-mavericks

Version: 2.20.31
Check: whether package can be installed
Result: WARN
    Found the following significant warnings:
     cairoFuncs.c:3370: warning: passing argument 1 of ‘g_free’ discards qualifiers from pointer target type
Flavor: r-release-osx-x86_64-snowleopard