CRAN Package Check Results for Package RGtk2

Last updated on 2016-09-30 15:47:29.

Flavor Version Tinstall Tcheck Ttotal Status Flags
r-devel-linux-x86_64-debian-clang 2.20.31 90.82 269.33 360.15 WARN
r-devel-linux-x86_64-debian-gcc 2.20.31 105.33 262.01 367.34 WARN
r-devel-linux-x86_64-fedora-clang 2.20.31 672.89 WARN
r-devel-linux-x86_64-fedora-gcc 2.20.31 613.36 WARN
r-devel-macos-x86_64-clang 2.20.31 508.61 WARN
r-devel-windows-ix86+x86_64 2.20.31 634.00 401.00 1035.00 WARN
r-patched-linux-x86_64 2.20.31 99.11 260.60 359.71 WARN
r-patched-solaris-sparc 2.20.31 3540.70 WARN
r-patched-solaris-x86 2.20.31 751.70 WARN
r-release-linux-x86_64 2.20.31 98.38 259.10 357.47 NOTE
r-release-osx-x86_64-mavericks 2.20.31 WARN
r-release-windows-ix86+x86_64 2.20.31 421.00 410.00 831.00 WARN
r-oldrel-windows-ix86+x86_64 2.20.31 456.00 501.00 957.00 WARN

Memtest notes: valgrind

Check Details

Version: 2.20.31
Check: installed package size
Result: NOTE
     installed size is 22.1Mb
     sub-directories of 1Mb or more:
     R 1.8Mb
     help 10.5Mb
     libs 8.0Mb
Flavors: r-devel-linux-x86_64-debian-clang, r-devel-linux-x86_64-debian-gcc, r-devel-linux-x86_64-fedora-clang, r-devel-linux-x86_64-fedora-gcc, r-devel-macos-x86_64-clang, r-devel-windows-ix86+x86_64, r-patched-linux-x86_64, r-patched-solaris-sparc, r-patched-solaris-x86, r-release-linux-x86_64, r-release-osx-x86_64-mavericks, r-release-windows-ix86+x86_64, r-oldrel-windows-ix86+x86_64

Version: 2.20.31
Check: S3 generic/method consistency
Result: NOTE
    Found the following apparent S3 methods exported but not registered:
     !.flag &.flag names.GtkObject print.GType |.flag
    See section ‘Registering S3 methods’ in the ‘Writing R Extensions’
    manual.
Flavors: r-devel-linux-x86_64-debian-clang, r-devel-linux-x86_64-debian-gcc, r-devel-linux-x86_64-fedora-clang, r-devel-linux-x86_64-fedora-gcc, r-devel-macos-x86_64-clang, r-patched-linux-x86_64, r-patched-solaris-sparc, r-patched-solaris-x86, r-release-linux-x86_64

Version: 2.20.31
Check: R code for possible problems
Result: NOTE
    .install_system_dependencies : <anonymous>: no visible global function
     definition for ‘unzip’
    .install_system_dependencies : install_system_dep: no visible global
     function definition for ‘menu’
    .install_system_dependencies : install_system_dep: no visible global
     function definition for ‘download.file’
    as.GParamSpec: no visible global function definition for ‘new’
    Undefined global functions or variables:
     download.file menu new unzip
    Consider adding
     importFrom("methods", "new")
     importFrom("utils", "download.file", "menu", "unzip")
    to your NAMESPACE file (and ensure that your DESCRIPTION Imports field
    contains 'methods').
Flavors: r-devel-linux-x86_64-debian-clang, r-devel-linux-x86_64-debian-gcc, r-devel-linux-x86_64-fedora-clang, r-devel-linux-x86_64-fedora-gcc, r-devel-macos-x86_64-clang, r-devel-windows-ix86+x86_64, r-patched-linux-x86_64, r-patched-solaris-sparc, r-patched-solaris-x86, r-release-linux-x86_64, r-release-windows-ix86+x86_64

Version: 2.20.31
Check: compilation flags in Makevars
Result: WARN
    Non-portable flags in variable 'PKG_CPPFLAGS':
     -g
Flavors: r-devel-linux-x86_64-debian-clang, r-devel-linux-x86_64-debian-gcc, r-devel-linux-x86_64-fedora-clang, r-devel-linux-x86_64-fedora-gcc, r-devel-macos-x86_64-clang, r-devel-windows-ix86+x86_64, r-patched-linux-x86_64, r-patched-solaris-sparc, r-patched-solaris-x86

Version: 2.20.31
Check: compiled code
Result: NOTE
    File ‘RGtk2/libs/RGtk2.so’:
     Found non-API calls to R: ‘R_CStackLimit’, ‘Rf_EncodeInteger’,
     ‘Rf_EncodeLogical’, ‘Rf_EncodeReal’, ‘Rf_formatInteger’,
     ‘Rf_formatLogical’, ‘Rf_formatReal’
    
    Compiled code should not call non-API entry points in R.
    
    See ‘Writing portable packages’ in the ‘Writing R Extensions’ manual.
Flavors: r-devel-linux-x86_64-debian-clang, r-devel-linux-x86_64-debian-gcc, r-devel-linux-x86_64-fedora-clang, r-devel-linux-x86_64-fedora-gcc, r-devel-macos-x86_64-clang, r-patched-linux-x86_64, r-patched-solaris-sparc, r-patched-solaris-x86, r-release-linux-x86_64, r-release-osx-x86_64-mavericks

Version: 2.20.31
Check: whether package can be installed
Result: WARN
    Found the following significant warnings:
     gdkFuncs.c:1466:31: warning: passing argument 1 of 'gdk_drag_get_protocol' makes pointer from integer without a cast
     gdkFuncs.c:1510:52: warning: passing argument 2 of 'gdk_drag_get_protocol_for_display' makes pointer from integer without a cast
Flavors: r-devel-windows-ix86+x86_64, r-release-windows-ix86+x86_64

Version: 2.20.31
Check: dependencies in R code
Result: NOTE
    Invalid MIT-MAGIC-COOKIE-1 key
Flavor: r-release-osx-x86_64-mavericks

Version: 2.20.31
Check: S3 generic/method consistency
Result: WARN
    Invalid MIT-MAGIC-COOKIE-1 key
    See section ‘Generic functions and methods’ in the ‘Writing R
    Extensions’ manual.
Flavor: r-release-osx-x86_64-mavericks

Version: 2.20.31
Check: replacement functions
Result: WARN
    Invalid MIT-MAGIC-COOKIE-1 key
    The argument of a replacement function which corresponds to the right
    hand side must be named ‘value’.
Flavor: r-release-osx-x86_64-mavericks

Version: 2.20.31
Check: foreign function calls
Result: NOTE
    Invalid MIT-MAGIC-COOKIE-1 key
    See chapter ‘System and foreign language interfaces’ in the ‘Writing R
    Extensions’ manual.
Flavor: r-release-osx-x86_64-mavericks

Version: 2.20.31
Check: R code for possible problems
Result: NOTE
    Invalid MIT-MAGIC-COOKIE-1 key.install_system_dependencies : <anonymous>: no visible global function
     definition for ‘unzip’
    .install_system_dependencies : install_system_dep: no visible global
     function definition for ‘menu’
    .install_system_dependencies : install_system_dep: no visible global
     function definition for ‘download.file’
    as.GParamSpec: no visible global function definition for ‘new’
    Undefined global functions or variables:
     download.file menu new unzip
    Consider adding
     importFrom("methods", "new")
     importFrom("utils", "download.file", "menu", "unzip")
    to your NAMESPACE file (and ensure that your DESCRIPTION Imports field
    contains 'methods').
Flavor: r-release-osx-x86_64-mavericks

Version: 2.20.31
Check: for missing documentation entries
Result: WARN
    Invalid MIT-MAGIC-COOKIE-1 key
    All user-level objects in a package should have documentation entries.
    See chapter ‘Writing R documentation files’ in the ‘Writing R
    Extensions’ manual.
Flavor: r-release-osx-x86_64-mavericks

Version: 2.20.31
Check: for code/documentation mismatches
Result: WARN
    Invalid MIT-MAGIC-COOKIE-1 key
    Invalid MIT-MAGIC-COOKIE-1 key
    Invalid MIT-MAGIC-COOKIE-1 key
Flavor: r-release-osx-x86_64-mavericks

Version: 2.20.31
Check: Rd \usage sections
Result: NOTE
    Invalid MIT-MAGIC-COOKIE-1 key
    The \usage entries for S3 methods should use the \method markup and not
    their full name.
    See chapter ‘Writing R documentation files’ in the ‘Writing R
    Extensions’ manual.
Flavor: r-release-osx-x86_64-mavericks

Version: 2.20.31
Check: whether package can be installed
Result: WARN
    Found the following significant warnings:
     gdkFuncs.c:1466:3: warning: passing argument 1 of 'gdk_drag_get_protocol' makes pointer from integer without a cast [enabled by default]
     gdkFuncs.c:1510:3: warning: passing argument 2 of 'gdk_drag_get_protocol_for_display' makes pointer from integer without a cast [enabled by default]
Flavor: r-oldrel-windows-ix86+x86_64

Version: 2.20.31
Check: compiled code
Result: NOTE
    File 'RGtk2/libs/i386/RGtk2.dll':
     Found non-API calls to R: 'Rf_EncodeInteger', 'Rf_EncodeLogical',
     'Rf_EncodeReal', 'Rf_formatInteger', 'Rf_formatLogical',
     'Rf_formatReal'
    File 'RGtk2/libs/x64/RGtk2.dll':
     Found non-API calls to R: 'Rf_EncodeInteger', 'Rf_EncodeLogical',
     'Rf_EncodeReal', 'Rf_formatInteger', 'Rf_formatLogical',
     'Rf_formatReal'
    
    Compiled code should not call non-API entry points in R.
    
    See 'Writing portable packages' in the 'Writing R Extensions' manual.
Flavor: r-oldrel-windows-ix86+x86_64